{"id":10821,"date":"2016-11-09T19:53:54","date_gmt":"2016-11-09T18:53:54","guid":{"rendered":"https:\/\/pequod.nesodd1.no\/?page_id=10821"},"modified":"2016-11-09T20:01:54","modified_gmt":"2016-11-09T19:01:54","slug":"sverigeferie-med-dotrene-2-12-8","status":"publish","type":"page","link":"https:\/\/pequod.nesodd1.no\/?page_id=10821","title":{"rendered":"Sverigeferie med d\u00f8trene 2-12.8"},"content":{"rendered":"<p>Endelig fikk de to jentene mine p\u00e5 16 og 20 komme til Sverige p\u00e5 b\u00e5tferie! Dessverre var vi litt uheldige med v\u00e6ret, men vi fikk det n\u00e5 fint likevel. Det ble\u00a0landhugg i Moss, Skj\u00e6rhalden, Han\u00f8, Str\u00f6mstad, Vettnet p\u00e5 Nord-Koster, Havstenssund, Kalv\u00f6, Res\u00f6 og Halden. Jeg slapp jentene av i Halden og fortsatte deretter alene hjem via Sand Marina og Oscarsborg.<\/p>\n\n            <!-- Blueimp gallery -->\n            <div id=\"blueimp-gallery-10820\" class=\"blueimp-gallery blueimp-gallery-controls\">\n                <div class=\"slides\"><\/div>\n                <h3 class=\"title\"><\/h3>\n                <a class=\"prev\">\u2039<\/a>\n                <a class=\"next\">\u203a<\/a>\n                <a class=\"close\">\u00d7<\/a>\n                <a class=\"play-pause\"><\/a>\n                <ol class=\"indicator\"><\/ol>\n                <div class=\"modal fade\">\n                    <div class=\"modal-dialog\">\n                        <div class=\"modal-content\">\n                            <div class=\"modal-header\">\n                                <button type=\"button\" class=\"close\" aria-hidden=\"true\">\u00d7<\/button>\n                                <h4 class=\"modal-title\"><\/h4>\n                            <\/div>\n                            <div class=\"modal-body next\"><\/div>\n                            <div class=\"modal-footer\">\n                                <button type=\"button\" class=\"btn btn-default pull-left prev\">\n                                    <i class=\"glyphicon glyphicon-chevron-left\"><\/i>\n                                    Previous                                <\/button>\n                                <button type=\"button\" class=\"btn btn-primary next\">\n                                    Next                                    <i class=\"glyphicon glyphicon-chevron-right\"><\/i>\n                                <\/button>\n                            <\/div>\n                        <\/div>\n                    <\/div>\n                <\/div>\n            <\/div>\n\n            <script data-jetpack-boost=\"ignore\" type=\"text\/javascript\">\n            jQuery(function() {\n                jQuery.extend(blueimp.Gallery.prototype.options, {\n                    useBootstrapModal: false,\n                    hidePageScrollbars: false,\n                    container: \"#blueimp-gallery-10820\",\n                });\n            });\n            <\/script>\n\n            \n<h3>Related Images:<\/h3>","protected":false},"excerpt":{"rendered":"<p>Endelig fikk de to jentene mine p\u00e5 16 og 20 komme til Sverige p\u00e5 b\u00e5tferie! Dessverre var vi litt uheldige med v\u00e6ret, men vi fikk det n\u00e5 fint likevel. Det ble\u00a0landhugg i Moss, Skj\u00e6rhalden, Han\u00f8, Str\u00f6mstad, Vettnet p\u00e5 Nord-Koster, Havstenssund, Kalv\u00f6, Res\u00f6 og Halden. Jeg slapp jentene av i Halden og fortsatte deretter alene hjem &hellip;<br \/><a href=\"https:\/\/pequod.nesodd1.no\/?p=10820\" class=\"more-link pen_element_default pen_icon_arrow_double\">Les<\/a><\/p>\n","protected":false},"author":1,"featured_media":0,"parent":10812,"menu_order":0,"comment_status":"closed","ping_status":"closed","template":"","meta":{"_crdt_document":"","ngg_post_thumbnail":0,"jetpack_post_was_ever_published":false,"footnotes":""},"class_list":["post-10821","page","type-page","status-publish","hentry"],"jetpack_shortlink":"https:\/\/wp.me\/P3Zd9b-2Ox","jetpack_sharing_enabled":true,"jetpack_likes_enabled":true,"jetpack-related-posts":[],"_links":{"self":[{"href":"https:\/\/pequod.nesodd1.no\/index.php?rest_route=\/wp\/v2\/pages\/10821","targetHints":{"allow":["GET"]}}],"collection":[{"href":"https:\/\/pequod.nesodd1.no\/index.php?rest_route=\/wp\/v2\/pages"}],"about":[{"href":"https:\/\/pequod.nesodd1.no\/index.php?rest_route=\/wp\/v2\/types\/page"}],"author":[{"embeddable":true,"href":"https:\/\/pequod.nesodd1.no\/index.php?rest_route=\/wp\/v2\/users\/1"}],"replies":[{"embeddable":true,"href":"https:\/\/pequod.nesodd1.no\/index.php?rest_route=%2Fwp%2Fv2%2Fcomments&post=10821"}],"version-history":[{"count":3,"href":"https:\/\/pequod.nesodd1.no\/index.php?rest_route=\/wp\/v2\/pages\/10821\/revisions"}],"predecessor-version":[{"id":10833,"href":"https:\/\/pequod.nesodd1.no\/index.php?rest_route=\/wp\/v2\/pages\/10821\/revisions\/10833"}],"up":[{"embeddable":true,"href":"https:\/\/pequod.nesodd1.no\/index.php?rest_route=\/wp\/v2\/pages\/10812"}],"wp:attachment":[{"href":"https:\/\/pequod.nesodd1.no\/index.php?rest_route=%2Fwp%2Fv2%2Fmedia&parent=10821"}],"curies":[{"name":"wp","href":"https:\/\/api.w.org\/{rel}","templated":true}]}}