{"id":12042,"date":"2017-04-03T12:28:53","date_gmt":"2017-04-03T10:28:53","guid":{"rendered":"https:\/\/pequod.nesodd1.no\/?page_id=12042"},"modified":"2023-09-27T20:38:02","modified_gmt":"2023-09-27T18:38:02","slug":"ullern-batforening","status":"publish","type":"page","link":"https:\/\/pequod.nesodd1.no\/?page_id=12042","title":{"rendered":"Ullern B\u00e5tforening"},"content":{"rendered":"<p><a href=\"https:\/\/pequod.nesodd1.no\/?attachment_id=12045\" rel=\"attachment wp-att-12045\"><img data-recalc-dims=\"1\" loading=\"lazy\" decoding=\"async\" data-attachment-id=\"12045\" data-permalink=\"https:\/\/pequod.nesodd1.no\/?attachment_id=12045\" data-orig-file=\"https:\/\/i0.wp.com\/pequod.nesodd1.no\/wp-content\/uploads\/2017\/04\/IMG_2514.jpg?fit=640%2C480&amp;ssl=1\" data-orig-size=\"640,480\" data-comments-opened=\"1\" data-image-meta=\"{&quot;aperture&quot;:&quot;2.2&quot;,&quot;credit&quot;:&quot;&quot;,&quot;camera&quot;:&quot;iPhone 6&quot;,&quot;caption&quot;:&quot;&quot;,&quot;created_timestamp&quot;:&quot;1491149935&quot;,&quot;copyright&quot;:&quot;&quot;,&quot;focal_length&quot;:&quot;4.15&quot;,&quot;iso&quot;:&quot;32&quot;,&quot;shutter_speed&quot;:&quot;0.000378931413414&quot;,&quot;title&quot;:&quot;&quot;,&quot;orientation&quot;:&quot;1&quot;}\" data-image-title=\"IMG_2514\" data-image-description=\"&lt;p&gt;Bestumkilen, Ullern b\u00e5tforening&lt;\/p&gt;\n\" data-image-caption=\"\" data-large-file=\"https:\/\/i0.wp.com\/pequod.nesodd1.no\/wp-content\/uploads\/2017\/04\/IMG_2514.jpg?fit=640%2C480&amp;ssl=1\" class=\"alignleft wp-image-12045 size-medium\" src=\"https:\/\/i0.wp.com\/pequod.nesodd1.no\/wp-content\/uploads\/2017\/04\/IMG_2514.jpg?resize=300%2C225&#038;ssl=1\" alt=\"\" width=\"300\" height=\"225\" srcset=\"https:\/\/i0.wp.com\/pequod.nesodd1.no\/wp-content\/uploads\/2017\/04\/IMG_2514.jpg?resize=300%2C225&amp;ssl=1 300w, https:\/\/i0.wp.com\/pequod.nesodd1.no\/wp-content\/uploads\/2017\/04\/IMG_2514.jpg?resize=100%2C75&amp;ssl=1 100w, https:\/\/i0.wp.com\/pequod.nesodd1.no\/wp-content\/uploads\/2017\/04\/IMG_2514.jpg?w=640&amp;ssl=1 640w\" sizes=\"auto, (max-width: 300px) 100vw, 300px\" \/><\/a><\/p>\n<p><strong>Hvor:<\/strong>&nbsp;Bestumkilen, Oslo<br \/>\n<strong>Posisjon:<\/strong> 59\u00b055&#8217;3.1&#8243;N 10\u00b039&#8217;55.6&#8243;E<br \/>\n<strong>Type drivstoff:<\/strong> Kun diesel<br \/>\n<strong>Drivstoffkvalitet:<\/strong> EN590<br \/>\n<strong>Leverand\u00f8r:<\/strong> Energi 1 Olje<br \/>\n<strong>Pumpe:<\/strong> Kortautomat, bankkort\/Visa\/Mastercard. Visstnok kun \u00e5pen mellom&nbsp;05:00 &#8211; 24:00?<br \/>\n<strong>Pris<\/strong> <strong>(dato sist jeg fylte) : <span style=\"color: #ff0000;\">18,33<\/span><\/strong> (27.09.2023)<br \/>\n<strong>Kommentar:<\/strong> &nbsp;Utilgjengelig fra sj\u00f8veien p\u00e5 vinterstid ettersom isen fryser lett i dette omr\u00e5det. Brygga var litt h\u00f8y, men ikke verre enn jeg klarte \u00e5 krabbe opp ved hjelp av krykke. Den er litt lavere p\u00e5 \u00f8stlig side enn vestlig, og jeg ville nok hatt problemer med \u00e5 komme meg opp p\u00e5 den andre siden.<\/p>\n<p>Leverand\u00f8r er Energi 1, s\u00e5 da skal den ligge p\u00e5 samme niv\u00e5 prismessig som Oksen\u00f8ya og Oppeg\u00e5rd. Har ikke v\u00e6rt her med nyb\u00e5ten enn\u00e5, da skal det vel v\u00e6re enklere \u00e5 komme meg opp p\u00e5 brygga.<\/p>\n<p>Det er egentlig hips som haps om jeg drar hit eller rett over til Oksen\u00f8ya, ikke mange minutters forskjell, men turen til Oksen\u00f8ya g\u00e5r gjennom et mer idyllisk skj\u00e6rg\u00e5rdslandskap enn rett inn Lysakerfjorden&#8230;<\/p>\n<p><a href=\"http:\/\/ullernbaat.no\/\" target=\"_blank\" rel=\"noopener noreferrer\">Nettside.<\/a><\/p>\n<h3>Related Images:<\/h3>","protected":false},"excerpt":{"rendered":"<p>Hvor:&nbsp;Bestumkilen, Oslo Posisjon: 59\u00b055&#8217;3.1&#8243;N 10\u00b039&#8217;55.6&#8243;E Type drivstoff: Kun diesel Drivstoffkvalitet: EN590 Leverand\u00f8r: Energi 1 Olje Pumpe: Kortautomat, bankkort\/Visa\/Mastercard. Visstnok kun \u00e5pen mellom&nbsp;05:00 &#8211; 24:00? Pris (dato sist jeg fylte) : 18,33 (27.09.2023) Kommentar: &nbsp;Utilgjengelig fra sj\u00f8veien p\u00e5 vinterstid ettersom isen fryser lett i dette omr\u00e5det. Brygga var litt h\u00f8y, men ikke verre enn jeg klarte &hellip;<br \/><a href=\"https:\/\/pequod.nesodd1.no\/?page_id=12042\" class=\"more-link pen_element_default pen_icon_arrow_double\">Les<\/a><\/p>\n","protected":false},"author":1,"featured_media":0,"parent":10056,"menu_order":0,"comment_status":"closed","ping_status":"closed","template":"","meta":{"_crdt_document":"","ngg_post_thumbnail":0,"jetpack_post_was_ever_published":false,"footnotes":""},"class_list":["post-12042","page","type-page","status-publish","hentry"],"jetpack_shortlink":"https:\/\/wp.me\/P3Zd9b-38e","jetpack_sharing_enabled":true,"jetpack_likes_enabled":true,"jetpack-related-posts":[],"_links":{"self":[{"href":"https:\/\/pequod.nesodd1.no\/index.php?rest_route=\/wp\/v2\/pages\/12042","targetHints":{"allow":["GET"]}}],"collection":[{"href":"https:\/\/pequod.nesodd1.no\/index.php?rest_route=\/wp\/v2\/pages"}],"about":[{"href":"https:\/\/pequod.nesodd1.no\/index.php?rest_route=\/wp\/v2\/types\/page"}],"author":[{"embeddable":true,"href":"https:\/\/pequod.nesodd1.no\/index.php?rest_route=\/wp\/v2\/users\/1"}],"replies":[{"embeddable":true,"href":"https:\/\/pequod.nesodd1.no\/index.php?rest_route=%2Fwp%2Fv2%2Fcomments&post=12042"}],"version-history":[{"count":6,"href":"https:\/\/pequod.nesodd1.no\/index.php?rest_route=\/wp\/v2\/pages\/12042\/revisions"}],"predecessor-version":[{"id":27749,"href":"https:\/\/pequod.nesodd1.no\/index.php?rest_route=\/wp\/v2\/pages\/12042\/revisions\/27749"}],"up":[{"embeddable":true,"href":"https:\/\/pequod.nesodd1.no\/index.php?rest_route=\/wp\/v2\/pages\/10056"}],"wp:attachment":[{"href":"https:\/\/pequod.nesodd1.no\/index.php?rest_route=%2Fwp%2Fv2%2Fmedia&parent=12042"}],"curies":[{"name":"wp","href":"https:\/\/api.w.org\/{rel}","templated":true}]}}