{"id":12102,"date":"2017-04-07T20:24:31","date_gmt":"2017-04-07T18:24:31","guid":{"rendered":"https:\/\/pequod.nesodd1.no\/?page_id=12102"},"modified":"2020-10-10T19:56:39","modified_gmt":"2020-10-10T17:56:39","slug":"halden-gjestehavn","status":"publish","type":"page","link":"https:\/\/pequod.nesodd1.no\/?page_id=12102","title":{"rendered":"Halden gjestehavn (diesel)"},"content":{"rendered":"<p>&nbsp;<\/p>\n<p>&nbsp;<\/p>\n<p><a href=\"https:\/\/pequod.nesodd1.no\/?attachment_id=9806\" rel=\"attachment wp-att-9806\"><img data-recalc-dims=\"1\" loading=\"lazy\" decoding=\"async\" data-attachment-id=\"9806\" data-permalink=\"https:\/\/pequod.nesodd1.no\/?attachment_id=9806\" data-orig-file=\"https:\/\/i0.wp.com\/pequod.nesodd1.no\/wp-content\/uploads\/2016\/08\/img_1230.jpg?fit=2048%2C1536&amp;ssl=1\" data-orig-size=\"2048,1536\" data-comments-opened=\"1\" data-image-meta=\"{&quot;aperture&quot;:&quot;2.2&quot;,&quot;credit&quot;:&quot;&quot;,&quot;camera&quot;:&quot;iPhone 6&quot;,&quot;caption&quot;:&quot;&quot;,&quot;created_timestamp&quot;:&quot;1470673871&quot;,&quot;copyright&quot;:&quot;&quot;,&quot;focal_length&quot;:&quot;4.15&quot;,&quot;iso&quot;:&quot;32&quot;,&quot;shutter_speed&quot;:&quot;0.00068306010929&quot;,&quot;title&quot;:&quot;&quot;,&quot;orientation&quot;:&quot;1&quot;}\" data-image-title=\"img_1230.jpg\" data-image-description=\"&lt;p&gt;Halden&lt;\/p&gt;\n\" data-image-caption=\"\" data-large-file=\"https:\/\/i0.wp.com\/pequod.nesodd1.no\/wp-content\/uploads\/2016\/08\/img_1230.jpg?fit=940%2C705&amp;ssl=1\" class=\"aligncenter size-large wp-image-9806\" src=\"https:\/\/i0.wp.com\/pequod.nesodd1.no\/wp-content\/uploads\/2016\/08\/img_1230-1024x768.jpg?resize=940%2C705\" alt=\"\" width=\"940\" height=\"705\" srcset=\"https:\/\/i0.wp.com\/pequod.nesodd1.no\/wp-content\/uploads\/2016\/08\/img_1230.jpg?resize=1024%2C768&amp;ssl=1 1024w, https:\/\/i0.wp.com\/pequod.nesodd1.no\/wp-content\/uploads\/2016\/08\/img_1230.jpg?resize=300%2C225&amp;ssl=1 300w, https:\/\/i0.wp.com\/pequod.nesodd1.no\/wp-content\/uploads\/2016\/08\/img_1230.jpg?resize=768%2C576&amp;ssl=1 768w, https:\/\/i0.wp.com\/pequod.nesodd1.no\/wp-content\/uploads\/2016\/08\/img_1230.jpg?w=2048&amp;ssl=1 2048w, https:\/\/i0.wp.com\/pequod.nesodd1.no\/wp-content\/uploads\/2016\/08\/img_1230.jpg?w=1880&amp;ssl=1 1880w\" sizes=\"auto, (max-width: 940px) 100vw, 940px\" \/><\/a><\/p>\n<p><strong>Hvor:<\/strong>&nbsp;Halden,&nbsp;Ringdalsfjorden\/Iddefjorden<br \/>\n<strong>Posisjon: <\/strong>59\u00b07&#8217;5.1&#8243;N 11\u00b023&#8217;5.8&#8243;E<br \/>\n<strong>Type drivstoff:<\/strong> Bensin og diesel<br \/>\n<strong>Drivstoffkvalitet:<\/strong> ?<br \/>\n<strong>Leverand\u00f8r:<\/strong>&nbsp;&#8211;<br \/>\n<strong>Pumpe:<\/strong> 24-timers automat som tar bankkort\/Visa\/Mastercard<br \/>\n<strong>Pris (dato sist jeg fylte) :<\/strong> <span style=\"color: #ff0000;\"><strong>10,90<\/strong><\/span>&nbsp;(24.06.2016)<br \/>\n<strong>Kommentar:<\/strong> Drivstoffkaia ligger litt f\u00f8r selve gjestehavna begynner. I tillegg til pumpene p\u00e5 flytebrygga p\u00e5 bildet er det ogs\u00e5 en pumpe p\u00e5 land, som passer best for st\u00f8rre b\u00e5ter. I tilknytning til gjestehavna ligger det ogs\u00e5 et servicebygg med dusj, vaskerom og toaletter. Og gjestehavna ligger jo omtrent midt i byen.<em><strong>&nbsp;<\/strong><\/em><\/p>\n<h3>Related Images:<\/h3>","protected":false},"excerpt":{"rendered":"<p>&nbsp; &nbsp; Hvor:&nbsp;Halden,&nbsp;Ringdalsfjorden\/Iddefjorden Posisjon: 59\u00b07&#8217;5.1&#8243;N 11\u00b023&#8217;5.8&#8243;E Type drivstoff: Bensin og diesel Drivstoffkvalitet: ? Leverand\u00f8r:&nbsp;&#8211; Pumpe: 24-timers automat som tar bankkort\/Visa\/Mastercard Pris (dato sist jeg fylte) : 10,90&nbsp;(24.06.2016) Kommentar: Drivstoffkaia ligger litt f\u00f8r selve gjestehavna begynner. I tillegg til pumpene p\u00e5 flytebrygga p\u00e5 bildet er det ogs\u00e5 en pumpe p\u00e5 land, som passer best for st\u00f8rre &hellip;<br \/><a href=\"https:\/\/pequod.nesodd1.no\/?page_id=12102\" class=\"more-link pen_element_default pen_icon_arrow_double\">Les<\/a><\/p>\n","protected":false},"author":1,"featured_media":0,"parent":10056,"menu_order":0,"comment_status":"closed","ping_status":"closed","template":"","meta":{"_crdt_document":"","ngg_post_thumbnail":0,"jetpack_post_was_ever_published":false,"footnotes":""},"class_list":["post-12102","page","type-page","status-publish","hentry"],"jetpack_shortlink":"https:\/\/wp.me\/P3Zd9b-39c","jetpack_sharing_enabled":true,"jetpack_likes_enabled":true,"jetpack-related-posts":[],"_links":{"self":[{"href":"https:\/\/pequod.nesodd1.no\/index.php?rest_route=\/wp\/v2\/pages\/12102","targetHints":{"allow":["GET"]}}],"collection":[{"href":"https:\/\/pequod.nesodd1.no\/index.php?rest_route=\/wp\/v2\/pages"}],"about":[{"href":"https:\/\/pequod.nesodd1.no\/index.php?rest_route=\/wp\/v2\/types\/page"}],"author":[{"embeddable":true,"href":"https:\/\/pequod.nesodd1.no\/index.php?rest_route=\/wp\/v2\/users\/1"}],"replies":[{"embeddable":true,"href":"https:\/\/pequod.nesodd1.no\/index.php?rest_route=%2Fwp%2Fv2%2Fcomments&post=12102"}],"version-history":[{"count":2,"href":"https:\/\/pequod.nesodd1.no\/index.php?rest_route=\/wp\/v2\/pages\/12102\/revisions"}],"predecessor-version":[{"id":20072,"href":"https:\/\/pequod.nesodd1.no\/index.php?rest_route=\/wp\/v2\/pages\/12102\/revisions\/20072"}],"up":[{"embeddable":true,"href":"https:\/\/pequod.nesodd1.no\/index.php?rest_route=\/wp\/v2\/pages\/10056"}],"wp:attachment":[{"href":"https:\/\/pequod.nesodd1.no\/index.php?rest_route=%2Fwp%2Fv2%2Fmedia&parent=12102"}],"curies":[{"name":"wp","href":"https:\/\/api.w.org\/{rel}","templated":true}]}}