{"id":14456,"date":"2018-09-19T19:05:43","date_gmt":"2018-09-19T17:05:43","guid":{"rendered":"https:\/\/pequod.nesodd1.no\/?page_id=14456"},"modified":"2025-09-18T17:36:14","modified_gmt":"2025-09-18T15:36:14","slug":"risor-gjestehavn","status":"publish","type":"page","link":"https:\/\/pequod.nesodd1.no\/?page_id=14456","title":{"rendered":"Ris\u00f8r gjestehavn"},"content":{"rendered":"<p><strong>Vurdering (5 anker er best): <a href=\"https:\/\/i0.wp.com\/pequod.nesodd1.no\/wp-content\/uploads\/2019\/10\/klistremerker-anker-og-tau-design.jpg.jpg?ssl=1\"><img data-recalc-dims=\"1\" loading=\"lazy\" decoding=\"async\" data-attachment-id=\"16489\" data-permalink=\"https:\/\/pequod.nesodd1.no\/?attachment_id=16489\" data-orig-file=\"https:\/\/i0.wp.com\/pequod.nesodd1.no\/wp-content\/uploads\/2019\/10\/klistremerker-anker-og-tau-design.jpg.jpg?fit=25%2C25&amp;ssl=1\" data-orig-size=\"25,25\" data-comments-opened=\"1\" data-image-meta=\"{&quot;aperture&quot;:&quot;0&quot;,&quot;credit&quot;:&quot;tribalium81&quot;,&quot;camera&quot;:&quot;&quot;,&quot;caption&quot;:&quot;&quot;,&quot;created_timestamp&quot;:&quot;0&quot;,&quot;copyright&quot;:&quot;tribalium81&quot;,&quot;focal_length&quot;:&quot;0&quot;,&quot;iso&quot;:&quot;0&quot;,&quot;shutter_speed&quot;:&quot;0&quot;,&quot;title&quot;:&quot;anchor and rope design&quot;,&quot;orientation&quot;:&quot;1&quot;}\" data-image-title=\"anchor and rope design\" data-image-description=\"\" data-image-caption=\"\" data-large-file=\"https:\/\/i0.wp.com\/pequod.nesodd1.no\/wp-content\/uploads\/2019\/10\/klistremerker-anker-og-tau-design.jpg.jpg?fit=25%2C25&amp;ssl=1\" class=\"alignnone size-full wp-image-16489\" src=\"https:\/\/i0.wp.com\/pequod.nesodd1.no\/wp-content\/uploads\/2019\/10\/klistremerker-anker-og-tau-design.jpg.jpg?resize=25%2C25&#038;ssl=1\" alt=\"\" width=\"25\" height=\"25\"><\/a><a href=\"https:\/\/i0.wp.com\/pequod.nesodd1.no\/wp-content\/uploads\/2019\/10\/klistremerker-anker-og-tau-design.jpg.jpg?ssl=1\"><img data-recalc-dims=\"1\" loading=\"lazy\" decoding=\"async\" data-attachment-id=\"16489\" data-permalink=\"https:\/\/pequod.nesodd1.no\/?attachment_id=16489\" data-orig-file=\"https:\/\/i0.wp.com\/pequod.nesodd1.no\/wp-content\/uploads\/2019\/10\/klistremerker-anker-og-tau-design.jpg.jpg?fit=25%2C25&amp;ssl=1\" data-orig-size=\"25,25\" data-comments-opened=\"1\" data-image-meta=\"{&quot;aperture&quot;:&quot;0&quot;,&quot;credit&quot;:&quot;tribalium81&quot;,&quot;camera&quot;:&quot;&quot;,&quot;caption&quot;:&quot;&quot;,&quot;created_timestamp&quot;:&quot;0&quot;,&quot;copyright&quot;:&quot;tribalium81&quot;,&quot;focal_length&quot;:&quot;0&quot;,&quot;iso&quot;:&quot;0&quot;,&quot;shutter_speed&quot;:&quot;0&quot;,&quot;title&quot;:&quot;anchor and rope design&quot;,&quot;orientation&quot;:&quot;1&quot;}\" data-image-title=\"anchor and rope design\" data-image-description=\"\" data-image-caption=\"\" data-large-file=\"https:\/\/i0.wp.com\/pequod.nesodd1.no\/wp-content\/uploads\/2019\/10\/klistremerker-anker-og-tau-design.jpg.jpg?fit=25%2C25&amp;ssl=1\" class=\"alignnone size-full wp-image-16489\" src=\"https:\/\/i0.wp.com\/pequod.nesodd1.no\/wp-content\/uploads\/2019\/10\/klistremerker-anker-og-tau-design.jpg.jpg?resize=25%2C25&#038;ssl=1\" alt=\"\" width=\"25\" height=\"25\"><\/a><a href=\"https:\/\/i0.wp.com\/pequod.nesodd1.no\/wp-content\/uploads\/2019\/10\/klistremerker-anker-og-tau-design.jpg.jpg?ssl=1\"><img data-recalc-dims=\"1\" loading=\"lazy\" decoding=\"async\" data-attachment-id=\"16489\" data-permalink=\"https:\/\/pequod.nesodd1.no\/?attachment_id=16489\" data-orig-file=\"https:\/\/i0.wp.com\/pequod.nesodd1.no\/wp-content\/uploads\/2019\/10\/klistremerker-anker-og-tau-design.jpg.jpg?fit=25%2C25&amp;ssl=1\" data-orig-size=\"25,25\" data-comments-opened=\"1\" data-image-meta=\"{&quot;aperture&quot;:&quot;0&quot;,&quot;credit&quot;:&quot;tribalium81&quot;,&quot;camera&quot;:&quot;&quot;,&quot;caption&quot;:&quot;&quot;,&quot;created_timestamp&quot;:&quot;0&quot;,&quot;copyright&quot;:&quot;tribalium81&quot;,&quot;focal_length&quot;:&quot;0&quot;,&quot;iso&quot;:&quot;0&quot;,&quot;shutter_speed&quot;:&quot;0&quot;,&quot;title&quot;:&quot;anchor and rope design&quot;,&quot;orientation&quot;:&quot;1&quot;}\" data-image-title=\"anchor and rope design\" data-image-description=\"\" data-image-caption=\"\" data-large-file=\"https:\/\/i0.wp.com\/pequod.nesodd1.no\/wp-content\/uploads\/2019\/10\/klistremerker-anker-og-tau-design.jpg.jpg?fit=25%2C25&amp;ssl=1\" class=\"alignnone size-full wp-image-16489\" src=\"https:\/\/i0.wp.com\/pequod.nesodd1.no\/wp-content\/uploads\/2019\/10\/klistremerker-anker-og-tau-design.jpg.jpg?resize=25%2C25&#038;ssl=1\" alt=\"\" width=\"25\" height=\"25\"><\/a><\/strong><br \/>\n<strong>Posisjon:<\/strong> 58\u00b043&#8217;11.2&#8243;N 9\u00b014&#8217;23.3&#8243;E<br \/>\n<strong>Bes\u00f8kt antall ganger:<\/strong> 17 <strong>Sist bes\u00f8kt:<\/strong> September 2025&nbsp; <strong>Webkamera: <\/strong>Nei&nbsp; <a href=\"https:\/\/www.risor.kommune.no\/tjenester\/vei-parkering-havn\/risor-gjestehavn\/\" target=\"_blank\" rel=\"noopener noreferrer\">Hjemmeside<\/a><br \/>\n<strong>Fasiliteter:<\/strong> Servicebygg med dusj og toaletter. Kortautomat p\u00e5 dusj, vaskemaskin og t\u00f8rketrommel. Str\u00f8m og vann. S\u00f8ppel (ved Dampskipsbrygga).&nbsp; Drivstoff ved Ris\u00f8r fiskemottak (ganske dyr). Masse kafeer, restauranter og butikker i umiddelbar n\u00e6rhet. Ogs\u00e5 en fiske- og b\u00e5tutstyrsbutikk like f\u00f8r torget.<br \/>\n<strong>Havneavgift (for 29-foter):<\/strong> 275 NOK (200 utenom hovedsesongen). Inkluderer str\u00f8m og vann. Betales manuelt hos havnevaktene som g\u00e5r runden i sommersesongen. &nbsp;Mellom 1. april og 14. mai betales avgiften via Vipps (nytt fra 2025, tror jeg?). Etter 3.september oppfatter jeg det p\u00e5 hjemmesiden som om det ikke er avgiftsbelagt.<br \/>\n<strong>Fort\u00f8yning:<\/strong> Langsides flytebrygge, baug mot brygge eller kaikant.<br \/>\n<strong>Tilrettelagt for funksjonshemmede:&nbsp;<\/strong>M\u00e5 vel si ja her. Vanlig rampe fra flytebrygga ytterst i havna der jeg l\u00e5. Handicaptoalett i servicebygget som ligger ved akvariet.<\/p>\n<figure id=\"attachment_16450\" aria-describedby=\"caption-attachment-16450\" style=\"width: 300px\" class=\"wp-caption alignleft\"><a href=\"https:\/\/i0.wp.com\/pequod.nesodd1.no\/wp-content\/uploads\/2019\/09\/IMG-0889.jpg?ssl=1\"><img data-recalc-dims=\"1\" loading=\"lazy\" decoding=\"async\" data-attachment-id=\"16450\" data-permalink=\"https:\/\/pequod.nesodd1.no\/?attachment_id=16450\" data-orig-file=\"https:\/\/i0.wp.com\/pequod.nesodd1.no\/wp-content\/uploads\/2019\/09\/IMG-0889.jpg?fit=800%2C600&amp;ssl=1\" data-orig-size=\"800,600\" data-comments-opened=\"1\" data-image-meta=\"{&quot;aperture&quot;:&quot;1.8&quot;,&quot;credit&quot;:&quot;&quot;,&quot;camera&quot;:&quot;iPhone 8 Plus&quot;,&quot;caption&quot;:&quot;&quot;,&quot;created_timestamp&quot;:&quot;1565300725&quot;,&quot;copyright&quot;:&quot;&quot;,&quot;focal_length&quot;:&quot;3.99&quot;,&quot;iso&quot;:&quot;50&quot;,&quot;shutter_speed&quot;:&quot;0.066666666666667&quot;,&quot;title&quot;:&quot;&quot;,&quot;orientation&quot;:&quot;1&quot;}\" data-image-title=\"IMG-0889\" data-image-description=\"&lt;p&gt;Ris\u00f8r&lt;\/p&gt;\n\" data-image-caption=\"&lt;p&gt;Bergtatt II i Ris\u00f8r&lt;\/p&gt;\n\" data-large-file=\"https:\/\/i0.wp.com\/pequod.nesodd1.no\/wp-content\/uploads\/2019\/09\/IMG-0889.jpg?fit=800%2C600&amp;ssl=1\" class=\"size-medium wp-image-16450\" src=\"https:\/\/i0.wp.com\/pequod.nesodd1.no\/wp-content\/uploads\/2019\/09\/IMG-0889.jpg?resize=300%2C225&#038;ssl=1\" alt=\"\" width=\"300\" height=\"225\" srcset=\"https:\/\/i0.wp.com\/pequod.nesodd1.no\/wp-content\/uploads\/2019\/09\/IMG-0889.jpg?resize=300%2C225&amp;ssl=1 300w, https:\/\/i0.wp.com\/pequod.nesodd1.no\/wp-content\/uploads\/2019\/09\/IMG-0889.jpg?resize=100%2C75&amp;ssl=1 100w, https:\/\/i0.wp.com\/pequod.nesodd1.no\/wp-content\/uploads\/2019\/09\/IMG-0889.jpg?resize=768%2C576&amp;ssl=1 768w, https:\/\/i0.wp.com\/pequod.nesodd1.no\/wp-content\/uploads\/2019\/09\/IMG-0889.jpg?w=800&amp;ssl=1 800w\" sizes=\"auto, (max-width: 300px) 100vw, 300px\" \/><\/a><figcaption id=\"caption-attachment-16450\" class=\"wp-caption-text\">Bergtatt II i Ris\u00f8r<\/figcaption><\/figure>\n<p>Jeg ankom Ris\u00f8r f\u00f8rste gang etter at det hadde blitt m\u00f8rkt. Da ble jeg noe forvirret, men la meg til slutt p\u00e5 gjestebryggene (flytebryggene) som ligger helt ytterst. Innafor ligger det ogs\u00e5 en steinbrygge, og helt innerst i havna er det plasser der man fort\u00f8yer med anker og baug mot brygge. Der er det ogs\u00e5 dagbrygger uten str\u00f8m og vann.<\/p>\n<p>Jeg fikk litt problemer med \u00e5 finne s\u00f8ppelkasser p\u00e5 mitt andre bes\u00f8k &#8211; da havnevertene ikke lenger var p\u00e5 jobb. Jeg m\u00e5tte g\u00e5 helt ned til dagbryggene innerst i bukta for \u00e5 finne et sted \u00e5 kaste s\u00f8pla! I det omr\u00e5det ligger ogs\u00e5 drivstoffpumpene.<\/p>\n<figure id=\"attachment_15109\" aria-describedby=\"caption-attachment-15109\" style=\"width: 300px\" class=\"wp-caption alignright\"><a href=\"https:\/\/i0.wp.com\/pequod.nesodd1.no\/wp-content\/uploads\/2018\/10\/AIMG-4641.jpg?ssl=1\"><img data-recalc-dims=\"1\" loading=\"lazy\" decoding=\"async\" data-attachment-id=\"15109\" data-permalink=\"https:\/\/pequod.nesodd1.no\/?attachment_id=15109\" data-orig-file=\"https:\/\/i0.wp.com\/pequod.nesodd1.no\/wp-content\/uploads\/2018\/10\/AIMG-4641.jpg?fit=800%2C600&amp;ssl=1\" data-orig-size=\"800,600\" data-comments-opened=\"1\" data-image-meta=\"{&quot;aperture&quot;:&quot;1.8&quot;,&quot;credit&quot;:&quot;&quot;,&quot;camera&quot;:&quot;iPhone 8 Plus&quot;,&quot;caption&quot;:&quot;&quot;,&quot;created_timestamp&quot;:&quot;1535638199&quot;,&quot;copyright&quot;:&quot;&quot;,&quot;focal_length&quot;:&quot;3.99&quot;,&quot;iso&quot;:&quot;20&quot;,&quot;shutter_speed&quot;:&quot;0.000374953130859&quot;,&quot;title&quot;:&quot;&quot;,&quot;orientation&quot;:&quot;1&quot;}\" data-image-title=\"AIMG-4641\" data-image-description=\"&lt;p&gt;Ris\u00f8r&lt;\/p&gt;\n\" data-image-caption=\"&lt;p&gt;God plass i Ris\u00f8r!&lt;\/p&gt;\n\" data-large-file=\"https:\/\/i0.wp.com\/pequod.nesodd1.no\/wp-content\/uploads\/2018\/10\/AIMG-4641.jpg?fit=800%2C600&amp;ssl=1\" class=\"size-medium wp-image-15109\" src=\"https:\/\/i0.wp.com\/pequod.nesodd1.no\/wp-content\/uploads\/2018\/10\/AIMG-4641.jpg?resize=300%2C225&#038;ssl=1\" alt=\"\" width=\"300\" height=\"225\" srcset=\"https:\/\/i0.wp.com\/pequod.nesodd1.no\/wp-content\/uploads\/2018\/10\/AIMG-4641.jpg?resize=300%2C225&amp;ssl=1 300w, https:\/\/i0.wp.com\/pequod.nesodd1.no\/wp-content\/uploads\/2018\/10\/AIMG-4641.jpg?resize=100%2C75&amp;ssl=1 100w, https:\/\/i0.wp.com\/pequod.nesodd1.no\/wp-content\/uploads\/2018\/10\/AIMG-4641.jpg?resize=768%2C576&amp;ssl=1 768w, https:\/\/i0.wp.com\/pequod.nesodd1.no\/wp-content\/uploads\/2018\/10\/AIMG-4641.jpg?w=800&amp;ssl=1 800w\" sizes=\"auto, (max-width: 300px) 100vw, 300px\" \/><\/a><figcaption id=\"caption-attachment-15109\" class=\"wp-caption-text\">God plass i Ris\u00f8r!<\/figcaption><\/figure>\n<p>Var innom serviceanlegget som ligger p\u00e5 venstre h\u00e5nd n\u00e5r du har g\u00e5tt opp landgangen fra flytebryggene, og det s\u00e5 rent og pent ut. Vet ikke n\u00e5r det stenger, det var \u00e5pent under begge mine bes\u00f8k. Positivt at du kan bruke mynter p\u00e5&nbsp;dusj, vaskemaskin og t\u00f8rketrommel, da slipper du v\u00e6re avhengig av \u00e5 finne noen som selger poletter&#8230;<\/p>\n<p>Alle mine bes\u00f8k var jo litt utenfor sesongen, men fikk en hyggelig ung havnevakt p\u00e5 bes\u00f8k under mitt f\u00f8rste bes\u00f8k. Hun forklarte hvor alt l\u00e5 hen. Ogs\u00e5 at det d\u00f8gn\u00e5pne toalettet l\u00e5 lenger inn i havna. Har ved alle mine bes\u00f8k lagt meg i den ytre gjestehavna ettersom den er b\u00e5de n\u00e6rmest serviceanlegget og ikke fullt s\u00e5 trangt som det er lenger inn.<\/p>\n<p>Gjestehavna i Ris\u00f8r ligger veldig tett p\u00e5 byen, s\u00e5 du har alt innen umiddelbar rekkevidde, inkludert pub, dagligvarer, b\u00e5tutstyrsbutikk og Frelsesarmeen&#8230; N\u00e5r det er fullt kj\u00f8r om sommeren kan jeg tenke meg at det blir ganske br\u00e5kete, men n\u00e5r jeg var der i slutten av august var det stille og rolig.<\/p>\n<p><strong>OPPDATERING 2020:&nbsp;<\/strong> Ris\u00f8r har etter hvert blitt en av mine favoritter, koselig by og hyggelige havnevakter som ogs\u00e5 veksler til mynter hvis du trenger det i serviceanlegget. Er blitt mer eller mindre en fast plass \u00e5 bes\u00f8ke p\u00e5 turene til S\u00f8rlandet.<\/p>\n<p><strong>OPPDATERINF 2023:&nbsp;<\/strong>Man m\u00e5 n\u00e5 bruke bankkort for \u00e5 komme inn i serviceanlegget og benytter fasilitetene der, ogs\u00e5 for vaskemaskiner og t\u00f8rketromler. De to gangene jeg var der i \u00e5r var begge utenom hovedsesongen og da var serviceanlegget kun \u00e5pent p\u00e5 dagtid og kortautomatene virket ikke. For \u00f8vrig har den gamle steinbrygga n\u00e5 f\u00e5tt vanlige tre-pins stikkkontakter istedenfor de vanlige to-pins &laquo;kj\u00f8kkenkontaktene&raquo;. Sistnevnte er fortsatt tilgjengelig, men jeg har ikke sjekket om det fortsatt er str\u00f8m i dem.<\/p>\n<p><a href=\"https:\/\/pequod.nesodd1.no\/?attachment_id=14840\" rel=\"attachment wp-att-14840\"><img data-recalc-dims=\"1\" loading=\"lazy\" decoding=\"async\" data-attachment-id=\"14840\" data-permalink=\"https:\/\/pequod.nesodd1.no\/?attachment_id=14840\" data-orig-file=\"https:\/\/i0.wp.com\/pequod.nesodd1.no\/wp-content\/uploads\/2018\/09\/ris%C3%B8r.jpg?fit=600%2C450&amp;ssl=1\" data-orig-size=\"600,450\" data-comments-opened=\"1\" data-image-meta=\"{&quot;aperture&quot;:&quot;1.8&quot;,&quot;credit&quot;:&quot;&quot;,&quot;camera&quot;:&quot;iPhone 8 Plus&quot;,&quot;caption&quot;:&quot;&quot;,&quot;created_timestamp&quot;:&quot;1534324699&quot;,&quot;copyright&quot;:&quot;&quot;,&quot;focal_length&quot;:&quot;3.99&quot;,&quot;iso&quot;:&quot;25&quot;,&quot;shutter_speed&quot;:&quot;0.000291036088475&quot;,&quot;title&quot;:&quot;&quot;,&quot;orientation&quot;:&quot;1&quot;}\" data-image-title=\"ris\u00f8r\" data-image-description=\"&lt;p&gt;Risd\u00f8r gjestehavn&lt;\/p&gt;\n\" data-image-caption=\"\" data-large-file=\"https:\/\/i0.wp.com\/pequod.nesodd1.no\/wp-content\/uploads\/2018\/09\/ris%C3%B8r.jpg?fit=600%2C450&amp;ssl=1\" class=\"aligncenter wp-image-14840 size-full\" src=\"https:\/\/i0.wp.com\/pequod.nesodd1.no\/wp-content\/uploads\/2018\/09\/ris%C3%B8r.jpg?resize=600%2C450\" alt=\"\" width=\"600\" height=\"450\" srcset=\"https:\/\/i0.wp.com\/pequod.nesodd1.no\/wp-content\/uploads\/2018\/09\/ris%C3%B8r.jpg?w=600&amp;ssl=1 600w, https:\/\/i0.wp.com\/pequod.nesodd1.no\/wp-content\/uploads\/2018\/09\/ris%C3%B8r.jpg?resize=100%2C75&amp;ssl=1 100w, https:\/\/i0.wp.com\/pequod.nesodd1.no\/wp-content\/uploads\/2018\/09\/ris%C3%B8r.jpg?resize=300%2C225&amp;ssl=1 300w\" sizes=\"auto, (max-width: 600px) 100vw, 600px\" \/><\/a><\/p>\n<h3>Related Images:<\/h3>","protected":false},"excerpt":{"rendered":"<p>Vurdering (5 anker er best): Posisjon: 58\u00b043&#8217;11.2&#8243;N 9\u00b014&#8217;23.3&#8243;E Bes\u00f8kt antall ganger: 17 Sist bes\u00f8kt: September 2025&nbsp; Webkamera: Nei&nbsp; Hjemmeside Fasiliteter: Servicebygg med dusj og toaletter. Kortautomat p\u00e5 dusj, vaskemaskin og t\u00f8rketrommel. Str\u00f8m og vann. S\u00f8ppel (ved Dampskipsbrygga).&nbsp; Drivstoff ved Ris\u00f8r fiskemottak (ganske dyr). Masse kafeer, restauranter og butikker i umiddelbar n\u00e6rhet. Ogs\u00e5 en fiske- og &hellip;<br \/><a href=\"https:\/\/pequod.nesodd1.no\/?page_id=14456\" class=\"more-link pen_element_default pen_icon_arrow_double\">Les<\/a><\/p>\n","protected":false},"author":1,"featured_media":19690,"parent":5493,"menu_order":0,"comment_status":"closed","ping_status":"closed","template":"","meta":{"_crdt_document":"","ngg_post_thumbnail":0,"jetpack_post_was_ever_published":false,"footnotes":""},"class_list":["post-14456","page","type-page","status-publish","has-post-thumbnail","hentry"],"jetpack_shortlink":"https:\/\/wp.me\/P3Zd9b-3La","jetpack_sharing_enabled":true,"jetpack_likes_enabled":true,"jetpack-related-posts":[],"_links":{"self":[{"href":"https:\/\/pequod.nesodd1.no\/index.php?rest_route=\/wp\/v2\/pages\/14456","targetHints":{"allow":["GET"]}}],"collection":[{"href":"https:\/\/pequod.nesodd1.no\/index.php?rest_route=\/wp\/v2\/pages"}],"about":[{"href":"https:\/\/pequod.nesodd1.no\/index.php?rest_route=\/wp\/v2\/types\/page"}],"author":[{"embeddable":true,"href":"https:\/\/pequod.nesodd1.no\/index.php?rest_route=\/wp\/v2\/users\/1"}],"replies":[{"embeddable":true,"href":"https:\/\/pequod.nesodd1.no\/index.php?rest_route=%2Fwp%2Fv2%2Fcomments&post=14456"}],"version-history":[{"count":27,"href":"https:\/\/pequod.nesodd1.no\/index.php?rest_route=\/wp\/v2\/pages\/14456\/revisions"}],"predecessor-version":[{"id":30808,"href":"https:\/\/pequod.nesodd1.no\/index.php?rest_route=\/wp\/v2\/pages\/14456\/revisions\/30808"}],"up":[{"embeddable":true,"href":"https:\/\/pequod.nesodd1.no\/index.php?rest_route=\/wp\/v2\/pages\/5493"}],"wp:featuredmedia":[{"embeddable":true,"href":"https:\/\/pequod.nesodd1.no\/index.php?rest_route=\/wp\/v2\/media\/19690"}],"wp:attachment":[{"href":"https:\/\/pequod.nesodd1.no\/index.php?rest_route=%2Fwp%2Fv2%2Fmedia&parent=14456"}],"curies":[{"name":"wp","href":"https:\/\/api.w.org\/{rel}","templated":true}]}}