{"id":1495,"date":"2013-12-22T02:42:10","date_gmt":"2013-12-22T01:42:10","guid":{"rendered":"https:\/\/pequod.nesodd1.no\/?page_id=1495"},"modified":"2014-11-29T03:51:34","modified_gmt":"2014-11-29T02:51:34","slug":"fotosafari-pa-husbergoya","status":"publish","type":"page","link":"https:\/\/pequod.nesodd1.no\/?page_id=1495","title":{"rendered":"Fotosafari p\u00e5 Husberg\u00f8ya"},"content":{"rendered":"<p>Tok f\u00f8rst en tur til Husberg\u00f8ya og gikk i land der for \u00e5 ta bilder. Deretter dro jeg til Lind\u00f8ya for \u00e5 sjekke om pumpene var i gang der og kanskje ta en liten tur p\u00e5 \u00f8ya. Da jeg la til var jeg uheldig og fikk et tau i propellen, s\u00e5 det endte med at jeg m\u00e5tte ringe Redningsselskapet og be om slep tilbake til Oksval&#8230; N\u00e5 m\u00e5 jeg enten f\u00e5 tak i en dykker eller f\u00e5 heist b\u00e5ten opp for \u00e5 f\u00e5 fjernet tauet&#8230; Det skjer alltid et eller annet n\u00e5r jeg er ute p\u00e5 tur&#8230;<\/p>\n\n            <!-- Blueimp gallery -->\n            <div id=\"blueimp-gallery-6310\" class=\"blueimp-gallery blueimp-gallery-controls\">\n                <div class=\"slides\"><\/div>\n                <h3 class=\"title\"><\/h3>\n                <a class=\"prev\">\u2039<\/a>\n                <a class=\"next\">\u203a<\/a>\n                <a class=\"close\">\u00d7<\/a>\n                <a class=\"play-pause\"><\/a>\n                <ol class=\"indicator\"><\/ol>\n                <div class=\"modal fade\">\n                    <div class=\"modal-dialog\">\n                        <div class=\"modal-content\">\n                            <div class=\"modal-header\">\n                                <button type=\"button\" class=\"close\" aria-hidden=\"true\">\u00d7<\/button>\n                                <h4 class=\"modal-title\"><\/h4>\n                            <\/div>\n                            <div class=\"modal-body next\"><\/div>\n                            <div class=\"modal-footer\">\n                                <button type=\"button\" class=\"btn btn-default pull-left prev\">\n                                    <i class=\"glyphicon glyphicon-chevron-left\"><\/i>\n                                    Previous                                <\/button>\n                                <button type=\"button\" class=\"btn btn-primary next\">\n                                    Next                                    <i class=\"glyphicon glyphicon-chevron-right\"><\/i>\n                                <\/button>\n                            <\/div>\n                        <\/div>\n                    <\/div>\n                <\/div>\n            <\/div>\n\n            <script data-jetpack-boost=\"ignore\" type=\"text\/javascript\">\n            jQuery(function() {\n                jQuery.extend(blueimp.Gallery.prototype.options, {\n                    useBootstrapModal: false,\n                    hidePageScrollbars: false,\n                    container: \"#blueimp-gallery-6310\",\n                });\n            });\n            <\/script>\n\n            \n<p>&nbsp;<\/p>\n<h3>Related Images:<\/h3>","protected":false},"excerpt":{"rendered":"<p>Tok f\u00f8rst en tur til Husberg\u00f8ya og gikk i land der for \u00e5 ta bilder. Deretter dro jeg til Lind\u00f8ya for \u00e5 sjekke om pumpene var i gang der og kanskje ta en liten tur p\u00e5 \u00f8ya. Da jeg la til var jeg uheldig og fikk et tau i propellen, s\u00e5 det endte med at &hellip;<br \/><a href=\"https:\/\/pequod.nesodd1.no\/?p=6310\" class=\"more-link pen_element_default pen_icon_arrow_double\">Les<\/a><\/p>\n","protected":false},"author":1,"featured_media":0,"parent":122,"menu_order":0,"comment_status":"open","ping_status":"open","template":"","meta":{"_crdt_document":"","ngg_post_thumbnail":0,"jetpack_post_was_ever_published":false,"footnotes":""},"class_list":["post-1495","page","type-page","status-publish","hentry"],"jetpack_shortlink":"https:\/\/wp.me\/P3Zd9b-o7","jetpack_sharing_enabled":true,"jetpack_likes_enabled":true,"jetpack-related-posts":[],"_links":{"self":[{"href":"https:\/\/pequod.nesodd1.no\/index.php?rest_route=\/wp\/v2\/pages\/1495","targetHints":{"allow":["GET"]}}],"collection":[{"href":"https:\/\/pequod.nesodd1.no\/index.php?rest_route=\/wp\/v2\/pages"}],"about":[{"href":"https:\/\/pequod.nesodd1.no\/index.php?rest_route=\/wp\/v2\/types\/page"}],"author":[{"embeddable":true,"href":"https:\/\/pequod.nesodd1.no\/index.php?rest_route=\/wp\/v2\/users\/1"}],"replies":[{"embeddable":true,"href":"https:\/\/pequod.nesodd1.no\/index.php?rest_route=%2Fwp%2Fv2%2Fcomments&post=1495"}],"version-history":[{"count":3,"href":"https:\/\/pequod.nesodd1.no\/index.php?rest_route=\/wp\/v2\/pages\/1495\/revisions"}],"predecessor-version":[{"id":6312,"href":"https:\/\/pequod.nesodd1.no\/index.php?rest_route=\/wp\/v2\/pages\/1495\/revisions\/6312"}],"up":[{"embeddable":true,"href":"https:\/\/pequod.nesodd1.no\/index.php?rest_route=\/wp\/v2\/pages\/122"}],"wp:attachment":[{"href":"https:\/\/pequod.nesodd1.no\/index.php?rest_route=%2Fwp%2Fv2%2Fmedia&parent=1495"}],"curies":[{"name":"wp","href":"https:\/\/api.w.org\/{rel}","templated":true}]}}