{"id":15502,"date":"2019-03-27T19:16:26","date_gmt":"2019-03-27T18:16:26","guid":{"rendered":"https:\/\/pequod.nesodd1.no\/?page_id=15502"},"modified":"2024-08-05T11:17:03","modified_gmt":"2024-08-05T09:17:03","slug":"aker-brygge","status":"publish","type":"page","link":"https:\/\/pequod.nesodd1.no\/?page_id=15502","title":{"rendered":"Aker Brygge"},"content":{"rendered":"<p style=\"text-align: left;\"><strong>Vurdering (5 anker er best): <a href=\"https:\/\/i0.wp.com\/pequod.nesodd1.no\/wp-content\/uploads\/2019\/10\/klistremerker-anker-og-tau-design.jpg.jpg?ssl=1\"><img data-recalc-dims=\"1\" loading=\"lazy\" decoding=\"async\" data-attachment-id=\"16489\" data-permalink=\"https:\/\/pequod.nesodd1.no\/?attachment_id=16489\" data-orig-file=\"https:\/\/i0.wp.com\/pequod.nesodd1.no\/wp-content\/uploads\/2019\/10\/klistremerker-anker-og-tau-design.jpg.jpg?fit=25%2C25&amp;ssl=1\" data-orig-size=\"25,25\" data-comments-opened=\"1\" data-image-meta=\"{&quot;aperture&quot;:&quot;0&quot;,&quot;credit&quot;:&quot;tribalium81&quot;,&quot;camera&quot;:&quot;&quot;,&quot;caption&quot;:&quot;&quot;,&quot;created_timestamp&quot;:&quot;0&quot;,&quot;copyright&quot;:&quot;tribalium81&quot;,&quot;focal_length&quot;:&quot;0&quot;,&quot;iso&quot;:&quot;0&quot;,&quot;shutter_speed&quot;:&quot;0&quot;,&quot;title&quot;:&quot;anchor and rope design&quot;,&quot;orientation&quot;:&quot;1&quot;}\" data-image-title=\"anchor and rope design\" data-image-description=\"\" data-image-caption=\"\" data-large-file=\"https:\/\/i0.wp.com\/pequod.nesodd1.no\/wp-content\/uploads\/2019\/10\/klistremerker-anker-og-tau-design.jpg.jpg?fit=25%2C25&amp;ssl=1\" class=\"alignnone size-full wp-image-16489\" src=\"https:\/\/i0.wp.com\/pequod.nesodd1.no\/wp-content\/uploads\/2019\/10\/klistremerker-anker-og-tau-design.jpg.jpg?resize=25%2C25&#038;ssl=1\" alt=\"\" width=\"25\" height=\"25\"><\/a><a href=\"https:\/\/i0.wp.com\/pequod.nesodd1.no\/wp-content\/uploads\/2019\/10\/klistremerker-anker-og-tau-design.jpg.jpg?ssl=1\"><img data-recalc-dims=\"1\" loading=\"lazy\" decoding=\"async\" data-attachment-id=\"16489\" data-permalink=\"https:\/\/pequod.nesodd1.no\/?attachment_id=16489\" data-orig-file=\"https:\/\/i0.wp.com\/pequod.nesodd1.no\/wp-content\/uploads\/2019\/10\/klistremerker-anker-og-tau-design.jpg.jpg?fit=25%2C25&amp;ssl=1\" data-orig-size=\"25,25\" data-comments-opened=\"1\" data-image-meta=\"{&quot;aperture&quot;:&quot;0&quot;,&quot;credit&quot;:&quot;tribalium81&quot;,&quot;camera&quot;:&quot;&quot;,&quot;caption&quot;:&quot;&quot;,&quot;created_timestamp&quot;:&quot;0&quot;,&quot;copyright&quot;:&quot;tribalium81&quot;,&quot;focal_length&quot;:&quot;0&quot;,&quot;iso&quot;:&quot;0&quot;,&quot;shutter_speed&quot;:&quot;0&quot;,&quot;title&quot;:&quot;anchor and rope design&quot;,&quot;orientation&quot;:&quot;1&quot;}\" data-image-title=\"anchor and rope design\" data-image-description=\"\" data-image-caption=\"\" data-large-file=\"https:\/\/i0.wp.com\/pequod.nesodd1.no\/wp-content\/uploads\/2019\/10\/klistremerker-anker-og-tau-design.jpg.jpg?fit=25%2C25&amp;ssl=1\" class=\"alignnone size-full wp-image-16489\" src=\"https:\/\/i0.wp.com\/pequod.nesodd1.no\/wp-content\/uploads\/2019\/10\/klistremerker-anker-og-tau-design.jpg.jpg?resize=25%2C25&#038;ssl=1\" alt=\"\" width=\"25\" height=\"25\"><\/a><\/strong><br \/>\n<b>Posisjon:<\/b> 59\u00b054&#8217;28.5&#8243;N 10\u00b043&#8217;32.5&#8243;E<br \/>\n<b>Bes\u00f8kt antall ganger:<\/b>&nbsp;1&nbsp;<b>Sist bes\u00f8kt:<\/b> 27.3-28.3. 2019 <strong>Webkamera:<\/strong> Nei. <a href=\"https:\/\/www.akerbrygge.no\/marina\/\" target=\"_blank\" rel=\"noopener\">Hjemmeside<\/a><br \/>\n<b>Fasiliteter:<\/b> Servicebygg med dusj, toaletter og vaskemaskin. Str\u00f8m og vann. S\u00f8ppel. WiFi. Butikker, restauranter, shoppingsenter, museer,hoteller og kollektivtrafikk i umiddelbar n\u00e6rhet. B\u00e5tutstyrsbutikk (Best Marin) p\u00e5 Tjuvholmen maks ti minutters gange fra marinaen. Egen liten bar\/pub i serviceanlegget.<br \/>\n<b>Havneavgift (for 29-foter): <\/b><strong><span style=\"color: #ff0000;\">493 NOK!!! <\/span><\/strong>Dette inkluderer fri bruk av str\u00f8m, wifi, vann, dusj, toaletter og vask\/t\u00f8rk. Dette er vel den dyreste gjestehavna i Norge? Prisen er 17 kroner per fot sesong 2024! Skygger unna denne, for \u00e5 si det slik. Avgiften m\u00e5 betales p\u00e5 havnekontoret, hverken app eller automat. Ogs\u00e5 dagprisen er stiv: 300 kroner for 8-18, men den er kanskje mer akseptabel, man ligger jo rett i sm\u00f8r\u00f8yet. Men, nei takk! Og samme pris hele sesongen.<\/p>\n<p style=\"text-align: left;\"><strong>Fort\u00f8yning:<\/strong> Langsides innerste flytebrygge og p\u00e5 utsiden av b\u00f8lgedemperne, samt i b\u00e5s.&nbsp;<br \/>\n<b>Tilrettelagt for funksjonshemmede:&nbsp;&nbsp;<\/b>Delvis. Det er ramper opp fra flytebryggene og opp p\u00e5 bryggeniv\u00e5 p\u00e5 landsiden. Ogs\u00e5 eget handicaptoalett &#8211; som var stengt da jeg var der.<\/p>\n<figure id=\"attachment_15504\" aria-describedby=\"caption-attachment-15504\" style=\"width: 300px\" class=\"wp-caption alignleft\"><img data-recalc-dims=\"1\" loading=\"lazy\" decoding=\"async\" data-attachment-id=\"15504\" data-permalink=\"https:\/\/pequod.nesodd1.no\/?attachment_id=15504\" data-orig-file=\"https:\/\/i0.wp.com\/pequod.nesodd1.no\/wp-content\/uploads\/2019\/03\/IMG-8416.jpg?fit=800%2C538&amp;ssl=1\" data-orig-size=\"800,538\" data-comments-opened=\"1\" data-image-meta=\"{&quot;aperture&quot;:&quot;1.8&quot;,&quot;credit&quot;:&quot;&quot;,&quot;camera&quot;:&quot;iPhone 8 Plus&quot;,&quot;caption&quot;:&quot;&quot;,&quot;created_timestamp&quot;:&quot;1553678620&quot;,&quot;copyright&quot;:&quot;&quot;,&quot;focal_length&quot;:&quot;3.99&quot;,&quot;iso&quot;:&quot;20&quot;,&quot;shutter_speed&quot;:&quot;0.0003960396039604&quot;,&quot;title&quot;:&quot;&quot;,&quot;orientation&quot;:&quot;1&quot;}\" data-image-title=\"IMG-8416\" data-image-description=\"&lt;p&gt;Aker Brygge Marina&lt;\/p&gt;\n\" data-image-caption=\"&lt;p&gt;Bergtatt p\u00e5 Aker Brygge Marina. Bildet er tatt med ryggen til Havnekontoret.&lt;\/p&gt;\n\" data-large-file=\"https:\/\/i0.wp.com\/pequod.nesodd1.no\/wp-content\/uploads\/2019\/03\/IMG-8416.jpg?fit=800%2C538&amp;ssl=1\" class=\"size-medium wp-image-15504\" src=\"https:\/\/i0.wp.com\/pequod.nesodd1.no\/wp-content\/uploads\/2019\/03\/IMG-8416.jpg?resize=300%2C202&#038;ssl=1\" alt=\"\" width=\"300\" height=\"202\" srcset=\"https:\/\/i0.wp.com\/pequod.nesodd1.no\/wp-content\/uploads\/2019\/03\/IMG-8416.jpg?resize=300%2C202&amp;ssl=1 300w, https:\/\/i0.wp.com\/pequod.nesodd1.no\/wp-content\/uploads\/2019\/03\/IMG-8416.jpg?resize=100%2C67&amp;ssl=1 100w, https:\/\/i0.wp.com\/pequod.nesodd1.no\/wp-content\/uploads\/2019\/03\/IMG-8416.jpg?resize=768%2C516&amp;ssl=1 768w, https:\/\/i0.wp.com\/pequod.nesodd1.no\/wp-content\/uploads\/2019\/03\/IMG-8416.jpg?w=800&amp;ssl=1 800w\" sizes=\"auto, (max-width: 300px) 100vw, 300px\" \/><figcaption id=\"caption-attachment-15504\" class=\"wp-caption-text\">Bergtatt p\u00e5 Aker Brygge Marina.&nbsp;<\/figcaption><\/figure>\n<p>Etter \u00e5 ha hatt b\u00e5ten siden 2013 la jeg denne fine v\u00e5rdagen endelig til p\u00e5 Aker Brygge Marina. Det g\u00e5r greit \u00e5 betale en &laquo;torsk&raquo; for \u00e5 ligge her et d\u00f8gn utenom sesong, men jeg betaler ikke over 400 kroner for den gamle balja mi for \u00e5 ligge her i sommersesongen!<\/p>\n<p>Da legger jeg meg heller p\u00e5 Tjuvholmen, der det koster under halvparten s\u00e5 mye &#8211; dog uten serviceanlegg, str\u00f8m og vann. Men det er heller ikke noe jeg strengt tatt trenger om sommeren.<\/p>\n<p>Men det skal jo sies at du virkelig ligger midt i sm\u00f8r\u00f8yet her. Kort vei til alt, men jeg kan tenke meg at det nok kan v\u00e6re problemer med nattes\u00f8vnen om du ligger her i helgene om sommeren siden du ligger kloss opptil flere av byens popul\u00e6re utesteder som holder \u00e5pent til langt utp\u00e5 natta\/morgenen.<\/p>\n<figure id=\"attachment_15512\" aria-describedby=\"caption-attachment-15512\" style=\"width: 300px\" class=\"wp-caption alignright\"><img data-recalc-dims=\"1\" loading=\"lazy\" decoding=\"async\" data-attachment-id=\"15512\" data-permalink=\"https:\/\/pequod.nesodd1.no\/?attachment_id=15512\" data-orig-file=\"https:\/\/i0.wp.com\/pequod.nesodd1.no\/wp-content\/uploads\/2019\/03\/IMG_8429.jpg?fit=800%2C600&amp;ssl=1\" data-orig-size=\"800,600\" data-comments-opened=\"1\" data-image-meta=\"{&quot;aperture&quot;:&quot;1.8&quot;,&quot;credit&quot;:&quot;&quot;,&quot;camera&quot;:&quot;iPhone 8 Plus&quot;,&quot;caption&quot;:&quot;&quot;,&quot;created_timestamp&quot;:&quot;1553771188&quot;,&quot;copyright&quot;:&quot;&quot;,&quot;focal_length&quot;:&quot;3.99&quot;,&quot;iso&quot;:&quot;20&quot;,&quot;shutter_speed&quot;:&quot;0.0007710100231303&quot;,&quot;title&quot;:&quot;&quot;,&quot;orientation&quot;:&quot;1&quot;}\" data-image-title=\"IMG_8429\" data-image-description=\"\" data-image-caption=\"&lt;p&gt;Havnekontroet med servicefasiliteter og Brygga Bar.&lt;\/p&gt;\n\" data-large-file=\"https:\/\/i0.wp.com\/pequod.nesodd1.no\/wp-content\/uploads\/2019\/03\/IMG_8429.jpg?fit=800%2C600&amp;ssl=1\" class=\"size-medium wp-image-15512\" src=\"https:\/\/i0.wp.com\/pequod.nesodd1.no\/wp-content\/uploads\/2019\/03\/IMG_8429.jpg?resize=300%2C225&#038;ssl=1\" alt=\"\" width=\"300\" height=\"225\" srcset=\"https:\/\/i0.wp.com\/pequod.nesodd1.no\/wp-content\/uploads\/2019\/03\/IMG_8429.jpg?resize=300%2C225&amp;ssl=1 300w, https:\/\/i0.wp.com\/pequod.nesodd1.no\/wp-content\/uploads\/2019\/03\/IMG_8429.jpg?resize=100%2C75&amp;ssl=1 100w, https:\/\/i0.wp.com\/pequod.nesodd1.no\/wp-content\/uploads\/2019\/03\/IMG_8429.jpg?resize=768%2C576&amp;ssl=1 768w, https:\/\/i0.wp.com\/pequod.nesodd1.no\/wp-content\/uploads\/2019\/03\/IMG_8429.jpg?w=800&amp;ssl=1 800w\" sizes=\"auto, (max-width: 300px) 100vw, 300px\" \/><figcaption id=\"caption-attachment-15512\" class=\"wp-caption-text\">Havnekontoret med servicefasiliteter og Brygga Bar.<\/figcaption><\/figure>\n<p>Selve marinaen er i flott stand med alt som du trenger. Og den er tydeligvis betjent \u00e5ret rundt ettersom det var folk p\u00e5 havnekontoret der jeg betalte avgiften. Det er nemlig ingen automat \u00e5 betale p\u00e5. Havnevaktene som jeg snakket med var hyggelige nok de.<\/p>\n<p>Hvordan det er med sikkerheten her er jeg mer usikker p\u00e5, men jeg tror at vekterne som g\u00e5r rundt i omr\u00e5det ogs\u00e5 tar runder innom marinaen. Men jeg tok med meg i land det lille av verdier i b\u00e5ten.<\/p>\n<p>Oppdaget etter hvert at jeg ikke hadde f\u00e5tt noen kode til serviceanlegget eller det tr\u00e5dl\u00f8se nettverket. En kollega p\u00e5 jobben kjente imidlertid en som bodde i b\u00e5t i marinaen og skaffet koden for meg. Nettverkskoden brydde jeg meg ikke om ettersom jeg har nettverk i b\u00e5ten, men likevel sl\u00f8vt gjort av havnevakta \u00e5 ikke informere meg om det.<\/p>\n<p>For \u00f8vrig inneholder serviceanlegget ogs\u00e5 en liten bar\/pub. &#8211; Brygga Bar. Det var folk der da jeg kom tilbake p\u00e5 kvelden for \u00e5 legge meg i b\u00e5ten, men jeg f\u00f8lte ikke for \u00e5 g\u00e5 inn der. Sikkert et popul\u00e6rt sted for de som bruker marinaen og de som bor i b\u00e5t der.<\/p>\n<p>Det er et handicaptoalett p\u00e5 den ene siden, men det var avl\u00e5st n\u00e5r jeg var der. Inngangen var ogs\u00e5 noe trang og adkomsten noe vanskelig synes jeg. At toalettet i tillegg var l\u00e5st, betyr enten at det er stengt av utenom hovedsesongen eller at man m\u00e5 henvende seg til havnevaktene i havnekontorets \u00e5pningstid for \u00e5 f\u00e5 benyttet det. Det synes jeg er noe tungvint.<\/p>\n<p>Adkomsten ned til det \u00f8vrige serviceanlegget skjer via kodel\u00e5s og ved at man m\u00e5 g\u00e5 en bratt trapp ned. De vanlige toalettene var helt OK standard, men jeg kikket ikke inn i dusjanlegget eller vaskerommet.<\/p>\n<p>&nbsp;<\/p>\n<p><a href=\"https:\/\/i0.wp.com\/pequod.nesodd1.no\/wp-content\/uploads\/2019\/04\/IMG-8431.jpg?ssl=1\"><img data-recalc-dims=\"1\" loading=\"lazy\" decoding=\"async\" data-attachment-id=\"15531\" data-permalink=\"https:\/\/pequod.nesodd1.no\/?attachment_id=15531\" data-orig-file=\"https:\/\/i0.wp.com\/pequod.nesodd1.no\/wp-content\/uploads\/2019\/04\/IMG-8431.jpg?fit=800%2C600&amp;ssl=1\" data-orig-size=\"800,600\" data-comments-opened=\"1\" data-image-meta=\"{&quot;aperture&quot;:&quot;1.8&quot;,&quot;credit&quot;:&quot;&quot;,&quot;camera&quot;:&quot;iPhone 8 Plus&quot;,&quot;caption&quot;:&quot;&quot;,&quot;created_timestamp&quot;:&quot;1553771196&quot;,&quot;copyright&quot;:&quot;&quot;,&quot;focal_length&quot;:&quot;3.99&quot;,&quot;iso&quot;:&quot;20&quot;,&quot;shutter_speed&quot;:&quot;0.00058309037900875&quot;,&quot;title&quot;:&quot;&quot;,&quot;orientation&quot;:&quot;1&quot;}\" data-image-title=\"IMG-8431\" data-image-description=\"&lt;p&gt;Aker Brygge, Marina&lt;\/p&gt;\n\" data-image-caption=\"\" data-large-file=\"https:\/\/i0.wp.com\/pequod.nesodd1.no\/wp-content\/uploads\/2019\/04\/IMG-8431.jpg?fit=800%2C600&amp;ssl=1\" class=\"aligncenter size-full wp-image-15531\" src=\"https:\/\/i0.wp.com\/pequod.nesodd1.no\/wp-content\/uploads\/2019\/04\/IMG-8431.jpg?resize=800%2C600&#038;ssl=1\" alt=\"\" width=\"800\" height=\"600\" srcset=\"https:\/\/i0.wp.com\/pequod.nesodd1.no\/wp-content\/uploads\/2019\/04\/IMG-8431.jpg?w=800&amp;ssl=1 800w, https:\/\/i0.wp.com\/pequod.nesodd1.no\/wp-content\/uploads\/2019\/04\/IMG-8431.jpg?resize=100%2C75&amp;ssl=1 100w, https:\/\/i0.wp.com\/pequod.nesodd1.no\/wp-content\/uploads\/2019\/04\/IMG-8431.jpg?resize=300%2C225&amp;ssl=1 300w, https:\/\/i0.wp.com\/pequod.nesodd1.no\/wp-content\/uploads\/2019\/04\/IMG-8431.jpg?resize=768%2C576&amp;ssl=1 768w\" sizes=\"auto, (max-width: 800px) 100vw, 800px\" \/><\/a><\/p>\n<p>&nbsp;<\/p>\n<h3>Related Images:<\/h3>","protected":false},"excerpt":{"rendered":"<p>Vurdering (5 anker er best): Posisjon: 59\u00b054&#8217;28.5&#8243;N 10\u00b043&#8217;32.5&#8243;E Bes\u00f8kt antall ganger:&nbsp;1&nbsp;Sist bes\u00f8kt: 27.3-28.3. 2019 Webkamera: Nei. Hjemmeside Fasiliteter: Servicebygg med dusj, toaletter og vaskemaskin. Str\u00f8m og vann. S\u00f8ppel. WiFi. Butikker, restauranter, shoppingsenter, museer,hoteller og kollektivtrafikk i umiddelbar n\u00e6rhet. B\u00e5tutstyrsbutikk (Best Marin) p\u00e5 Tjuvholmen maks ti minutters gange fra marinaen. Egen liten bar\/pub i serviceanlegget. Havneavgift &hellip;<br \/><a href=\"https:\/\/pequod.nesodd1.no\/?page_id=15502\" class=\"more-link pen_element_default pen_icon_arrow_double\">Les<\/a><\/p>\n","protected":false},"author":1,"featured_media":15530,"parent":5493,"menu_order":0,"comment_status":"closed","ping_status":"closed","template":"","meta":{"_crdt_document":"","ngg_post_thumbnail":0,"jetpack_post_was_ever_published":false,"footnotes":""},"class_list":["post-15502","page","type-page","status-publish","has-post-thumbnail","hentry"],"jetpack_shortlink":"https:\/\/wp.me\/P3Zd9b-422","jetpack_sharing_enabled":true,"jetpack_likes_enabled":true,"jetpack-related-posts":[],"_links":{"self":[{"href":"https:\/\/pequod.nesodd1.no\/index.php?rest_route=\/wp\/v2\/pages\/15502","targetHints":{"allow":["GET"]}}],"collection":[{"href":"https:\/\/pequod.nesodd1.no\/index.php?rest_route=\/wp\/v2\/pages"}],"about":[{"href":"https:\/\/pequod.nesodd1.no\/index.php?rest_route=\/wp\/v2\/types\/page"}],"author":[{"embeddable":true,"href":"https:\/\/pequod.nesodd1.no\/index.php?rest_route=\/wp\/v2\/users\/1"}],"replies":[{"embeddable":true,"href":"https:\/\/pequod.nesodd1.no\/index.php?rest_route=%2Fwp%2Fv2%2Fcomments&post=15502"}],"version-history":[{"count":23,"href":"https:\/\/pequod.nesodd1.no\/index.php?rest_route=\/wp\/v2\/pages\/15502\/revisions"}],"predecessor-version":[{"id":29010,"href":"https:\/\/pequod.nesodd1.no\/index.php?rest_route=\/wp\/v2\/pages\/15502\/revisions\/29010"}],"up":[{"embeddable":true,"href":"https:\/\/pequod.nesodd1.no\/index.php?rest_route=\/wp\/v2\/pages\/5493"}],"wp:featuredmedia":[{"embeddable":true,"href":"https:\/\/pequod.nesodd1.no\/index.php?rest_route=\/wp\/v2\/media\/15530"}],"wp:attachment":[{"href":"https:\/\/pequod.nesodd1.no\/index.php?rest_route=%2Fwp%2Fv2%2Fmedia&parent=15502"}],"curies":[{"name":"wp","href":"https:\/\/api.w.org\/{rel}","templated":true}]}}