{"id":16236,"date":"2019-08-26T16:06:55","date_gmt":"2019-08-26T14:06:55","guid":{"rendered":"https:\/\/pequod.nesodd1.no\/?page_id=16236"},"modified":"2022-07-26T18:06:14","modified_gmt":"2022-07-26T16:06:14","slug":"lilla-bommen-goteborg-sverige","status":"publish","type":"page","link":"https:\/\/pequod.nesodd1.no\/?page_id=16236","title":{"rendered":"Lilla Bommen, G\u00f6teborg (Sverige)"},"content":{"rendered":"<p><b><strong>Vurdering (5 anker er best):&nbsp;<a href=\"https:\/\/i0.wp.com\/pequod.nesodd1.no\/wp-content\/uploads\/2019\/10\/klistremerker-anker-og-tau-design.jpg.jpg?ssl=1\"><img loading=\"lazy\" decoding=\"async\" data-attachment-id=\"16489\" data-permalink=\"https:\/\/pequod.nesodd1.no\/?attachment_id=16489\" data-orig-file=\"https:\/\/i0.wp.com\/pequod.nesodd1.no\/wp-content\/uploads\/2019\/10\/klistremerker-anker-og-tau-design.jpg.jpg?fit=25%2C25&amp;ssl=1\" data-orig-size=\"25,25\" data-comments-opened=\"1\" data-image-meta=\"{&quot;aperture&quot;:&quot;0&quot;,&quot;credit&quot;:&quot;tribalium81&quot;,&quot;camera&quot;:&quot;&quot;,&quot;caption&quot;:&quot;&quot;,&quot;created_timestamp&quot;:&quot;0&quot;,&quot;copyright&quot;:&quot;tribalium81&quot;,&quot;focal_length&quot;:&quot;0&quot;,&quot;iso&quot;:&quot;0&quot;,&quot;shutter_speed&quot;:&quot;0&quot;,&quot;title&quot;:&quot;anchor and rope design&quot;,&quot;orientation&quot;:&quot;1&quot;}\" data-image-title=\"anchor and rope design\" data-image-description=\"\" data-image-caption=\"\" data-large-file=\"https:\/\/i0.wp.com\/pequod.nesodd1.no\/wp-content\/uploads\/2019\/10\/klistremerker-anker-og-tau-design.jpg.jpg?fit=25%2C25&amp;ssl=1\" class=\"alignnone size-full wp-image-16489 jetpack-lazy-image jetpack-lazy-image--handled\" src=\"https:\/\/i0.wp.com\/pequod.nesodd1.no\/wp-content\/uploads\/2019\/10\/klistremerker-anker-og-tau-design.jpg.jpg?resize=25%2C25&amp;ssl=1\" alt=\"\" width=\"25\" height=\"25\" data-attachment-id=\"16489\" data-permalink=\"https:\/\/pequod.nesodd1.no\/?attachment_id=16489\" data-orig-file=\"https:\/\/i0.wp.com\/pequod.nesodd1.no\/wp-content\/uploads\/2019\/10\/klistremerker-anker-og-tau-design.jpg.jpg?fit=25%2C25&amp;ssl=1\" data-orig-size=\"25,25\" data-comments-opened=\"1\" data-image-meta=\"{&quot;aperture&quot;:&quot;0&quot;,&quot;credit&quot;:&quot;tribalium81&quot;,&quot;camera&quot;:&quot;&quot;,&quot;caption&quot;:&quot;&quot;,&quot;created_timestamp&quot;:&quot;0&quot;,&quot;copyright&quot;:&quot;tribalium81&quot;,&quot;focal_length&quot;:&quot;0&quot;,&quot;iso&quot;:&quot;0&quot;,&quot;shutter_speed&quot;:&quot;0&quot;,&quot;title&quot;:&quot;anchor and rope design&quot;,&quot;orientation&quot;:&quot;1&quot;}\" data-image-title=\"anchor and rope design\" data-image-description=\"\" data-image-caption=\"\" data-medium-file=\"https:\/\/i0.wp.com\/pequod.nesodd1.no\/wp-content\/uploads\/2019\/10\/klistremerker-anker-og-tau-design.jpg.jpg?fit=25%2C25&amp;ssl=1\" data-large-file=\"https:\/\/i0.wp.com\/pequod.nesodd1.no\/wp-content\/uploads\/2019\/10\/klistremerker-anker-og-tau-design.jpg.jpg?fit=25%2C25&amp;ssl=1\" data-recalc-dims=\"1\" data-lazy-loaded=\"1\"><\/a><a href=\"https:\/\/i0.wp.com\/pequod.nesodd1.no\/wp-content\/uploads\/2019\/10\/klistremerker-anker-og-tau-design.jpg.jpg?ssl=1\"><img loading=\"lazy\" decoding=\"async\" data-attachment-id=\"16489\" data-permalink=\"https:\/\/pequod.nesodd1.no\/?attachment_id=16489\" data-orig-file=\"https:\/\/i0.wp.com\/pequod.nesodd1.no\/wp-content\/uploads\/2019\/10\/klistremerker-anker-og-tau-design.jpg.jpg?fit=25%2C25&amp;ssl=1\" data-orig-size=\"25,25\" data-comments-opened=\"1\" data-image-meta=\"{&quot;aperture&quot;:&quot;0&quot;,&quot;credit&quot;:&quot;tribalium81&quot;,&quot;camera&quot;:&quot;&quot;,&quot;caption&quot;:&quot;&quot;,&quot;created_timestamp&quot;:&quot;0&quot;,&quot;copyright&quot;:&quot;tribalium81&quot;,&quot;focal_length&quot;:&quot;0&quot;,&quot;iso&quot;:&quot;0&quot;,&quot;shutter_speed&quot;:&quot;0&quot;,&quot;title&quot;:&quot;anchor and rope design&quot;,&quot;orientation&quot;:&quot;1&quot;}\" data-image-title=\"anchor and rope design\" data-image-description=\"\" data-image-caption=\"\" data-large-file=\"https:\/\/i0.wp.com\/pequod.nesodd1.no\/wp-content\/uploads\/2019\/10\/klistremerker-anker-og-tau-design.jpg.jpg?fit=25%2C25&amp;ssl=1\" class=\"alignnone size-full wp-image-16489 jetpack-lazy-image jetpack-lazy-image--handled\" src=\"https:\/\/i0.wp.com\/pequod.nesodd1.no\/wp-content\/uploads\/2019\/10\/klistremerker-anker-og-tau-design.jpg.jpg?resize=25%2C25&amp;ssl=1\" alt=\"\" width=\"25\" height=\"25\" data-attachment-id=\"16489\" data-permalink=\"https:\/\/pequod.nesodd1.no\/?attachment_id=16489\" data-orig-file=\"https:\/\/i0.wp.com\/pequod.nesodd1.no\/wp-content\/uploads\/2019\/10\/klistremerker-anker-og-tau-design.jpg.jpg?fit=25%2C25&amp;ssl=1\" data-orig-size=\"25,25\" data-comments-opened=\"1\" data-image-meta=\"{&quot;aperture&quot;:&quot;0&quot;,&quot;credit&quot;:&quot;tribalium81&quot;,&quot;camera&quot;:&quot;&quot;,&quot;caption&quot;:&quot;&quot;,&quot;created_timestamp&quot;:&quot;0&quot;,&quot;copyright&quot;:&quot;tribalium81&quot;,&quot;focal_length&quot;:&quot;0&quot;,&quot;iso&quot;:&quot;0&quot;,&quot;shutter_speed&quot;:&quot;0&quot;,&quot;title&quot;:&quot;anchor and rope design&quot;,&quot;orientation&quot;:&quot;1&quot;}\" data-image-title=\"anchor and rope design\" data-image-description=\"\" data-image-caption=\"\" data-medium-file=\"https:\/\/i0.wp.com\/pequod.nesodd1.no\/wp-content\/uploads\/2019\/10\/klistremerker-anker-og-tau-design.jpg.jpg?fit=25%2C25&amp;ssl=1\" data-large-file=\"https:\/\/i0.wp.com\/pequod.nesodd1.no\/wp-content\/uploads\/2019\/10\/klistremerker-anker-og-tau-design.jpg.jpg?fit=25%2C25&amp;ssl=1\" data-recalc-dims=\"1\" data-lazy-loaded=\"1\"><\/a><\/strong><\/b><br \/>\n<b>Posisjon:<\/b>&nbsp;57\u00b042\u201940.5\u2033N 11\u00b057\u201956.0\u2033E<br \/>\n<b>Bes\u00f8kt antall ganger: 2<\/b>&nbsp;<b>Sist bes\u00f8kt:<\/b> Juni\/juli 2022. <strong>Webkamera:<\/strong>&nbsp;Nei&nbsp;<a href=\"https:\/\/www.goteborgsgasthamn.se\/\" target=\"_blank\" rel=\"noopener noreferrer\">Hjemmeside<\/a><br \/>\n<b>Fasiliteter:<\/b> Str\u00f8m, vann, toalett, dusj, s\u00f8ppel, gratis wifi, vaskemaskin. Kj\u00f8pesenter og butikker og restauranter i umiddelbar n\u00e6rhet. Og operaen. Bussholdeplasser like ved. G\u00e5avstand til togstasjonen.<br \/>\n<b>Havneavgift (for 29-foter):&nbsp;<\/b>Betalte 429 svenske kroner inkludert str\u00f8m og vann da jeg valgte \u00e5 forh\u00e5ndsbestille via Dockspot. Dyrt nok, men du ligger omtrent i sentrum. Du kan ogs\u00e5 forlenge oppholdet via Dockspot mens du ligger i havna, da betalte jeg 390 kroner. Du betaler ellers til havneverten eller via appen GoMarina. Ingen automat. Du kan ogs\u00e5 betale for dagplass fram til 18.00.<br \/>\n<strong>Fort\u00f8yning:<\/strong>&nbsp;Langsides og i b\u00e5s (med y-bom, som for meg er litt kronglete).<br \/>\n<b>Tilrettelagt for funksjonshemmede:<\/b>: Delvis. Hvis du f\u00e5r longsideplass ved flytebryggene, s\u00e5 ja. Det er vanlig rampe fra bryggene. Toalettanlegget med dusj og do har riktignok en liten trapp inn, men man kan ta inngangen via butikken til venstre for inngangen til servicevakta.<\/p>\n<figure id=\"attachment_24574\" aria-describedby=\"caption-attachment-24574\" style=\"width: 300px\" class=\"wp-caption alignleft\"><a href=\"https:\/\/i0.wp.com\/pequod.nesodd1.no\/wp-content\/uploads\/2022\/07\/IMG-3403.jpg?ssl=1\"><img data-recalc-dims=\"1\" loading=\"lazy\" decoding=\"async\" data-attachment-id=\"24574\" data-permalink=\"https:\/\/pequod.nesodd1.no\/?attachment_id=24574\" data-orig-file=\"https:\/\/i0.wp.com\/pequod.nesodd1.no\/wp-content\/uploads\/2022\/07\/IMG-3403.jpg?fit=960%2C720&amp;ssl=1\" data-orig-size=\"960,720\" data-comments-opened=\"1\" data-image-meta=\"{&quot;aperture&quot;:&quot;0&quot;,&quot;credit&quot;:&quot;&quot;,&quot;camera&quot;:&quot;&quot;,&quot;caption&quot;:&quot;&quot;,&quot;created_timestamp&quot;:&quot;0&quot;,&quot;copyright&quot;:&quot;&quot;,&quot;focal_length&quot;:&quot;0&quot;,&quot;iso&quot;:&quot;0&quot;,&quot;shutter_speed&quot;:&quot;0&quot;,&quot;title&quot;:&quot;&quot;,&quot;orientation&quot;:&quot;0&quot;}\" data-image-title=\"IMG-3403\" data-image-description=\"&lt;p&gt;Sverige, G\u00f6teborg, Lilla Bommen&lt;\/p&gt;\n\" data-image-caption=\"&lt;p&gt;Bes\u00f8ket mitt i 2022&lt;\/p&gt;\n\" data-large-file=\"https:\/\/i0.wp.com\/pequod.nesodd1.no\/wp-content\/uploads\/2022\/07\/IMG-3403.jpg?fit=940%2C705&amp;ssl=1\" class=\"size-medium wp-image-24574\" src=\"https:\/\/i0.wp.com\/pequod.nesodd1.no\/wp-content\/uploads\/2022\/07\/IMG-3403.jpg?resize=300%2C225&#038;ssl=1\" alt=\"\" width=\"300\" height=\"225\" srcset=\"https:\/\/i0.wp.com\/pequod.nesodd1.no\/wp-content\/uploads\/2022\/07\/IMG-3403.jpg?resize=300%2C225&amp;ssl=1 300w, https:\/\/i0.wp.com\/pequod.nesodd1.no\/wp-content\/uploads\/2022\/07\/IMG-3403.jpg?resize=100%2C75&amp;ssl=1 100w, https:\/\/i0.wp.com\/pequod.nesodd1.no\/wp-content\/uploads\/2022\/07\/IMG-3403.jpg?resize=768%2C576&amp;ssl=1 768w, https:\/\/i0.wp.com\/pequod.nesodd1.no\/wp-content\/uploads\/2022\/07\/IMG-3403.jpg?w=960&amp;ssl=1 960w\" sizes=\"auto, (max-width: 300px) 100vw, 300px\" \/><\/a><figcaption id=\"caption-attachment-24574\" class=\"wp-caption-text\">Bes\u00f8ket mitt i 2022<\/figcaption><\/figure>\n<p><strong>OPPDATERING 2022:&nbsp;<\/strong><\/p>\n<p>Mitt andre bes\u00f8k her var egentlig ikke planlagt, men m\u00e5tte innom p\u00e5 grunn av sykdom.<\/p>\n<p>Alt i servicebygget fungerte, og fergene som skapte en del sj\u00f8 og uro har f\u00e5tt nye anl\u00f8p ved en annen kai, s\u00e5 n\u00e5 var det adskillig roligere her. I tillegg var gangbroa over til kj\u00f8pesenteret Nordstan revet. De litt mer slitne elementene av byens befolkning hadde tilhold ved heisen der, like bak servicebygget i 2019, men i \u00e5r s\u00e5 jeg dem ikke.<\/p>\n<p>&#8212;<\/p>\n<p><img data-recalc-dims=\"1\" loading=\"lazy\" decoding=\"async\" data-attachment-id=\"16249\" data-permalink=\"https:\/\/pequod.nesodd1.no\/?attachment_id=16249\" data-orig-file=\"https:\/\/i0.wp.com\/pequod.nesodd1.no\/wp-content\/uploads\/2019\/08\/IMG-1355.jpg?fit=800%2C600&amp;ssl=1\" data-orig-size=\"800,600\" data-comments-opened=\"1\" data-image-meta=\"{&quot;aperture&quot;:&quot;1.8&quot;,&quot;credit&quot;:&quot;&quot;,&quot;camera&quot;:&quot;iPhone 8 Plus&quot;,&quot;caption&quot;:&quot;&quot;,&quot;created_timestamp&quot;:&quot;1566125136&quot;,&quot;copyright&quot;:&quot;&quot;,&quot;focal_length&quot;:&quot;3.99&quot;,&quot;iso&quot;:&quot;20&quot;,&quot;shutter_speed&quot;:&quot;0.0003960396039604&quot;,&quot;title&quot;:&quot;&quot;,&quot;orientation&quot;:&quot;1&quot;}\" data-image-title=\"IMG-1355\" data-image-description=\"&lt;p&gt;G\u00f6teborg, Sverige&lt;\/p&gt;\n\" data-image-caption=\"&lt;p&gt;G\u00f6teborg i 2019 &amp;#8211; sist gang jeg var i Sverige med b\u00e5t.&lt;\/p&gt;\n\" data-large-file=\"https:\/\/i0.wp.com\/pequod.nesodd1.no\/wp-content\/uploads\/2019\/08\/IMG-1355.jpg?fit=800%2C600&amp;ssl=1\" class=\"size-medium wp-image-16249 alignright\" src=\"https:\/\/i0.wp.com\/pequod.nesodd1.no\/wp-content\/uploads\/2019\/08\/IMG-1355.jpg?resize=300%2C225&#038;ssl=1\" alt=\"\" width=\"300\" height=\"225\" srcset=\"https:\/\/i0.wp.com\/pequod.nesodd1.no\/wp-content\/uploads\/2019\/08\/IMG-1355.jpg?resize=300%2C225&amp;ssl=1 300w, https:\/\/i0.wp.com\/pequod.nesodd1.no\/wp-content\/uploads\/2019\/08\/IMG-1355.jpg?resize=100%2C75&amp;ssl=1 100w, https:\/\/i0.wp.com\/pequod.nesodd1.no\/wp-content\/uploads\/2019\/08\/IMG-1355.jpg?resize=768%2C576&amp;ssl=1 768w, https:\/\/i0.wp.com\/pequod.nesodd1.no\/wp-content\/uploads\/2019\/08\/IMG-1355.jpg?w=800&amp;ssl=1 800w\" sizes=\"auto, (max-width: 300px) 100vw, 300px\" \/><\/p>\n<p>\u00c5 ligge midt i G\u00f6teborg kan jeg tenke meg kan bli litt br\u00e5kete p\u00e5 varme sommernatter, det er gjerne slik p\u00e5 gjestehavner som ligger sentralt.<\/p>\n<p>De to nettene jeg l\u00e5 der, natt til l\u00f8rdag og natt til s\u00f8ndag, var det imidlertid ganske s\u00e5 stille, jeg sov godt! Havnevertene var veldig hyggelige og behjelpelige.<\/p>\n<p>Det er ikke noe vakthold i havna n\u00e5r havnevertene ikke er p\u00e5 plass, men jeg tok alt jeg hadde av verdisaker i en sekk da jeg var borte fra b\u00e5ten mesteparten av l\u00f8rdagen. Den ble l\u00e5st inn hos havnekontoret og jeg hentet den dagen etter.<\/p>\n<p>Hadde nemlig h\u00f8rt p\u00e5 forh\u00e5nd at det hadde v\u00e6rt endel tyverier der, men if\u00f8lge havneverten hadde det ikke v\u00e6rt noen slike tilfeller i \u00e5r, Men for sikkerhets skyld fikk jeg alts\u00e5 l\u00e5st inn det jeg kunne f\u00e5 i sekken av l\u00f8se verdigjenstander som kikkert, plotter, b\u00e6rbar VHF, b\u00e6rbar PC osv.<\/p>\n<p>Gjestehavna er noe trang og liten og er ogs\u00e5 stoppested for flere passasjerferger og sightseeingb\u00e5ter, s\u00e5 det kan v\u00e6re noe br\u00e5k\/tuting og sj\u00f8 av den grunn, men du ligger likevel ganske greit til.<\/p>\n<figure id=\"attachment_16602\" aria-describedby=\"caption-attachment-16602\" style=\"width: 300px\" class=\"wp-caption alignleft\"><a href=\"https:\/\/i0.wp.com\/pequod.nesodd1.no\/wp-content\/uploads\/2019\/10\/IMG-1300.jpg?ssl=1\"><img data-recalc-dims=\"1\" loading=\"lazy\" decoding=\"async\" data-attachment-id=\"16602\" data-permalink=\"https:\/\/pequod.nesodd1.no\/?attachment_id=16602\" data-orig-file=\"https:\/\/i0.wp.com\/pequod.nesodd1.no\/wp-content\/uploads\/2019\/10\/IMG-1300.jpg?fit=800%2C600&amp;ssl=1\" data-orig-size=\"800,600\" data-comments-opened=\"1\" data-image-meta=\"{&quot;aperture&quot;:&quot;1.8&quot;,&quot;credit&quot;:&quot;&quot;,&quot;camera&quot;:&quot;iPhone 8 Plus&quot;,&quot;caption&quot;:&quot;&quot;,&quot;created_timestamp&quot;:&quot;1565982006&quot;,&quot;copyright&quot;:&quot;&quot;,&quot;focal_length&quot;:&quot;3.99&quot;,&quot;iso&quot;:&quot;20&quot;,&quot;shutter_speed&quot;:&quot;0.0046296296296296&quot;,&quot;title&quot;:&quot;&quot;,&quot;orientation&quot;:&quot;1&quot;}\" data-image-title=\"IMG-1300\" data-image-description=\"&lt;p&gt;G\u00f6teborg, Lilla Bommen, Sverige&lt;\/p&gt;\n\" data-image-caption=\"&lt;p&gt;M\u00e5let er n\u00e5dd, fort\u00f8yd i G\u00f6teborg&lt;\/p&gt;\n\" data-large-file=\"https:\/\/i0.wp.com\/pequod.nesodd1.no\/wp-content\/uploads\/2019\/10\/IMG-1300.jpg?fit=800%2C600&amp;ssl=1\" class=\"size-medium wp-image-16602\" src=\"https:\/\/i0.wp.com\/pequod.nesodd1.no\/wp-content\/uploads\/2019\/10\/IMG-1300.jpg?resize=300%2C225&#038;ssl=1\" alt=\"\" width=\"300\" height=\"225\" srcset=\"https:\/\/i0.wp.com\/pequod.nesodd1.no\/wp-content\/uploads\/2019\/10\/IMG-1300.jpg?resize=300%2C225&amp;ssl=1 300w, https:\/\/i0.wp.com\/pequod.nesodd1.no\/wp-content\/uploads\/2019\/10\/IMG-1300.jpg?resize=100%2C75&amp;ssl=1 100w, https:\/\/i0.wp.com\/pequod.nesodd1.no\/wp-content\/uploads\/2019\/10\/IMG-1300.jpg?resize=768%2C576&amp;ssl=1 768w, https:\/\/i0.wp.com\/pequod.nesodd1.no\/wp-content\/uploads\/2019\/10\/IMG-1300.jpg?w=800&amp;ssl=1 800w\" sizes=\"auto, (max-width: 300px) 100vw, 300px\" \/><\/a><figcaption id=\"caption-attachment-16602\" class=\"wp-caption-text\">M\u00e5tte flytte herfra, men ingen andre kom.<\/figcaption><\/figure>\n<p>Serviceanlegget var helt standard. OK, men ikke mer. Vaskemaskinen var \u00f8delagt da jeg var der. Det skulle v\u00e6re wifi til gjestehavna, men ingen av de mer kryptiske nettverksnavnene som dukket opp lista mi ville fungere&#8230;<\/p>\n<p>Jeg ringte p\u00e5 forh\u00e5nd for \u00e5 h\u00f8re om det var ledig plass, og en hyggelig havnevert bekreftet det, og ba meg sl\u00e5 p\u00e5 tr\u00e5den n\u00e5r jeg n\u00e6rmet meg, s\u00e5 skulle han finne en fin plass. men det tok litt lengre tid enn jeg hadde regnet med, ikke minst fordi jeg ble stoppet av tollere og vinket inn til land for full kontroll inkludert narkotikahund!<\/p>\n<p>S\u00e5 n\u00e5r jeg n\u00e6rmet meg var nok vakta g\u00e5tt hjem, for det svarte ikke n\u00e5r jeg ringte. I tillegg var det blitt m\u00f8rkt, s\u00e5 da jeg man\u00f8vrerte meg inn tok jeg f\u00f8rste og beste langsides brygge som jeg fant! Dagen etter s\u00e5 jeg at det var en Dockspot-brygge, og da jeg spurte havnevakta sjekket han papirene og sa at jeg m\u00e5tte bytte til ei brygge rett ovenfor, ettersom plassen var bestilt. Jeg gjorde som han sa, men det hadde ikke opp noen b\u00e5t p\u00e5 den plassen da jeg dro etter to netter i havna&#8230;<\/p>\n<p>Beliggenheten er veldig bra, men d\u00e5rlig vakthold\/sikkerhet og mye som ikke fungerte trekker ned. F\u00e5r bare to anker av den grunn pluss for at s\u00e5 mye var i uorden<\/p>\n<p>Men neste gang jeg drar til G\u00f6teborg havner jeg sannsynligvis her uansett ettersom det p\u00e5 det andre alternativet jeg kjenner til, p\u00e5 L\u00e5ngedrag lenger ut, er fort\u00f8yning til p\u00e5ler akter og ilandstigning fra baugen. Noe komplisert n\u00e5r jeg er alene i b\u00e5ten.<\/p>\n<figure id=\"attachment_16629\" aria-describedby=\"caption-attachment-16629\" style=\"width: 1000px\" class=\"wp-caption aligncenter\"><a href=\"https:\/\/i0.wp.com\/pequod.nesodd1.no\/wp-content\/uploads\/2019\/11\/06DF15F2-38C6-4041-8AAA-F69D11C27F0E.jpeg.d5fc05b569238ba42872bab67cf2813c.jpeg?ssl=1\"><img data-recalc-dims=\"1\" loading=\"lazy\" decoding=\"async\" data-attachment-id=\"16629\" data-permalink=\"https:\/\/pequod.nesodd1.no\/?attachment_id=16629\" data-orig-file=\"https:\/\/i0.wp.com\/pequod.nesodd1.no\/wp-content\/uploads\/2019\/11\/06DF15F2-38C6-4041-8AAA-F69D11C27F0E.jpeg.d5fc05b569238ba42872bab67cf2813c.jpeg?fit=1000%2C750&amp;ssl=1\" data-orig-size=\"1000,750\" data-comments-opened=\"1\" data-image-meta=\"{&quot;aperture&quot;:&quot;0&quot;,&quot;credit&quot;:&quot;&quot;,&quot;camera&quot;:&quot;&quot;,&quot;caption&quot;:&quot;&quot;,&quot;created_timestamp&quot;:&quot;0&quot;,&quot;copyright&quot;:&quot;&quot;,&quot;focal_length&quot;:&quot;0&quot;,&quot;iso&quot;:&quot;0&quot;,&quot;shutter_speed&quot;:&quot;0&quot;,&quot;title&quot;:&quot;&quot;,&quot;orientation&quot;:&quot;0&quot;}\" data-image-title=\"06DF15F2-38C6-4041-8AAA-F69D11C27F0E.jpeg.d5fc05b569238ba42872bab67cf2813c\" data-image-description=\"&lt;p&gt;Lilla Bommen, G\u00f6teborg&lt;\/p&gt;\n\" data-image-caption=\"\" data-large-file=\"https:\/\/i0.wp.com\/pequod.nesodd1.no\/wp-content\/uploads\/2019\/11\/06DF15F2-38C6-4041-8AAA-F69D11C27F0E.jpeg.d5fc05b569238ba42872bab67cf2813c.jpeg?fit=940%2C705&amp;ssl=1\" class=\"wp-image-16629 size-full\" src=\"https:\/\/i0.wp.com\/pequod.nesodd1.no\/wp-content\/uploads\/2019\/11\/06DF15F2-38C6-4041-8AAA-F69D11C27F0E.jpeg.d5fc05b569238ba42872bab67cf2813c.jpeg?resize=940%2C705&#038;ssl=1\" alt=\"\" width=\"940\" height=\"705\" srcset=\"https:\/\/i0.wp.com\/pequod.nesodd1.no\/wp-content\/uploads\/2019\/11\/06DF15F2-38C6-4041-8AAA-F69D11C27F0E.jpeg.d5fc05b569238ba42872bab67cf2813c.jpeg?w=1000&amp;ssl=1 1000w, https:\/\/i0.wp.com\/pequod.nesodd1.no\/wp-content\/uploads\/2019\/11\/06DF15F2-38C6-4041-8AAA-F69D11C27F0E.jpeg.d5fc05b569238ba42872bab67cf2813c.jpeg?resize=100%2C75&amp;ssl=1 100w, https:\/\/i0.wp.com\/pequod.nesodd1.no\/wp-content\/uploads\/2019\/11\/06DF15F2-38C6-4041-8AAA-F69D11C27F0E.jpeg.d5fc05b569238ba42872bab67cf2813c.jpeg?resize=300%2C225&amp;ssl=1 300w, https:\/\/i0.wp.com\/pequod.nesodd1.no\/wp-content\/uploads\/2019\/11\/06DF15F2-38C6-4041-8AAA-F69D11C27F0E.jpeg.d5fc05b569238ba42872bab67cf2813c.jpeg?resize=768%2C576&amp;ssl=1 768w\" sizes=\"auto, (max-width: 940px) 100vw, 940px\" \/><\/a><figcaption id=\"caption-attachment-16629\" class=\"wp-caption-text\">P\u00e5 plass p\u00e5 ny plass, men fortsatt tomt p\u00e5 plassen jeg m\u00e5tte flytte fra.<\/figcaption><\/figure>\n<h3>Related Images:<\/h3>","protected":false},"excerpt":{"rendered":"<p>Vurdering (5 anker er best):&nbsp; Posisjon:&nbsp;57\u00b042\u201940.5\u2033N 11\u00b057\u201956.0\u2033E Bes\u00f8kt antall ganger: 2&nbsp;Sist bes\u00f8kt: Juni\/juli 2022. Webkamera:&nbsp;Nei&nbsp;Hjemmeside Fasiliteter: Str\u00f8m, vann, toalett, dusj, s\u00f8ppel, gratis wifi, vaskemaskin. Kj\u00f8pesenter og butikker og restauranter i umiddelbar n\u00e6rhet. Og operaen. Bussholdeplasser like ved. G\u00e5avstand til togstasjonen. Havneavgift (for 29-foter):&nbsp;Betalte 429 svenske kroner inkludert str\u00f8m og vann da jeg valgte \u00e5 forh\u00e5ndsbestille &hellip;<br \/><a href=\"https:\/\/pequod.nesodd1.no\/?page_id=16236\" class=\"more-link pen_element_default pen_icon_arrow_double\">Les<\/a><\/p>\n","protected":false},"author":1,"featured_media":20443,"parent":5493,"menu_order":0,"comment_status":"closed","ping_status":"closed","template":"","meta":{"_crdt_document":"","ngg_post_thumbnail":0,"jetpack_post_was_ever_published":false,"footnotes":""},"class_list":["post-16236","page","type-page","status-publish","has-post-thumbnail","hentry"],"jetpack_shortlink":"https:\/\/wp.me\/P3Zd9b-4dS","jetpack_sharing_enabled":true,"jetpack_likes_enabled":true,"jetpack-related-posts":[],"_links":{"self":[{"href":"https:\/\/pequod.nesodd1.no\/index.php?rest_route=\/wp\/v2\/pages\/16236","targetHints":{"allow":["GET"]}}],"collection":[{"href":"https:\/\/pequod.nesodd1.no\/index.php?rest_route=\/wp\/v2\/pages"}],"about":[{"href":"https:\/\/pequod.nesodd1.no\/index.php?rest_route=\/wp\/v2\/types\/page"}],"author":[{"embeddable":true,"href":"https:\/\/pequod.nesodd1.no\/index.php?rest_route=\/wp\/v2\/users\/1"}],"replies":[{"embeddable":true,"href":"https:\/\/pequod.nesodd1.no\/index.php?rest_route=%2Fwp%2Fv2%2Fcomments&post=16236"}],"version-history":[{"count":20,"href":"https:\/\/pequod.nesodd1.no\/index.php?rest_route=\/wp\/v2\/pages\/16236\/revisions"}],"predecessor-version":[{"id":24665,"href":"https:\/\/pequod.nesodd1.no\/index.php?rest_route=\/wp\/v2\/pages\/16236\/revisions\/24665"}],"up":[{"embeddable":true,"href":"https:\/\/pequod.nesodd1.no\/index.php?rest_route=\/wp\/v2\/pages\/5493"}],"wp:featuredmedia":[{"embeddable":true,"href":"https:\/\/pequod.nesodd1.no\/index.php?rest_route=\/wp\/v2\/media\/20443"}],"wp:attachment":[{"href":"https:\/\/pequod.nesodd1.no\/index.php?rest_route=%2Fwp%2Fv2%2Fmedia&parent=16236"}],"curies":[{"name":"wp","href":"https:\/\/api.w.org\/{rel}","templated":true}]}}