{"id":16490,"date":"2019-10-08T20:26:51","date_gmt":"2019-10-08T18:26:51","guid":{"rendered":"https:\/\/pequod.nesodd1.no\/?page_id=16490"},"modified":"2023-07-10T19:51:41","modified_gmt":"2023-07-10T17:51:41","slug":"edholmen-marina","status":"publish","type":"page","link":"https:\/\/pequod.nesodd1.no\/?page_id=16490","title":{"rendered":"Edholmen Marina"},"content":{"rendered":"<p><strong>Vurdering (5 anker er best):<\/strong> <strong><a href=\"https:\/\/i0.wp.com\/pequod.nesodd1.no\/wp-content\/uploads\/2019\/10\/klistremerker-anker-og-tau-design.jpg.jpg?ssl=1\"><img loading=\"lazy\" decoding=\"async\" data-attachment-id=\"16489\" data-permalink=\"https:\/\/pequod.nesodd1.no\/?attachment_id=16489\" data-orig-file=\"https:\/\/i0.wp.com\/pequod.nesodd1.no\/wp-content\/uploads\/2019\/10\/klistremerker-anker-og-tau-design.jpg.jpg?fit=25%2C25&amp;ssl=1\" data-orig-size=\"25,25\" data-comments-opened=\"1\" data-image-meta=\"{&quot;aperture&quot;:&quot;0&quot;,&quot;credit&quot;:&quot;tribalium81&quot;,&quot;camera&quot;:&quot;&quot;,&quot;caption&quot;:&quot;&quot;,&quot;created_timestamp&quot;:&quot;0&quot;,&quot;copyright&quot;:&quot;tribalium81&quot;,&quot;focal_length&quot;:&quot;0&quot;,&quot;iso&quot;:&quot;0&quot;,&quot;shutter_speed&quot;:&quot;0&quot;,&quot;title&quot;:&quot;anchor and rope design&quot;,&quot;orientation&quot;:&quot;1&quot;}\" data-image-title=\"anchor and rope design\" data-image-description=\"\" data-image-caption=\"\" data-large-file=\"https:\/\/i0.wp.com\/pequod.nesodd1.no\/wp-content\/uploads\/2019\/10\/klistremerker-anker-og-tau-design.jpg.jpg?fit=25%2C25&amp;ssl=1\" class=\"alignnone size-full wp-image-16489\" src=\"https:\/\/i0.wp.com\/pequod.nesodd1.no\/wp-content\/uploads\/2019\/10\/klistremerker-anker-og-tau-design.jpg.jpg?resize=25%2C25&amp;ssl=1\" alt=\"\" width=\"25\" height=\"25\" data-attachment-id=\"16489\" data-permalink=\"https:\/\/pequod.nesodd1.no\/?attachment_id=16489\" data-orig-file=\"https:\/\/i0.wp.com\/pequod.nesodd1.no\/wp-content\/uploads\/2019\/10\/klistremerker-anker-og-tau-design.jpg.jpg?fit=25%2C25&amp;ssl=1\" data-orig-size=\"25,25\" data-comments-opened=\"1\" data-image-meta=\"{&quot;aperture&quot;:&quot;0&quot;,&quot;credit&quot;:&quot;tribalium81&quot;,&quot;camera&quot;:&quot;&quot;,&quot;caption&quot;:&quot;&quot;,&quot;created_timestamp&quot;:&quot;0&quot;,&quot;copyright&quot;:&quot;tribalium81&quot;,&quot;focal_length&quot;:&quot;0&quot;,&quot;iso&quot;:&quot;0&quot;,&quot;shutter_speed&quot;:&quot;0&quot;,&quot;title&quot;:&quot;anchor and rope design&quot;,&quot;orientation&quot;:&quot;1&quot;}\" data-image-title=\"anchor and rope design\" data-image-description=\"\" data-medium-file=\"https:\/\/i0.wp.com\/pequod.nesodd1.no\/wp-content\/uploads\/2019\/10\/klistremerker-anker-og-tau-design.jpg.jpg?fit=25%2C25&amp;ssl=1\" data-large-file=\"https:\/\/i0.wp.com\/pequod.nesodd1.no\/wp-content\/uploads\/2019\/10\/klistremerker-anker-og-tau-design.jpg.jpg?fit=25%2C25&amp;ssl=1\"><\/a><a href=\"https:\/\/i0.wp.com\/pequod.nesodd1.no\/wp-content\/uploads\/2019\/10\/klistremerker-anker-og-tau-design.jpg.jpg?ssl=1\"><img loading=\"lazy\" decoding=\"async\" data-attachment-id=\"16489\" data-permalink=\"https:\/\/pequod.nesodd1.no\/?attachment_id=16489\" data-orig-file=\"https:\/\/i0.wp.com\/pequod.nesodd1.no\/wp-content\/uploads\/2019\/10\/klistremerker-anker-og-tau-design.jpg.jpg?fit=25%2C25&amp;ssl=1\" data-orig-size=\"25,25\" data-comments-opened=\"1\" data-image-meta=\"{&quot;aperture&quot;:&quot;0&quot;,&quot;credit&quot;:&quot;tribalium81&quot;,&quot;camera&quot;:&quot;&quot;,&quot;caption&quot;:&quot;&quot;,&quot;created_timestamp&quot;:&quot;0&quot;,&quot;copyright&quot;:&quot;tribalium81&quot;,&quot;focal_length&quot;:&quot;0&quot;,&quot;iso&quot;:&quot;0&quot;,&quot;shutter_speed&quot;:&quot;0&quot;,&quot;title&quot;:&quot;anchor and rope design&quot;,&quot;orientation&quot;:&quot;1&quot;}\" data-image-title=\"anchor and rope design\" data-image-description=\"\" data-image-caption=\"\" data-large-file=\"https:\/\/i0.wp.com\/pequod.nesodd1.no\/wp-content\/uploads\/2019\/10\/klistremerker-anker-og-tau-design.jpg.jpg?fit=25%2C25&amp;ssl=1\" class=\"alignnone size-full wp-image-16489\" src=\"https:\/\/i0.wp.com\/pequod.nesodd1.no\/wp-content\/uploads\/2019\/10\/klistremerker-anker-og-tau-design.jpg.jpg?resize=25%2C25&amp;ssl=1\" alt=\"\" width=\"25\" height=\"25\" data-attachment-id=\"16489\" data-permalink=\"https:\/\/pequod.nesodd1.no\/?attachment_id=16489\" data-orig-file=\"https:\/\/i0.wp.com\/pequod.nesodd1.no\/wp-content\/uploads\/2019\/10\/klistremerker-anker-og-tau-design.jpg.jpg?fit=25%2C25&amp;ssl=1\" data-orig-size=\"25,25\" data-comments-opened=\"1\" data-image-meta=\"{&quot;aperture&quot;:&quot;0&quot;,&quot;credit&quot;:&quot;tribalium81&quot;,&quot;camera&quot;:&quot;&quot;,&quot;caption&quot;:&quot;&quot;,&quot;created_timestamp&quot;:&quot;0&quot;,&quot;copyright&quot;:&quot;tribalium81&quot;,&quot;focal_length&quot;:&quot;0&quot;,&quot;iso&quot;:&quot;0&quot;,&quot;shutter_speed&quot;:&quot;0&quot;,&quot;title&quot;:&quot;anchor and rope design&quot;,&quot;orientation&quot;:&quot;1&quot;}\" data-image-title=\"anchor and rope design\" data-image-description=\"\" data-medium-file=\"https:\/\/i0.wp.com\/pequod.nesodd1.no\/wp-content\/uploads\/2019\/10\/klistremerker-anker-og-tau-design.jpg.jpg?fit=25%2C25&amp;ssl=1\" data-large-file=\"https:\/\/i0.wp.com\/pequod.nesodd1.no\/wp-content\/uploads\/2019\/10\/klistremerker-anker-og-tau-design.jpg.jpg?fit=25%2C25&amp;ssl=1\"><\/a><\/strong><br \/>\n<b>Posisjon:<\/b> 59\u00b05&#8217;4.7&#8243;N 11\u00b04&#8217;12.9&#8243;E<br \/>\n<b>Bes\u00f8kt antall ganger:<\/b> 3 <b>Sist bes\u00f8kt:<\/b> Juni 2022 <strong>Webkamera:<\/strong> <a href=\"https:\/\/enlaps-media.s3.eu-west-1.amazonaws.com\/photos\/original\/322241860_6c173ebb-d9ad-4efc-813e-a460e7c97d6d.jpg?X-Amz-Algorithm=AWS4-HMAC-SHA256&amp;X-Amz-Credential=AKIA2BWUGLAFC4XNRBWV%2F20230710%2Feu-west-1%2Fs3%2Faws4_request&amp;X-Amz-Date=20230710T175020Z&amp;X-Amz-Expires=86400&amp;X-Amz-SignedHeaders=host&amp;X-Amz-Signature=153b45665382f24c1cd885966cf74a0abd8c5d4778f2f6562b03aafbff3afffe\" target=\"_blank\" rel=\"noopener\">Ja<\/a> <a href=\"https:\/\/www.edholmenmarina.no\/\" target=\"_blank\" rel=\"noopener\">Hjemmeside<\/a><br \/>\n<b>Fasiliteter:<\/b> Str\u00f8m og vann. Drivstoff. Liten brakkekiosk\/kafe med uteplasser. Toalett som er tilgjengelig n\u00e5r kiosken er \u00e5pen. Ny restaurant.<br \/>\n<b>Havneavgift (for 29-foter): <\/b>250 NOK. Da jeg var der i oktober var alt stengt. P\u00e5 et skilt kunne man vippse havneavgiften som n\u00e5 utenfor sesong var satt ned til 150 kroner. Man kunne ogs\u00e5 putte kontanter i en postkasse.<br \/>\n<b>Fort\u00f8yning: <\/b>B\u00e5ser og langsides.<br \/>\n<b>Tilrettelagt for funksjonshemmede:&nbsp;<\/b>Mulig. Det ser i alle fall ut til at det er tenkt s\u00e5 langt ettersom det er bygd rullestolramper b\u00e5de her og der.<\/p>\n<p><a href=\"https:\/\/i0.wp.com\/pequod.nesodd1.no\/wp-content\/uploads\/2019\/10\/IMG-2213.jpg?ssl=1\"><img data-recalc-dims=\"1\" loading=\"lazy\" decoding=\"async\" data-attachment-id=\"16495\" data-permalink=\"https:\/\/pequod.nesodd1.no\/?attachment_id=16495\" data-orig-file=\"https:\/\/i0.wp.com\/pequod.nesodd1.no\/wp-content\/uploads\/2019\/10\/IMG-2213.jpg?fit=800%2C600&amp;ssl=1\" data-orig-size=\"800,600\" data-comments-opened=\"1\" data-image-meta=\"{&quot;aperture&quot;:&quot;1.8&quot;,&quot;credit&quot;:&quot;&quot;,&quot;camera&quot;:&quot;iPhone 8 Plus&quot;,&quot;caption&quot;:&quot;&quot;,&quot;created_timestamp&quot;:&quot;1570283998&quot;,&quot;copyright&quot;:&quot;&quot;,&quot;focal_length&quot;:&quot;3.99&quot;,&quot;iso&quot;:&quot;20&quot;,&quot;shutter_speed&quot;:&quot;0.00045808520384792&quot;,&quot;title&quot;:&quot;&quot;,&quot;orientation&quot;:&quot;1&quot;}\" data-image-title=\"IMG-2213\" data-image-description=\"&lt;p&gt;Edholmen&lt;\/p&gt;\n\" data-image-caption=\"\" data-large-file=\"https:\/\/i0.wp.com\/pequod.nesodd1.no\/wp-content\/uploads\/2019\/10\/IMG-2213.jpg?fit=800%2C600&amp;ssl=1\" class=\"size-medium wp-image-16495 alignleft\" src=\"https:\/\/i0.wp.com\/pequod.nesodd1.no\/wp-content\/uploads\/2019\/10\/IMG-2213.jpg?resize=300%2C225&#038;ssl=1\" alt=\"\" width=\"300\" height=\"225\" srcset=\"https:\/\/i0.wp.com\/pequod.nesodd1.no\/wp-content\/uploads\/2019\/10\/IMG-2213.jpg?resize=300%2C225&amp;ssl=1 300w, https:\/\/i0.wp.com\/pequod.nesodd1.no\/wp-content\/uploads\/2019\/10\/IMG-2213.jpg?resize=100%2C75&amp;ssl=1 100w, https:\/\/i0.wp.com\/pequod.nesodd1.no\/wp-content\/uploads\/2019\/10\/IMG-2213.jpg?resize=768%2C576&amp;ssl=1 768w, https:\/\/i0.wp.com\/pequod.nesodd1.no\/wp-content\/uploads\/2019\/10\/IMG-2213.jpg?w=800&amp;ssl=1 800w\" sizes=\"auto, (max-width: 300px) 100vw, 300px\" \/><\/a>Edholmen Marina har i lengre tid hatt et litt d\u00e5rlig rykte p\u00e5 seg, s\u00e5 vidt jeg har kunnet lese p\u00e5 nett. Det har v\u00e6rt mye som har skjedd der og noen konkurser ogs\u00e5 opp gjennom \u00e5rene.<\/p>\n<p>Har hatt inntrykk av at stedet har ligget brakk i lengre tid ut ifra det jeg har lest.<\/p>\n<p>Men n\u00e5 har stedet f\u00e5tt nye eiere\/drivere og det ser ut som om de har tenkt \u00e5 f\u00e5 gjort noe med stedet. Bryggene s\u00e5 ganske nye ut og et nytt anlegg for drivstoff var ogs\u00e5 p\u00e5 plass da jeg var der for f\u00f8rste gang h\u00f8sten 2019.<\/p>\n<p>Forel\u00f8pig er det bare plassert et par brakker p\u00e5 land som s\u00f8rger for det viktigste, men p\u00e5 en av dem sto et st\u00f8rre oppslag som viser hvordan stedet er planlagt \u00e5 se ut n\u00e5r det er ferdig. Og det s\u00e5 jo virkelig fint ut!<\/p>\n<p>Byggearbeidene startet i mai 2019. Det skal blant annet bygges restaurant, butikk og b\u00e5tverksted, og sannsynligvis boliger?<\/p>\n<p><a href=\"https:\/\/i0.wp.com\/pequod.nesodd1.no\/wp-content\/uploads\/2019\/10\/IMG-2212.jpg?ssl=1\"><img data-recalc-dims=\"1\" loading=\"lazy\" decoding=\"async\" data-attachment-id=\"16493\" data-permalink=\"https:\/\/pequod.nesodd1.no\/?attachment_id=16493\" data-orig-file=\"https:\/\/i0.wp.com\/pequod.nesodd1.no\/wp-content\/uploads\/2019\/10\/IMG-2212.jpg?fit=800%2C600&amp;ssl=1\" data-orig-size=\"800,600\" data-comments-opened=\"1\" data-image-meta=\"{&quot;aperture&quot;:&quot;1.8&quot;,&quot;credit&quot;:&quot;&quot;,&quot;camera&quot;:&quot;iPhone 8 Plus&quot;,&quot;caption&quot;:&quot;&quot;,&quot;created_timestamp&quot;:&quot;1570283888&quot;,&quot;copyright&quot;:&quot;&quot;,&quot;focal_length&quot;:&quot;3.99&quot;,&quot;iso&quot;:&quot;20&quot;,&quot;shutter_speed&quot;:&quot;0.00045808520384792&quot;,&quot;title&quot;:&quot;&quot;,&quot;orientation&quot;:&quot;1&quot;}\" data-image-title=\"IMG-2212\" data-image-description=\"&lt;p&gt;Edholmen&lt;\/p&gt;\n\" data-image-caption=\"\" data-large-file=\"https:\/\/i0.wp.com\/pequod.nesodd1.no\/wp-content\/uploads\/2019\/10\/IMG-2212.jpg?fit=800%2C600&amp;ssl=1\" class=\"size-medium wp-image-16493 alignleft\" src=\"https:\/\/i0.wp.com\/pequod.nesodd1.no\/wp-content\/uploads\/2019\/10\/IMG-2212.jpg?resize=300%2C225&#038;ssl=1\" alt=\"\" width=\"300\" height=\"225\" srcset=\"https:\/\/i0.wp.com\/pequod.nesodd1.no\/wp-content\/uploads\/2019\/10\/IMG-2212.jpg?resize=300%2C225&amp;ssl=1 300w, https:\/\/i0.wp.com\/pequod.nesodd1.no\/wp-content\/uploads\/2019\/10\/IMG-2212.jpg?resize=100%2C75&amp;ssl=1 100w, https:\/\/i0.wp.com\/pequod.nesodd1.no\/wp-content\/uploads\/2019\/10\/IMG-2212.jpg?resize=768%2C576&amp;ssl=1 768w, https:\/\/i0.wp.com\/pequod.nesodd1.no\/wp-content\/uploads\/2019\/10\/IMG-2212.jpg?w=800&amp;ssl=1 800w\" sizes=\"auto, (max-width: 300px) 100vw, 300px\" \/><\/a>Med tanke p\u00e5 det fine h\u00f8stv\u00e6ret var jeg litt overrasket over at kiosken ikke var \u00e5pen p\u00e5 en l\u00f8rdag &#8211; mange fortsetter jo i det minste \u00e5 ha \u00e5pent i helgene etter at toppsesongen er over &#8211; men samtidig var det jo fryktelig stille der.<\/p>\n<p>Det blir nok et nytt bes\u00f8k her til neste \u00e5r for \u00e5 se om de er kommet videre med planene sine. Beliggenheten er det i alle fall ikke noe \u00e5 si p\u00e5. Og dieselprisen var i det minste under 12 kroner! Ikke noe problemer med dieselen heller, Var flere som fylte der etter at jeg hadde gjort mitt ogs\u00e5.<\/p>\n<figure id=\"attachment_20150\" aria-describedby=\"caption-attachment-20150\" style=\"width: 300px\" class=\"wp-caption alignright\"><a href=\"https:\/\/i0.wp.com\/pequod.nesodd1.no\/wp-content\/uploads\/2020\/10\/121653142_10157359893337032_3497054966822289016_n.jpg?ssl=1\"><img data-recalc-dims=\"1\" loading=\"lazy\" decoding=\"async\" data-attachment-id=\"20150\" data-permalink=\"https:\/\/pequod.nesodd1.no\/?attachment_id=20150\" data-orig-file=\"https:\/\/i0.wp.com\/pequod.nesodd1.no\/wp-content\/uploads\/2020\/10\/121653142_10157359893337032_3497054966822289016_n.jpg?fit=640%2C480&amp;ssl=1\" data-orig-size=\"640,480\" data-comments-opened=\"1\" data-image-meta=\"{&quot;aperture&quot;:&quot;0&quot;,&quot;credit&quot;:&quot;&quot;,&quot;camera&quot;:&quot;&quot;,&quot;caption&quot;:&quot;&quot;,&quot;created_timestamp&quot;:&quot;0&quot;,&quot;copyright&quot;:&quot;&quot;,&quot;focal_length&quot;:&quot;0&quot;,&quot;iso&quot;:&quot;0&quot;,&quot;shutter_speed&quot;:&quot;0&quot;,&quot;title&quot;:&quot;&quot;,&quot;orientation&quot;:&quot;0&quot;}\" data-image-title=\"121653142_10157359893337032_3497054966822289016_n\" data-image-description=\"&lt;p&gt;Edholmen&lt;\/p&gt;\n\" data-image-caption=\"&lt;p&gt;Edholmen i 2020&lt;\/p&gt;\n\" data-large-file=\"https:\/\/i0.wp.com\/pequod.nesodd1.no\/wp-content\/uploads\/2020\/10\/121653142_10157359893337032_3497054966822289016_n.jpg?fit=640%2C480&amp;ssl=1\" class=\"size-medium wp-image-20150\" src=\"https:\/\/i0.wp.com\/pequod.nesodd1.no\/wp-content\/uploads\/2020\/10\/121653142_10157359893337032_3497054966822289016_n.jpg?resize=300%2C225&#038;ssl=1\" alt=\"\" width=\"300\" height=\"225\" srcset=\"https:\/\/i0.wp.com\/pequod.nesodd1.no\/wp-content\/uploads\/2020\/10\/121653142_10157359893337032_3497054966822289016_n.jpg?resize=300%2C225&amp;ssl=1 300w, https:\/\/i0.wp.com\/pequod.nesodd1.no\/wp-content\/uploads\/2020\/10\/121653142_10157359893337032_3497054966822289016_n.jpg?resize=100%2C75&amp;ssl=1 100w, https:\/\/i0.wp.com\/pequod.nesodd1.no\/wp-content\/uploads\/2020\/10\/121653142_10157359893337032_3497054966822289016_n.jpg?w=640&amp;ssl=1 640w\" sizes=\"auto, (max-width: 300px) 100vw, 300px\" \/><\/a><figcaption id=\"caption-attachment-20150\" class=\"wp-caption-text\">Edholmen i 2020<\/figcaption><\/figure>\n<p><strong>OPPDATERING 2020:&nbsp;<\/strong><\/p>\n<p>Var p\u00e5 mitt andre bes\u00f8k her ganske n\u00f8yaktig ett \u00e5r etter det f\u00f8rste. Omtrent ingenting har skjedd her siden jeg var her sist.<\/p>\n<p>Om det skyldes finansieringsproblemer, koronasituasjonen eller begge deler vet jeg ikke, men omtrent null har skjedd.<\/p>\n<p>S\u00e5 bildet under er fortsatt en tegning, for \u00e5 si det slik&#8230; Har likevel, under tvil, gitt havna vurderingen to anker.<\/p>\n<p><strong>OPPDATERING 2022:<\/strong><\/p>\n<p>Var innom her kun for \u00e5 toppe tanken i juni 2022, p\u00e5 vei til Sverigetur. Kan konstatere at mye har skjedd siden siste bes\u00f8k i 2020. Restauranten p\u00e5 tegningen under er p\u00e5 plass og i drift. Pr\u00f8vde den ikke ut siden jeg var p\u00e5 vei til Sverige, men det blir nok et nytt bes\u00f8k her for \u00e5 sjekke n\u00e6rmere ut. Ser ut til \u00e5 kunne bli et fint sted dette. Plasseringen av drivstoffbrygga er forskjellig fra tegningen dog. Den stikker ut fra landsiden, ikke fra den lange flytebrygga.<\/p>\n<figure id=\"attachment_16492\" aria-describedby=\"caption-attachment-16492\" style=\"width: 800px\" class=\"wp-caption aligncenter\"><a href=\"https:\/\/i0.wp.com\/pequod.nesodd1.no\/wp-content\/uploads\/2019\/10\/IMG-2216.jpg?ssl=1\"><img data-recalc-dims=\"1\" loading=\"lazy\" decoding=\"async\" data-attachment-id=\"16492\" data-permalink=\"https:\/\/pequod.nesodd1.no\/?attachment_id=16492\" data-orig-file=\"https:\/\/i0.wp.com\/pequod.nesodd1.no\/wp-content\/uploads\/2019\/10\/IMG-2216.jpg?fit=800%2C600&amp;ssl=1\" data-orig-size=\"800,600\" data-comments-opened=\"1\" data-image-meta=\"{&quot;aperture&quot;:&quot;1.8&quot;,&quot;credit&quot;:&quot;&quot;,&quot;camera&quot;:&quot;iPhone 8 Plus&quot;,&quot;caption&quot;:&quot;&quot;,&quot;created_timestamp&quot;:&quot;1570284056&quot;,&quot;copyright&quot;:&quot;&quot;,&quot;focal_length&quot;:&quot;3.99&quot;,&quot;iso&quot;:&quot;20&quot;,&quot;shutter_speed&quot;:&quot;0.0050761421319797&quot;,&quot;title&quot;:&quot;&quot;,&quot;orientation&quot;:&quot;1&quot;}\" data-image-title=\"IMG-2216\" data-image-description=\"&lt;p&gt;Edholmen&lt;\/p&gt;\n\" data-image-caption=\"&lt;p&gt;Slik skal det se ut p\u00e5 Edholmen n\u00e5r det er ferdig utbygd.&lt;\/p&gt;\n\" data-large-file=\"https:\/\/i0.wp.com\/pequod.nesodd1.no\/wp-content\/uploads\/2019\/10\/IMG-2216.jpg?fit=800%2C600&amp;ssl=1\" class=\"size-full wp-image-16492\" src=\"https:\/\/i0.wp.com\/pequod.nesodd1.no\/wp-content\/uploads\/2019\/10\/IMG-2216.jpg?resize=800%2C600&#038;ssl=1\" alt=\"\" width=\"800\" height=\"600\" srcset=\"https:\/\/i0.wp.com\/pequod.nesodd1.no\/wp-content\/uploads\/2019\/10\/IMG-2216.jpg?w=800&amp;ssl=1 800w, https:\/\/i0.wp.com\/pequod.nesodd1.no\/wp-content\/uploads\/2019\/10\/IMG-2216.jpg?resize=100%2C75&amp;ssl=1 100w, https:\/\/i0.wp.com\/pequod.nesodd1.no\/wp-content\/uploads\/2019\/10\/IMG-2216.jpg?resize=300%2C225&amp;ssl=1 300w, https:\/\/i0.wp.com\/pequod.nesodd1.no\/wp-content\/uploads\/2019\/10\/IMG-2216.jpg?resize=768%2C576&amp;ssl=1 768w\" sizes=\"auto, (max-width: 800px) 100vw, 800px\" \/><\/a><figcaption id=\"caption-attachment-16492\" class=\"wp-caption-text\">Slik skal det se ut p\u00e5 Edholmen n\u00e5r det er ferdig utbygd.<\/figcaption><\/figure>\n<p>&nbsp;<\/p>\n<h3>Related Images:<\/h3>","protected":false},"excerpt":{"rendered":"<p>Vurdering (5 anker er best): Posisjon: 59\u00b05&#8217;4.7&#8243;N 11\u00b04&#8217;12.9&#8243;E Bes\u00f8kt antall ganger: 3 Sist bes\u00f8kt: Juni 2022 Webkamera: Ja Hjemmeside Fasiliteter: Str\u00f8m og vann. Drivstoff. Liten brakkekiosk\/kafe med uteplasser. Toalett som er tilgjengelig n\u00e5r kiosken er \u00e5pen. Ny restaurant. Havneavgift (for 29-foter): 250 NOK. Da jeg var der i oktober var alt stengt. P\u00e5 et skilt &hellip;<br \/><a href=\"https:\/\/pequod.nesodd1.no\/?page_id=16490\" class=\"more-link pen_element_default pen_icon_arrow_double\">Les<\/a><\/p>\n","protected":false},"author":1,"featured_media":16491,"parent":5493,"menu_order":0,"comment_status":"closed","ping_status":"closed","template":"","meta":{"_crdt_document":"","ngg_post_thumbnail":0,"jetpack_post_was_ever_published":false,"footnotes":""},"class_list":["post-16490","page","type-page","status-publish","has-post-thumbnail","hentry"],"jetpack_shortlink":"https:\/\/wp.me\/P3Zd9b-4hY","jetpack_sharing_enabled":true,"jetpack_likes_enabled":true,"jetpack-related-posts":[],"_links":{"self":[{"href":"https:\/\/pequod.nesodd1.no\/index.php?rest_route=\/wp\/v2\/pages\/16490","targetHints":{"allow":["GET"]}}],"collection":[{"href":"https:\/\/pequod.nesodd1.no\/index.php?rest_route=\/wp\/v2\/pages"}],"about":[{"href":"https:\/\/pequod.nesodd1.no\/index.php?rest_route=\/wp\/v2\/types\/page"}],"author":[{"embeddable":true,"href":"https:\/\/pequod.nesodd1.no\/index.php?rest_route=\/wp\/v2\/users\/1"}],"replies":[{"embeddable":true,"href":"https:\/\/pequod.nesodd1.no\/index.php?rest_route=%2Fwp%2Fv2%2Fcomments&post=16490"}],"version-history":[{"count":24,"href":"https:\/\/pequod.nesodd1.no\/index.php?rest_route=\/wp\/v2\/pages\/16490\/revisions"}],"predecessor-version":[{"id":27210,"href":"https:\/\/pequod.nesodd1.no\/index.php?rest_route=\/wp\/v2\/pages\/16490\/revisions\/27210"}],"up":[{"embeddable":true,"href":"https:\/\/pequod.nesodd1.no\/index.php?rest_route=\/wp\/v2\/pages\/5493"}],"wp:featuredmedia":[{"embeddable":true,"href":"https:\/\/pequod.nesodd1.no\/index.php?rest_route=\/wp\/v2\/media\/16491"}],"wp:attachment":[{"href":"https:\/\/pequod.nesodd1.no\/index.php?rest_route=%2Fwp%2Fv2%2Fmedia&parent=16490"}],"curies":[{"name":"wp","href":"https:\/\/api.w.org\/{rel}","templated":true}]}}