{"id":18054,"date":"2020-04-05T15:05:53","date_gmt":"2020-04-05T13:05:53","guid":{"rendered":"https:\/\/pequod.nesodd1.no\/?page_id=18054"},"modified":"2020-11-01T14:53:30","modified_gmt":"2020-11-01T13:53:30","slug":"kuholmen-kristiansand","status":"publish","type":"page","link":"https:\/\/pequod.nesodd1.no\/?page_id=18054","title":{"rendered":"Kuholmen (Kristiansand)"},"content":{"rendered":"<p><strong>Hvor:<\/strong> Kuholmen. Kristiansand<br \/>\n<strong>Posisjon: <\/strong>58\u00b08&#8217;43.2&#8243;N 8\u00b01&#8217;35.2&#8243;E<br \/>\n<strong>Type drivstoff:<\/strong> Diesel &#8211; usikker p\u00e5 om det var bensin der.<br \/>\n<strong>Drivstoffkvalitet:<\/strong>&nbsp;?<br \/>\n<strong>Leverand\u00f8r:<\/strong>&nbsp;\u2013<br \/>\n<strong>Pumpe:<\/strong> Manuell\/automat?<br \/>\n<strong>Pris (dato sist jeg fylte) :<\/strong> <strong>Under 12 <\/strong>(August 2018) Husker ikke n\u00f8yaktig hva det kostet, men det var litt under 12 kroner. Ble anbefalt \u00e5 fylle her framfor den som ligger like ved gjestehavna, som skal v\u00e6re dyr.<br \/>\n<strong>Kommentar:<\/strong> Faktisk litt usikker p\u00e5 om det var automat her. M\u00e5tte g\u00e5 inn i den r\u00f8de bua du ser p\u00e5 bildet for \u00e5 betale, og da m\u00e5tte jeg g\u00e5 tilbake til pumpa for \u00e5 se hva det sto der at jeg skulle betale &#8211; for det s\u00e5 han ikke der han satt. Tydeligvis ikke oppkoblet direkte. Hyggelig fyr som holdt p\u00e5 med \u00e5 pusse p\u00e5 en treb\u00e5t like ved. Er bare f\u00e5 minutter fra gjestehavna. Ligger i tilknyting til en sm\u00e5b\u00e5thavn.<\/p>\n<p><a href=\"https:\/\/www.facebook.com\/pages\/category\/Gas-Station\/Kuholmen-marina-1046898602070015\/\" target=\"_blank\" rel=\"noopener noreferrer\">Facebook<\/a><\/p>\n<h3>Related Images:<\/h3>","protected":false},"excerpt":{"rendered":"<p>Hvor: Kuholmen. Kristiansand Posisjon: 58\u00b08&#8217;43.2&#8243;N 8\u00b01&#8217;35.2&#8243;E Type drivstoff: Diesel &#8211; usikker p\u00e5 om det var bensin der. Drivstoffkvalitet:&nbsp;? Leverand\u00f8r:&nbsp;\u2013 Pumpe: Manuell\/automat? Pris (dato sist jeg fylte) : Under 12 (August 2018) Husker ikke n\u00f8yaktig hva det kostet, men det var litt under 12 kroner. Ble anbefalt \u00e5 fylle her framfor den som ligger like ved &hellip;<br \/><a href=\"https:\/\/pequod.nesodd1.no\/?page_id=18054\" class=\"more-link pen_element_default pen_icon_arrow_double\">Les<\/a><\/p>\n","protected":false},"author":1,"featured_media":14571,"parent":10056,"menu_order":0,"comment_status":"closed","ping_status":"closed","template":"","meta":{"_crdt_document":"","ngg_post_thumbnail":0,"jetpack_post_was_ever_published":false,"footnotes":""},"class_list":["post-18054","page","type-page","status-publish","has-post-thumbnail","hentry"],"jetpack_shortlink":"https:\/\/wp.me\/P3Zd9b-4Hc","jetpack_sharing_enabled":true,"jetpack_likes_enabled":true,"jetpack-related-posts":[],"_links":{"self":[{"href":"https:\/\/pequod.nesodd1.no\/index.php?rest_route=\/wp\/v2\/pages\/18054","targetHints":{"allow":["GET"]}}],"collection":[{"href":"https:\/\/pequod.nesodd1.no\/index.php?rest_route=\/wp\/v2\/pages"}],"about":[{"href":"https:\/\/pequod.nesodd1.no\/index.php?rest_route=\/wp\/v2\/types\/page"}],"author":[{"embeddable":true,"href":"https:\/\/pequod.nesodd1.no\/index.php?rest_route=\/wp\/v2\/users\/1"}],"replies":[{"embeddable":true,"href":"https:\/\/pequod.nesodd1.no\/index.php?rest_route=%2Fwp%2Fv2%2Fcomments&post=18054"}],"version-history":[{"count":2,"href":"https:\/\/pequod.nesodd1.no\/index.php?rest_route=\/wp\/v2\/pages\/18054\/revisions"}],"predecessor-version":[{"id":20525,"href":"https:\/\/pequod.nesodd1.no\/index.php?rest_route=\/wp\/v2\/pages\/18054\/revisions\/20525"}],"up":[{"embeddable":true,"href":"https:\/\/pequod.nesodd1.no\/index.php?rest_route=\/wp\/v2\/pages\/10056"}],"wp:featuredmedia":[{"embeddable":true,"href":"https:\/\/pequod.nesodd1.no\/index.php?rest_route=\/wp\/v2\/media\/14571"}],"wp:attachment":[{"href":"https:\/\/pequod.nesodd1.no\/index.php?rest_route=%2Fwp%2Fv2%2Fmedia&parent=18054"}],"curies":[{"name":"wp","href":"https:\/\/api.w.org\/{rel}","templated":true}]}}