{"id":18132,"date":"2020-04-11T21:59:21","date_gmt":"2020-04-11T19:59:21","guid":{"rendered":"https:\/\/pequod.nesodd1.no\/?page_id=18132"},"modified":"2020-04-12T01:14:47","modified_gmt":"2020-04-11T23:14:47","slug":"vindfangerbukta-heitmann","status":"publish","type":"page","link":"https:\/\/pequod.nesodd1.no\/?page_id=18132","title":{"rendered":"Vindfangerbukta (Heitmann)"},"content":{"rendered":"<p><strong>Hvor:<\/strong> Vindfangerbukta hos Heitmann Marin<br \/>\n<strong>Posisjon:<\/strong> &#8211;<br \/>\n<strong>Type drivstoff:<\/strong> Tror det bare var diesel<br \/>\n<strong>Drivstoffkvalitet:<\/strong> ?<br \/>\n<strong>Leverand\u00f8r:<\/strong> \u2013<br \/>\n<strong>Pumpe:<\/strong> 24-timers automat<br \/>\n<strong>Pris (dato sist jeg fylte) : <span style=\"color: #ff0000;\">14,50<\/span><\/strong> (Sommer 2014) I april 2019 ligger prisen p\u00e5 <strong><span style=\"color: #ff0000;\">15,50<\/span><\/strong> if\u00f8lge en stakkar som fylte der.<br \/>\n<strong>Kommentar:<\/strong>&nbsp;<span style=\"color: #ff0000;\">Disse utsugerne tar jeg bare med p\u00e5 denne oversikten for \u00e5 advare alle om <strong>\u00e5 ikke<\/strong> fylle der. Jeg oppgir ikke posisjon eller gidder \u00e5 slenge p\u00e5 noe bilde heller. Disse utsugerne fortjener ikke \u00e5 f\u00e5 kunder, de burde boikottes av alle b\u00e5tfolk. <strong>Dette er sannsynligvis Norges dyreste diesel,&nbsp;<\/strong>og de som er ansvarlig for denne prissettingen kan dra til helvete alle sammen. Disse ligger konstant fire-fem-seks kroner over alle andre utsalgssteder i hele Oslofjorden. Jeg har aldri h\u00f8rt om noen som selger b\u00e5tdiesel dyrere enn disse.<\/span><\/p>\n<p>Rett ved siden av disse kvakksalverne ligger havna til Dr\u00f8bak b\u00e5tforening, de selger dieselen fire-fem kroner rimeligere. Ogs\u00e5 S\u00e6tre p\u00e5 andre siden av H\u00e5\u00f8ya selger diesel en femmer billigere, og i Son finner du ogs\u00e5 billigere diesel, s\u00e5 det er overhodet ingen grunn til \u00e5 fylle hos dette pakket.<\/p>\n<p>Og ingenting tyder p\u00e5 at disse arrogante gribbene tenker \u00e5 gj\u00f8re noe med dette heller. Jeg har fylt diesel forskjellige steder mellom Oslo og Farsund i over seks \u00e5r, og har aldri kommet i n\u00e6rheten av \u00e5 m\u00e5tte betale s\u00e5 mye for dr\u00e5pene som her. S\u00e5 ingenting tyder p\u00e5 at de har tenkt \u00e5 senke \u00e5gerprisene sine. <span style=\"color: #ff0000;\"><strong>Selv kj\u00f8rer jeg heller tanken tom og blir slept hjem av Redningssk\u00f8yta enn \u00e5 m\u00f8kke til b\u00e5ten min med \u00e5 fylle p\u00e5 denne drittplassen en gang til.<\/strong><\/span><\/p>\n<p>Den f\u00f8rste og eneste gangen jeg tanket her var i 2014, da jeg s\u00e5 at det var lite diesel igjen p\u00e5 tanken p\u00e5 den gamle snekka mi, og jeg var usikker p\u00e5 om det var nok igjen til \u00e5 rekke Nesodden, og jeg hadde allerede brukt den ekstra kanna. Da jeg startet pumpa og s\u00e5 prisen (p\u00e5 den tiden fylte jeg for 8,77 p\u00e5 Oksen\u00f8ya) fikk jeg sjokk! Jeg fylte kun fem liter slik at jeg hadde nok til \u00e5 komme meg hjem, og har aldri v\u00e6rt her siden. Jeg foretrekker \u00e5 krysse forbi Dr\u00f8bak p\u00e5 den andre siden av Oscarsborg, for hver gang jeg ser det store Heitmann-skiltet blir jeg fortsatt b\u00e5de kvalm og sinna.<\/p>\n<p>Det verste er at denne pumpa drives av et firma som selger b\u00e5ter og er i b\u00e5tbransjen, men som alts\u00e5 mangler fullstendig respekt og anstendighet overfor b\u00e5tfolk! Jeg kommer ikke til \u00e5 kj\u00f8pe s\u00e5 mye som en sjakkel hos disse utsugerne &#8211; noensinne.<\/p>\n<p>Fyller du her er du enten stokk dum eller driter penger.<\/p>\n<p><span style=\"color: #ff0000;\"><strong>Styr unna &#8211; bokstavelig talt!<\/strong><\/span><\/p>\n<h3>Related Images:<\/h3>","protected":false},"excerpt":{"rendered":"<p>Hvor: Vindfangerbukta hos Heitmann Marin Posisjon: &#8211; Type drivstoff: Tror det bare var diesel Drivstoffkvalitet: ? Leverand\u00f8r: \u2013 Pumpe: 24-timers automat Pris (dato sist jeg fylte) : 14,50 (Sommer 2014) I april 2019 ligger prisen p\u00e5 15,50 if\u00f8lge en stakkar som fylte der. Kommentar:&nbsp;Disse utsugerne tar jeg bare med p\u00e5 denne oversikten for \u00e5 advare &hellip;<br \/><a href=\"https:\/\/pequod.nesodd1.no\/?page_id=18132\" class=\"more-link pen_element_default pen_icon_arrow_double\">Les<\/a><\/p>\n","protected":false},"author":1,"featured_media":0,"parent":10056,"menu_order":0,"comment_status":"closed","ping_status":"closed","template":"","meta":{"_crdt_document":"","ngg_post_thumbnail":0,"footnotes":""},"class_list":["post-18132","page","type-page","status-publish","hentry"],"jetpack_shortlink":"https:\/\/wp.me\/P3Zd9b-4Is","jetpack_sharing_enabled":true,"jetpack_likes_enabled":true,"jetpack-related-posts":[],"_links":{"self":[{"href":"https:\/\/pequod.nesodd1.no\/index.php?rest_route=\/wp\/v2\/pages\/18132","targetHints":{"allow":["GET"]}}],"collection":[{"href":"https:\/\/pequod.nesodd1.no\/index.php?rest_route=\/wp\/v2\/pages"}],"about":[{"href":"https:\/\/pequod.nesodd1.no\/index.php?rest_route=\/wp\/v2\/types\/page"}],"author":[{"embeddable":true,"href":"https:\/\/pequod.nesodd1.no\/index.php?rest_route=\/wp\/v2\/users\/1"}],"replies":[{"embeddable":true,"href":"https:\/\/pequod.nesodd1.no\/index.php?rest_route=%2Fwp%2Fv2%2Fcomments&post=18132"}],"version-history":[{"count":5,"href":"https:\/\/pequod.nesodd1.no\/index.php?rest_route=\/wp\/v2\/pages\/18132\/revisions"}],"predecessor-version":[{"id":18138,"href":"https:\/\/pequod.nesodd1.no\/index.php?rest_route=\/wp\/v2\/pages\/18132\/revisions\/18138"}],"up":[{"embeddable":true,"href":"https:\/\/pequod.nesodd1.no\/index.php?rest_route=\/wp\/v2\/pages\/10056"}],"wp:attachment":[{"href":"https:\/\/pequod.nesodd1.no\/index.php?rest_route=%2Fwp%2Fv2%2Fmedia&parent=18132"}],"curies":[{"name":"wp","href":"https:\/\/api.w.org\/{rel}","templated":true}]}}