{"id":19855,"date":"2020-09-29T20:36:22","date_gmt":"2020-09-29T18:36:22","guid":{"rendered":"https:\/\/pequod.nesodd1.no\/?page_id=19855"},"modified":"2021-11-26T20:34:49","modified_gmt":"2021-11-26T19:34:49","slug":"sandviga-langoy-agder","status":"publish","type":"page","link":"https:\/\/pequod.nesodd1.no\/?page_id=19855","title":{"rendered":"Sandviga\/Lang\u00f8y (Farsund)"},"content":{"rendered":"<p><strong>Vurdering (5 anker er best):&nbsp;<a href=\"https:\/\/i0.wp.com\/pequod.nesodd1.no\/wp-content\/uploads\/2019\/10\/klistremerker-anker-og-tau-design.jpg.jpg?ssl=1\"><img loading=\"lazy\" decoding=\"async\" data-attachment-id=\"16489\" data-permalink=\"https:\/\/pequod.nesodd1.no\/?attachment_id=16489\" data-orig-file=\"https:\/\/i0.wp.com\/pequod.nesodd1.no\/wp-content\/uploads\/2019\/10\/klistremerker-anker-og-tau-design.jpg.jpg?fit=25%2C25&amp;ssl=1\" data-orig-size=\"25,25\" data-comments-opened=\"1\" data-image-meta=\"{&quot;aperture&quot;:&quot;0&quot;,&quot;credit&quot;:&quot;tribalium81&quot;,&quot;camera&quot;:&quot;&quot;,&quot;caption&quot;:&quot;&quot;,&quot;created_timestamp&quot;:&quot;0&quot;,&quot;copyright&quot;:&quot;tribalium81&quot;,&quot;focal_length&quot;:&quot;0&quot;,&quot;iso&quot;:&quot;0&quot;,&quot;shutter_speed&quot;:&quot;0&quot;,&quot;title&quot;:&quot;anchor and rope design&quot;,&quot;orientation&quot;:&quot;1&quot;}\" data-image-title=\"anchor and rope design\" data-image-description=\"\" data-image-caption=\"\" data-medium-file=\"https:\/\/i0.wp.com\/pequod.nesodd1.no\/wp-content\/uploads\/2019\/10\/klistremerker-anker-og-tau-design.jpg.jpg?fit=25%2C25&amp;ssl=1\" data-large-file=\"https:\/\/i0.wp.com\/pequod.nesodd1.no\/wp-content\/uploads\/2019\/10\/klistremerker-anker-og-tau-design.jpg.jpg?fit=25%2C25&amp;ssl=1\" class=\"alignnone size-full wp-image-16489 jetpack-lazy-image jetpack-lazy-image--handled\" src=\"https:\/\/i0.wp.com\/pequod.nesodd1.no\/wp-content\/uploads\/2019\/10\/klistremerker-anker-og-tau-design.jpg.jpg?resize=25%2C25&amp;ssl=1\" alt=\"\" width=\"25\" height=\"25\" data-attachment-id=\"16489\" data-permalink=\"https:\/\/pequod.nesodd1.no\/?attachment_id=16489\" data-orig-file=\"https:\/\/i0.wp.com\/pequod.nesodd1.no\/wp-content\/uploads\/2019\/10\/klistremerker-anker-og-tau-design.jpg.jpg?fit=25%2C25&amp;ssl=1\" data-orig-size=\"25,25\" data-comments-opened=\"1\" data-image-meta=\"{&quot;aperture&quot;:&quot;0&quot;,&quot;credit&quot;:&quot;tribalium81&quot;,&quot;camera&quot;:&quot;&quot;,&quot;caption&quot;:&quot;&quot;,&quot;created_timestamp&quot;:&quot;0&quot;,&quot;copyright&quot;:&quot;tribalium81&quot;,&quot;focal_length&quot;:&quot;0&quot;,&quot;iso&quot;:&quot;0&quot;,&quot;shutter_speed&quot;:&quot;0&quot;,&quot;title&quot;:&quot;anchor and rope design&quot;,&quot;orientation&quot;:&quot;1&quot;}\" data-image-title=\"anchor and rope design\" data-image-description=\"\" data-medium-file=\"https:\/\/i0.wp.com\/pequod.nesodd1.no\/wp-content\/uploads\/2019\/10\/klistremerker-anker-og-tau-design.jpg.jpg?fit=25%2C25&amp;ssl=1\" data-large-file=\"https:\/\/i0.wp.com\/pequod.nesodd1.no\/wp-content\/uploads\/2019\/10\/klistremerker-anker-og-tau-design.jpg.jpg?fit=25%2C25&amp;ssl=1\" data-lazy-loaded=\"1\"><\/a><\/strong><br \/>\n<strong>Posisjon:<\/strong> 58\u00b04&#8217;40.9&#8243;N 6\u00b052&#8217;5.3&#8243;E<br \/>\n<strong>Antall bes\u00f8k<\/strong>: 1&nbsp;<strong>Sist bes\u00f8kt:&nbsp;<\/strong>18.08.2020.<br \/>\n<strong>Fasiliteter:<\/strong>&nbsp; Sittebenker. Grillplass. S\u00f8ppel.<br \/>\n<b>Fort\u00f8yning:&nbsp;<\/b>Langsides og baug mot brygge og anker akter.<br \/>\n<b>Tilrettelagt for funksjonshemmede:<\/b> Nei. Jeg med protese og krykke klarte ikke \u00e5 komme s\u00e6rlig langt inn p\u00e5 land f\u00f8r jeg m\u00e5tte gi opp.<\/p>\n<p><a href=\"https:\/\/i0.wp.com\/pequod.nesodd1.no\/wp-content\/uploads\/2020\/09\/BA2E9BCF-E778-43B2-800A-D6D5842D3742.jpeg.1011bc614995dcdd6828bef3cf851811.jpeg?ssl=1\"><img data-recalc-dims=\"1\" loading=\"lazy\" decoding=\"async\" data-attachment-id=\"19947\" data-permalink=\"https:\/\/pequod.nesodd1.no\/?attachment_id=19947\" data-orig-file=\"https:\/\/i0.wp.com\/pequod.nesodd1.no\/wp-content\/uploads\/2020\/09\/BA2E9BCF-E778-43B2-800A-D6D5842D3742.jpeg.1011bc614995dcdd6828bef3cf851811.jpeg?fit=640%2C480&amp;ssl=1\" data-orig-size=\"640,480\" data-comments-opened=\"1\" data-image-meta=\"{&quot;aperture&quot;:&quot;0&quot;,&quot;credit&quot;:&quot;&quot;,&quot;camera&quot;:&quot;&quot;,&quot;caption&quot;:&quot;&quot;,&quot;created_timestamp&quot;:&quot;0&quot;,&quot;copyright&quot;:&quot;&quot;,&quot;focal_length&quot;:&quot;0&quot;,&quot;iso&quot;:&quot;0&quot;,&quot;shutter_speed&quot;:&quot;0&quot;,&quot;title&quot;:&quot;&quot;,&quot;orientation&quot;:&quot;0&quot;}\" data-image-title=\"BA2E9BCF-E778-43B2-800A-D6D5842D3742.jpeg.1011bc614995dcdd6828bef3cf851811\" data-image-description=\"&lt;p&gt;Sandviga, Lang\u00f8y, Farsund&lt;\/p&gt;\n\" data-image-caption=\"\" data-medium-file=\"https:\/\/i0.wp.com\/pequod.nesodd1.no\/wp-content\/uploads\/2020\/09\/BA2E9BCF-E778-43B2-800A-D6D5842D3742.jpeg.1011bc614995dcdd6828bef3cf851811.jpeg?fit=300%2C225&amp;ssl=1\" data-large-file=\"https:\/\/i0.wp.com\/pequod.nesodd1.no\/wp-content\/uploads\/2020\/09\/BA2E9BCF-E778-43B2-800A-D6D5842D3742.jpeg.1011bc614995dcdd6828bef3cf851811.jpeg?fit=640%2C480&amp;ssl=1\" class=\"alignleft size-medium wp-image-19947\" src=\"https:\/\/i0.wp.com\/pequod.nesodd1.no\/wp-content\/uploads\/2020\/09\/BA2E9BCF-E778-43B2-800A-D6D5842D3742.jpeg.1011bc614995dcdd6828bef3cf851811.jpeg?resize=300%2C225&#038;ssl=1\" alt=\"\" width=\"300\" height=\"225\" srcset=\"https:\/\/i0.wp.com\/pequod.nesodd1.no\/wp-content\/uploads\/2020\/09\/BA2E9BCF-E778-43B2-800A-D6D5842D3742.jpeg.1011bc614995dcdd6828bef3cf851811.jpeg?resize=300%2C225&amp;ssl=1 300w, https:\/\/i0.wp.com\/pequod.nesodd1.no\/wp-content\/uploads\/2020\/09\/BA2E9BCF-E778-43B2-800A-D6D5842D3742.jpeg.1011bc614995dcdd6828bef3cf851811.jpeg?resize=100%2C75&amp;ssl=1 100w, https:\/\/i0.wp.com\/pequod.nesodd1.no\/wp-content\/uploads\/2020\/09\/BA2E9BCF-E778-43B2-800A-D6D5842D3742.jpeg.1011bc614995dcdd6828bef3cf851811.jpeg?w=640&amp;ssl=1 640w\" sizes=\"auto, (max-width: 300px) 100vw, 300px\" \/><\/a>Sandviga ligger nordvestlig side av Lang\u00f8ya utenfor Farsund, knappe 20 minutter i litt mer enn vanlig snekkefart.<\/p>\n<p>Uthavna ligger litt utsatt til fra b\u00f8lger fra b\u00e5ttrafikken gjennom Indre Spindsfjorden da det ikke er noe le for denne.<\/p>\n<p>Den er veldig enkel med en noe sliten kort L-formet trebrygge. Overhodet ingen fasiliteter utover en sittebenk med bord p\u00e5 brygga og en varmeovn, samt et lite grillsted rett p\u00e5 den delen av landsiden jeg klarte \u00e5 karre meg opp p\u00e5.<\/p>\n<p>Men stille og bekm\u00f8rkt n\u00e5r sola g\u00e5r ned, selv om du kan se lysene fra Farsund og omegn i det fjerne.<\/p>\n<p>Er du av den nerv\u00f8se typen og har en b\u00e5t som stikker dypere enn 1,2-1,5 meter, er ikke dette plassen for deg&#8230;<\/p>\n<p>Selv fort\u00f8yde jeg p\u00e5 kortsiden av brygga, ville ikke tatt sjansen p\u00e5 \u00e5 legge til lengre inn. Liten brygge, s\u00e5 det er ikke plass til veldig mange b\u00e5ter her.<\/p>\n<p>&nbsp;<\/p>\n<p><a href=\"https:\/\/i0.wp.com\/pequod.nesodd1.no\/wp-content\/uploads\/2020\/09\/50793405-C286-467D-9B2C-5D0B2B4F49AD.jpeg.c0bceb49c25bf9e10ac7aaff345145bc.jpeg?ssl=1\"><img data-recalc-dims=\"1\" loading=\"lazy\" decoding=\"async\" data-attachment-id=\"19946\" data-permalink=\"https:\/\/pequod.nesodd1.no\/?attachment_id=19946\" data-orig-file=\"https:\/\/i0.wp.com\/pequod.nesodd1.no\/wp-content\/uploads\/2020\/09\/50793405-C286-467D-9B2C-5D0B2B4F49AD.jpeg.c0bceb49c25bf9e10ac7aaff345145bc.jpeg?fit=640%2C480&amp;ssl=1\" data-orig-size=\"640,480\" data-comments-opened=\"1\" data-image-meta=\"{&quot;aperture&quot;:&quot;0&quot;,&quot;credit&quot;:&quot;&quot;,&quot;camera&quot;:&quot;&quot;,&quot;caption&quot;:&quot;&quot;,&quot;created_timestamp&quot;:&quot;0&quot;,&quot;copyright&quot;:&quot;&quot;,&quot;focal_length&quot;:&quot;0&quot;,&quot;iso&quot;:&quot;0&quot;,&quot;shutter_speed&quot;:&quot;0&quot;,&quot;title&quot;:&quot;&quot;,&quot;orientation&quot;:&quot;0&quot;}\" data-image-title=\"50793405-C286-467D-9B2C-5D0B2B4F49AD.jpeg.c0bceb49c25bf9e10ac7aaff345145bc\" data-image-description=\"&lt;p&gt;Sandviga, Lang\u00f8y, Farsund&lt;\/p&gt;\n\" data-image-caption=\"\" data-medium-file=\"https:\/\/i0.wp.com\/pequod.nesodd1.no\/wp-content\/uploads\/2020\/09\/50793405-C286-467D-9B2C-5D0B2B4F49AD.jpeg.c0bceb49c25bf9e10ac7aaff345145bc.jpeg?fit=300%2C225&amp;ssl=1\" data-large-file=\"https:\/\/i0.wp.com\/pequod.nesodd1.no\/wp-content\/uploads\/2020\/09\/50793405-C286-467D-9B2C-5D0B2B4F49AD.jpeg.c0bceb49c25bf9e10ac7aaff345145bc.jpeg?fit=640%2C480&amp;ssl=1\" class=\"aligncenter size-full wp-image-19946\" src=\"https:\/\/i0.wp.com\/pequod.nesodd1.no\/wp-content\/uploads\/2020\/09\/50793405-C286-467D-9B2C-5D0B2B4F49AD.jpeg.c0bceb49c25bf9e10ac7aaff345145bc.jpeg?resize=640%2C480&#038;ssl=1\" alt=\"\" width=\"640\" height=\"480\" srcset=\"https:\/\/i0.wp.com\/pequod.nesodd1.no\/wp-content\/uploads\/2020\/09\/50793405-C286-467D-9B2C-5D0B2B4F49AD.jpeg.c0bceb49c25bf9e10ac7aaff345145bc.jpeg?w=640&amp;ssl=1 640w, https:\/\/i0.wp.com\/pequod.nesodd1.no\/wp-content\/uploads\/2020\/09\/50793405-C286-467D-9B2C-5D0B2B4F49AD.jpeg.c0bceb49c25bf9e10ac7aaff345145bc.jpeg?resize=300%2C225&amp;ssl=1 300w, https:\/\/i0.wp.com\/pequod.nesodd1.no\/wp-content\/uploads\/2020\/09\/50793405-C286-467D-9B2C-5D0B2B4F49AD.jpeg.c0bceb49c25bf9e10ac7aaff345145bc.jpeg?resize=100%2C75&amp;ssl=1 100w\" sizes=\"auto, (max-width: 640px) 100vw, 640px\" \/><\/a><\/p>\n<h3>Related Images:<\/h3>","protected":false},"excerpt":{"rendered":"<p>Vurdering (5 anker er best):&nbsp; Posisjon: 58\u00b04&#8217;40.9&#8243;N 6\u00b052&#8217;5.3&#8243;E Antall bes\u00f8k: 1&nbsp;Sist bes\u00f8kt:&nbsp;18.08.2020. Fasiliteter:&nbsp; Sittebenker. Grillplass. S\u00f8ppel. Fort\u00f8yning:&nbsp;Langsides og baug mot brygge og anker akter. Tilrettelagt for funksjonshemmede: Nei. Jeg med protese og krykke klarte ikke \u00e5 komme s\u00e6rlig langt inn p\u00e5 land f\u00f8r jeg m\u00e5tte gi opp. Sandviga ligger nordvestlig side av Lang\u00f8ya utenfor Farsund, &hellip;<br \/><a href=\"https:\/\/pequod.nesodd1.no\/?page_id=19855\" class=\"more-link pen_element_default pen_icon_arrow_double\">Les<\/a><\/p>\n","protected":false},"author":1,"featured_media":19948,"parent":5495,"menu_order":0,"comment_status":"closed","ping_status":"closed","template":"","meta":{"_crdt_document":"","ngg_post_thumbnail":0,"jetpack_post_was_ever_published":false,"footnotes":""},"class_list":["post-19855","page","type-page","status-publish","has-post-thumbnail","hentry"],"jetpack_shortlink":"https:\/\/wp.me\/P3Zd9b-5af","jetpack_sharing_enabled":true,"jetpack_likes_enabled":true,"jetpack-related-posts":[],"_links":{"self":[{"href":"https:\/\/pequod.nesodd1.no\/index.php?rest_route=\/wp\/v2\/pages\/19855","targetHints":{"allow":["GET"]}}],"collection":[{"href":"https:\/\/pequod.nesodd1.no\/index.php?rest_route=\/wp\/v2\/pages"}],"about":[{"href":"https:\/\/pequod.nesodd1.no\/index.php?rest_route=\/wp\/v2\/types\/page"}],"author":[{"embeddable":true,"href":"https:\/\/pequod.nesodd1.no\/index.php?rest_route=\/wp\/v2\/users\/1"}],"replies":[{"embeddable":true,"href":"https:\/\/pequod.nesodd1.no\/index.php?rest_route=%2Fwp%2Fv2%2Fcomments&post=19855"}],"version-history":[{"count":7,"href":"https:\/\/pequod.nesodd1.no\/index.php?rest_route=\/wp\/v2\/pages\/19855\/revisions"}],"predecessor-version":[{"id":23454,"href":"https:\/\/pequod.nesodd1.no\/index.php?rest_route=\/wp\/v2\/pages\/19855\/revisions\/23454"}],"up":[{"embeddable":true,"href":"https:\/\/pequod.nesodd1.no\/index.php?rest_route=\/wp\/v2\/pages\/5495"}],"wp:featuredmedia":[{"embeddable":true,"href":"https:\/\/pequod.nesodd1.no\/index.php?rest_route=\/wp\/v2\/media\/19948"}],"wp:attachment":[{"href":"https:\/\/pequod.nesodd1.no\/index.php?rest_route=%2Fwp%2Fv2%2Fmedia&parent=19855"}],"curies":[{"name":"wp","href":"https:\/\/api.w.org\/{rel}","templated":true}]}}