{"id":20672,"date":"2020-11-17T19:53:06","date_gmt":"2020-11-17T18:53:06","guid":{"rendered":"https:\/\/pequod.nesodd1.no\/?page_id=20672"},"modified":"2020-11-17T19:53:06","modified_gmt":"2020-11-17T18:53:06","slug":"tjome-seahorse","status":"publish","type":"page","link":"https:\/\/pequod.nesodd1.no\/?page_id=20672","title":{"rendered":"Tj\u00f8me (Seahorse)"},"content":{"rendered":"<p><strong>Hvor:<\/strong> Seahorse Marina, Ormelet, Tj\u00f8me<br \/>\n<strong>Posisjon:<\/strong>59\u00b06&#8217;26.9&#8243;N 10\u00b025&#8217;5.2&#8243;E<br \/>\n<strong>Type drivstoff:<\/strong> Bensin (?) og diesel<br \/>\n<strong>Drivstoffkvalitet:<\/strong>\u00a0?<br \/>\n<strong>Leverand\u00f8r:<\/strong> ?<br \/>\n<strong>Pumpe:<\/strong>\u00a024-timers automat<br \/>\n<strong>Pris (dato sist jeg fylte) :<\/strong>\u00a0<strong>11.05<\/strong> (September 2020) Kanskje ikke den mest ublu prisen, men samtidig den dyreste dieselen jeg har fylt i 2020 &#8211; s\u00e5 jeg kommer nok ikke innom her s\u00e5 ofte.<br \/>\n<strong>Kommentar:<\/strong> Litt usikker p\u00e5 om det er bensin her, men jeg tror det. Sjekket ikke spesifikt ettersom jeg fyller diesel selv. Drivstoffanlegget ligger rett ved siden av en restaurant, og det er ogs\u00e5 en liten b\u00e5tutstyrsbutikk her, men alt var stengt da jeg var innom.<\/p>\n<p>Skal man f\u00f8rst handle og kanskje spise her, s\u00e5 er vel det et greit sted, men likevel alts\u00e5 noen kroner over hva jeg er vant til. Siden drivstoffm\u00e5leren var nede p\u00e5 det r\u00f8de fylte jeg opp til halv tank. Hadde prisen v\u00e6rt hyggeligere ville jeg nok ha fylt helt opp&#8230;<\/p>\n<h3>Related Images:<\/h3>","protected":false},"excerpt":{"rendered":"<p>Hvor: Seahorse Marina, Ormelet, Tj\u00f8me Posisjon:59\u00b06&#8217;26.9&#8243;N 10\u00b025&#8217;5.2&#8243;E Type drivstoff: Bensin (?) og diesel Drivstoffkvalitet:\u00a0? Leverand\u00f8r: ? Pumpe:\u00a024-timers automat Pris (dato sist jeg fylte) :\u00a011.05 (September 2020) Kanskje ikke den mest ublu prisen, men samtidig den dyreste dieselen jeg har fylt i 2020 &#8211; s\u00e5 jeg kommer nok ikke innom her s\u00e5 ofte. Kommentar: Litt usikker &hellip;<br \/><a href=\"https:\/\/pequod.nesodd1.no\/?page_id=20672\" class=\"more-link pen_element_default pen_icon_arrow_double\">Les<\/a><\/p>\n","protected":false},"author":1,"featured_media":20673,"parent":0,"menu_order":0,"comment_status":"closed","ping_status":"closed","template":"","meta":{"_crdt_document":"","ngg_post_thumbnail":0,"jetpack_post_was_ever_published":false,"footnotes":""},"class_list":["post-20672","page","type-page","status-publish","has-post-thumbnail","hentry"],"jetpack_shortlink":"https:\/\/wp.me\/P3Zd9b-5nq","jetpack_sharing_enabled":true,"jetpack_likes_enabled":true,"jetpack-related-posts":[],"_links":{"self":[{"href":"https:\/\/pequod.nesodd1.no\/index.php?rest_route=\/wp\/v2\/pages\/20672","targetHints":{"allow":["GET"]}}],"collection":[{"href":"https:\/\/pequod.nesodd1.no\/index.php?rest_route=\/wp\/v2\/pages"}],"about":[{"href":"https:\/\/pequod.nesodd1.no\/index.php?rest_route=\/wp\/v2\/types\/page"}],"author":[{"embeddable":true,"href":"https:\/\/pequod.nesodd1.no\/index.php?rest_route=\/wp\/v2\/users\/1"}],"replies":[{"embeddable":true,"href":"https:\/\/pequod.nesodd1.no\/index.php?rest_route=%2Fwp%2Fv2%2Fcomments&post=20672"}],"version-history":[{"count":2,"href":"https:\/\/pequod.nesodd1.no\/index.php?rest_route=\/wp\/v2\/pages\/20672\/revisions"}],"predecessor-version":[{"id":20676,"href":"https:\/\/pequod.nesodd1.no\/index.php?rest_route=\/wp\/v2\/pages\/20672\/revisions\/20676"}],"wp:featuredmedia":[{"embeddable":true,"href":"https:\/\/pequod.nesodd1.no\/index.php?rest_route=\/wp\/v2\/media\/20673"}],"wp:attachment":[{"href":"https:\/\/pequod.nesodd1.no\/index.php?rest_route=%2Fwp%2Fv2%2Fmedia&parent=20672"}],"curies":[{"name":"wp","href":"https:\/\/api.w.org\/{rel}","templated":true}]}}