{"id":23469,"date":"2021-11-27T21:57:38","date_gmt":"2021-11-27T20:57:38","guid":{"rendered":"https:\/\/pequod.nesodd1.no\/?page_id=23469"},"modified":"2025-05-05T15:12:26","modified_gmt":"2025-05-05T13:12:26","slug":"alesund-gjestehavn-brosundet","status":"publish","type":"page","link":"https:\/\/pequod.nesodd1.no\/?page_id=23469","title":{"rendered":"\u00c5lesund gjestehavn (Brosundet)"},"content":{"rendered":"<p><strong>Vurdering (5 anker er best):&nbsp;<a href=\"https:\/\/i0.wp.com\/pequod.nesodd1.no\/wp-content\/uploads\/2019\/10\/klistremerker-anker-og-tau-design.jpg.jpg?ssl=1\"><img loading=\"lazy\" decoding=\"async\" data-attachment-id=\"16489\" data-permalink=\"https:\/\/pequod.nesodd1.no\/?attachment_id=16489\" data-orig-file=\"https:\/\/i0.wp.com\/pequod.nesodd1.no\/wp-content\/uploads\/2019\/10\/klistremerker-anker-og-tau-design.jpg.jpg?fit=25%2C25&amp;ssl=1\" data-orig-size=\"25,25\" data-comments-opened=\"1\" data-image-meta=\"{&quot;aperture&quot;:&quot;0&quot;,&quot;credit&quot;:&quot;tribalium81&quot;,&quot;camera&quot;:&quot;&quot;,&quot;caption&quot;:&quot;&quot;,&quot;created_timestamp&quot;:&quot;0&quot;,&quot;copyright&quot;:&quot;tribalium81&quot;,&quot;focal_length&quot;:&quot;0&quot;,&quot;iso&quot;:&quot;0&quot;,&quot;shutter_speed&quot;:&quot;0&quot;,&quot;title&quot;:&quot;anchor and rope design&quot;,&quot;orientation&quot;:&quot;1&quot;}\" data-image-title=\"anchor and rope design\" data-image-description=\"\" data-image-caption=\"\" data-medium-file=\"https:\/\/i0.wp.com\/pequod.nesodd1.no\/wp-content\/uploads\/2019\/10\/klistremerker-anker-og-tau-design.jpg.jpg?fit=25%2C25&amp;ssl=1\" data-large-file=\"https:\/\/i0.wp.com\/pequod.nesodd1.no\/wp-content\/uploads\/2019\/10\/klistremerker-anker-og-tau-design.jpg.jpg?fit=25%2C25&amp;ssl=1\" class=\"alignnone size-full wp-image-16489\" src=\"https:\/\/i0.wp.com\/pequod.nesodd1.no\/wp-content\/uploads\/2019\/10\/klistremerker-anker-og-tau-design.jpg.jpg?resize=25%2C25&amp;ssl=1\" alt=\"\" width=\"25\" height=\"25\" data-attachment-id=\"16489\" data-permalink=\"https:\/\/pequod.nesodd1.no\/?attachment_id=16489\" data-orig-file=\"https:\/\/i0.wp.com\/pequod.nesodd1.no\/wp-content\/uploads\/2019\/10\/klistremerker-anker-og-tau-design.jpg.jpg?fit=25%2C25&amp;ssl=1\" data-orig-size=\"25,25\" data-comments-opened=\"1\" data-image-meta=\"{&quot;aperture&quot;:&quot;0&quot;,&quot;credit&quot;:&quot;tribalium81&quot;,&quot;camera&quot;:&quot;&quot;,&quot;caption&quot;:&quot;&quot;,&quot;created_timestamp&quot;:&quot;0&quot;,&quot;copyright&quot;:&quot;tribalium81&quot;,&quot;focal_length&quot;:&quot;0&quot;,&quot;iso&quot;:&quot;0&quot;,&quot;shutter_speed&quot;:&quot;0&quot;,&quot;title&quot;:&quot;anchor and rope design&quot;,&quot;orientation&quot;:&quot;1&quot;}\" data-image-title=\"anchor and rope design\" data-image-description=\"\" data-image-caption=\"\" data-medium-file=\"https:\/\/i0.wp.com\/pequod.nesodd1.no\/wp-content\/uploads\/2019\/10\/klistremerker-anker-og-tau-design.jpg.jpg?fit=25%2C25&amp;ssl=1\" data-large-file=\"https:\/\/i0.wp.com\/pequod.nesodd1.no\/wp-content\/uploads\/2019\/10\/klistremerker-anker-og-tau-design.jpg.jpg?fit=25%2C25&amp;ssl=1\"><\/a><a href=\"https:\/\/i0.wp.com\/pequod.nesodd1.no\/wp-content\/uploads\/2019\/10\/klistremerker-anker-og-tau-design.jpg.jpg?ssl=1\"><img loading=\"lazy\" decoding=\"async\" data-attachment-id=\"16489\" data-permalink=\"https:\/\/pequod.nesodd1.no\/?attachment_id=16489\" data-orig-file=\"https:\/\/i0.wp.com\/pequod.nesodd1.no\/wp-content\/uploads\/2019\/10\/klistremerker-anker-og-tau-design.jpg.jpg?fit=25%2C25&amp;ssl=1\" data-orig-size=\"25,25\" data-comments-opened=\"1\" data-image-meta=\"{&quot;aperture&quot;:&quot;0&quot;,&quot;credit&quot;:&quot;tribalium81&quot;,&quot;camera&quot;:&quot;&quot;,&quot;caption&quot;:&quot;&quot;,&quot;created_timestamp&quot;:&quot;0&quot;,&quot;copyright&quot;:&quot;tribalium81&quot;,&quot;focal_length&quot;:&quot;0&quot;,&quot;iso&quot;:&quot;0&quot;,&quot;shutter_speed&quot;:&quot;0&quot;,&quot;title&quot;:&quot;anchor and rope design&quot;,&quot;orientation&quot;:&quot;1&quot;}\" data-image-title=\"anchor and rope design\" data-image-description=\"\" data-image-caption=\"\" data-medium-file=\"https:\/\/i0.wp.com\/pequod.nesodd1.no\/wp-content\/uploads\/2019\/10\/klistremerker-anker-og-tau-design.jpg.jpg?fit=25%2C25&amp;ssl=1\" data-large-file=\"https:\/\/i0.wp.com\/pequod.nesodd1.no\/wp-content\/uploads\/2019\/10\/klistremerker-anker-og-tau-design.jpg.jpg?fit=25%2C25&amp;ssl=1\" class=\"alignnone size-full wp-image-16489\" src=\"https:\/\/i0.wp.com\/pequod.nesodd1.no\/wp-content\/uploads\/2019\/10\/klistremerker-anker-og-tau-design.jpg.jpg?resize=25%2C25&amp;ssl=1\" alt=\"\" width=\"25\" height=\"25\" data-attachment-id=\"16489\" data-permalink=\"https:\/\/pequod.nesodd1.no\/?attachment_id=16489\" data-orig-file=\"https:\/\/i0.wp.com\/pequod.nesodd1.no\/wp-content\/uploads\/2019\/10\/klistremerker-anker-og-tau-design.jpg.jpg?fit=25%2C25&amp;ssl=1\" data-orig-size=\"25,25\" data-comments-opened=\"1\" data-image-meta=\"{&quot;aperture&quot;:&quot;0&quot;,&quot;credit&quot;:&quot;tribalium81&quot;,&quot;camera&quot;:&quot;&quot;,&quot;caption&quot;:&quot;&quot;,&quot;created_timestamp&quot;:&quot;0&quot;,&quot;copyright&quot;:&quot;tribalium81&quot;,&quot;focal_length&quot;:&quot;0&quot;,&quot;iso&quot;:&quot;0&quot;,&quot;shutter_speed&quot;:&quot;0&quot;,&quot;title&quot;:&quot;anchor and rope design&quot;,&quot;orientation&quot;:&quot;1&quot;}\" data-image-title=\"anchor and rope design\" data-image-description=\"\" data-image-caption=\"\" data-medium-file=\"https:\/\/i0.wp.com\/pequod.nesodd1.no\/wp-content\/uploads\/2019\/10\/klistremerker-anker-og-tau-design.jpg.jpg?fit=25%2C25&amp;ssl=1\" data-large-file=\"https:\/\/i0.wp.com\/pequod.nesodd1.no\/wp-content\/uploads\/2019\/10\/klistremerker-anker-og-tau-design.jpg.jpg?fit=25%2C25&amp;ssl=1\"><\/a><a href=\"https:\/\/i0.wp.com\/pequod.nesodd1.no\/wp-content\/uploads\/2019\/10\/klistremerker-anker-og-tau-design.jpg.jpg?ssl=1\"><img loading=\"lazy\" decoding=\"async\" data-attachment-id=\"16489\" data-permalink=\"https:\/\/pequod.nesodd1.no\/?attachment_id=16489\" data-orig-file=\"https:\/\/i0.wp.com\/pequod.nesodd1.no\/wp-content\/uploads\/2019\/10\/klistremerker-anker-og-tau-design.jpg.jpg?fit=25%2C25&amp;ssl=1\" data-orig-size=\"25,25\" data-comments-opened=\"1\" data-image-meta=\"{&quot;aperture&quot;:&quot;0&quot;,&quot;credit&quot;:&quot;tribalium81&quot;,&quot;camera&quot;:&quot;&quot;,&quot;caption&quot;:&quot;&quot;,&quot;created_timestamp&quot;:&quot;0&quot;,&quot;copyright&quot;:&quot;tribalium81&quot;,&quot;focal_length&quot;:&quot;0&quot;,&quot;iso&quot;:&quot;0&quot;,&quot;shutter_speed&quot;:&quot;0&quot;,&quot;title&quot;:&quot;anchor and rope design&quot;,&quot;orientation&quot;:&quot;1&quot;}\" data-image-title=\"anchor and rope design\" data-image-description=\"\" data-image-caption=\"\" data-medium-file=\"https:\/\/i0.wp.com\/pequod.nesodd1.no\/wp-content\/uploads\/2019\/10\/klistremerker-anker-og-tau-design.jpg.jpg?fit=25%2C25&amp;ssl=1\" data-large-file=\"https:\/\/i0.wp.com\/pequod.nesodd1.no\/wp-content\/uploads\/2019\/10\/klistremerker-anker-og-tau-design.jpg.jpg?fit=25%2C25&amp;ssl=1\" class=\"alignnone size-full wp-image-16489\" src=\"https:\/\/i0.wp.com\/pequod.nesodd1.no\/wp-content\/uploads\/2019\/10\/klistremerker-anker-og-tau-design.jpg.jpg?resize=25%2C25&amp;ssl=1\" alt=\"\" width=\"25\" height=\"25\" data-attachment-id=\"16489\" data-permalink=\"https:\/\/pequod.nesodd1.no\/?attachment_id=16489\" data-orig-file=\"https:\/\/i0.wp.com\/pequod.nesodd1.no\/wp-content\/uploads\/2019\/10\/klistremerker-anker-og-tau-design.jpg.jpg?fit=25%2C25&amp;ssl=1\" data-orig-size=\"25,25\" data-comments-opened=\"1\" data-image-meta=\"{&quot;aperture&quot;:&quot;0&quot;,&quot;credit&quot;:&quot;tribalium81&quot;,&quot;camera&quot;:&quot;&quot;,&quot;caption&quot;:&quot;&quot;,&quot;created_timestamp&quot;:&quot;0&quot;,&quot;copyright&quot;:&quot;tribalium81&quot;,&quot;focal_length&quot;:&quot;0&quot;,&quot;iso&quot;:&quot;0&quot;,&quot;shutter_speed&quot;:&quot;0&quot;,&quot;title&quot;:&quot;anchor and rope design&quot;,&quot;orientation&quot;:&quot;1&quot;}\" data-image-title=\"anchor and rope design\" data-image-description=\"\" data-image-caption=\"\" data-medium-file=\"https:\/\/i0.wp.com\/pequod.nesodd1.no\/wp-content\/uploads\/2019\/10\/klistremerker-anker-og-tau-design.jpg.jpg?fit=25%2C25&amp;ssl=1\" data-large-file=\"https:\/\/i0.wp.com\/pequod.nesodd1.no\/wp-content\/uploads\/2019\/10\/klistremerker-anker-og-tau-design.jpg.jpg?fit=25%2C25&amp;ssl=1\"><\/a><\/strong><br \/>\n<strong>Posisjon:<\/strong> 62\u00b028&#8217;16.8&#8243;N 6\u00b09&#8217;9.1&#8243;E<br \/>\n<strong>Bes\u00f8kt antall ganger:<\/strong> 1&nbsp;<strong>Sist bes\u00f8kt: <\/strong>23-27.08.2021&nbsp; &nbsp;<a href=\"https:\/\/alesund.havn.no\/skipstrafikk\/webkamera\/alesund-havn-nord\/\" target=\"_blank\" rel=\"noopener\">Webkamera<\/a> &nbsp;<a title=\"Son\" href=\"https:\/\/alesund.havn.no\/havna\/smabatbrygge\/\" target=\"_blank\" rel=\"noopener noreferrer\">Hjemmeside<\/a><br \/>\n<strong>Fasiliteter:<\/strong> Vann, str\u00f8m, gratis WiFi. Kafeer, restauranter og butikker i umiddelbar n\u00e6rhet. Drivstoffylling.&nbsp;<br \/>\n<strong>Havneavgift (for 29-foter):<\/strong> 175 NOK inkl. str\u00f8m. Betales med Go Marina-appen, automat p\u00e5 brygga eller Vipps.<br \/>\n<strong>Fort\u00f8yning:<\/strong> For det meste langsides eller baug inn og anker. Noen f\u00e5 b\u00e5splasser.&nbsp;<br \/>\n<b>Tilrettelagt for funksjonshemmede:<\/b> Nei, ikke spesielt. Vanlige utriggere og ganske bratte ramper opp til land, avhengig av flo og fj\u00e6re, som er ganske mye st\u00f8rre enn det man er vant til p\u00e5 \u00d8stlandet.<\/p>\n<p><a href=\"https:\/\/i0.wp.com\/pequod.nesodd1.no\/wp-content\/uploads\/2021\/08\/C0781721-09DA-4753-931E-7CA8883AC120.jpeg.b03644588f932240a6bcc6fedb22cbc1.jpeg?ssl=1\"><img data-recalc-dims=\"1\" loading=\"lazy\" decoding=\"async\" data-attachment-id=\"22840\" data-permalink=\"https:\/\/pequod.nesodd1.no\/?attachment_id=22840\" data-orig-file=\"https:\/\/i0.wp.com\/pequod.nesodd1.no\/wp-content\/uploads\/2021\/08\/C0781721-09DA-4753-931E-7CA8883AC120.jpeg.b03644588f932240a6bcc6fedb22cbc1.jpeg?fit=1000%2C750&amp;ssl=1\" data-orig-size=\"1000,750\" data-comments-opened=\"1\" data-image-meta=\"{&quot;aperture&quot;:&quot;0&quot;,&quot;credit&quot;:&quot;&quot;,&quot;camera&quot;:&quot;&quot;,&quot;caption&quot;:&quot;&quot;,&quot;created_timestamp&quot;:&quot;0&quot;,&quot;copyright&quot;:&quot;&quot;,&quot;focal_length&quot;:&quot;0&quot;,&quot;iso&quot;:&quot;0&quot;,&quot;shutter_speed&quot;:&quot;0&quot;,&quot;title&quot;:&quot;&quot;,&quot;orientation&quot;:&quot;0&quot;}\" data-image-title=\"C0781721-09DA-4753-931E-7CA8883AC120.jpeg.b03644588f932240a6bcc6fedb22cbc1\" data-image-description=\"&lt;p&gt;\u00c5lesund, Brosundet, M\u00f8re og Romsdal, Jugendmuseet&lt;\/p&gt;\n\" data-image-caption=\"\" data-medium-file=\"https:\/\/i0.wp.com\/pequod.nesodd1.no\/wp-content\/uploads\/2021\/08\/C0781721-09DA-4753-931E-7CA8883AC120.jpeg.b03644588f932240a6bcc6fedb22cbc1.jpeg?fit=300%2C225&amp;ssl=1\" data-large-file=\"https:\/\/i0.wp.com\/pequod.nesodd1.no\/wp-content\/uploads\/2021\/08\/C0781721-09DA-4753-931E-7CA8883AC120.jpeg.b03644588f932240a6bcc6fedb22cbc1.jpeg?fit=940%2C705&amp;ssl=1\" class=\"alignleft size-medium wp-image-22840\" src=\"https:\/\/i0.wp.com\/pequod.nesodd1.no\/wp-content\/uploads\/2021\/08\/C0781721-09DA-4753-931E-7CA8883AC120.jpeg.b03644588f932240a6bcc6fedb22cbc1.jpeg?resize=300%2C225&#038;ssl=1\" alt=\"\" width=\"300\" height=\"225\" srcset=\"https:\/\/i0.wp.com\/pequod.nesodd1.no\/wp-content\/uploads\/2021\/08\/C0781721-09DA-4753-931E-7CA8883AC120.jpeg.b03644588f932240a6bcc6fedb22cbc1.jpeg?resize=300%2C225&amp;ssl=1 300w, https:\/\/i0.wp.com\/pequod.nesodd1.no\/wp-content\/uploads\/2021\/08\/C0781721-09DA-4753-931E-7CA8883AC120.jpeg.b03644588f932240a6bcc6fedb22cbc1.jpeg?resize=100%2C75&amp;ssl=1 100w, https:\/\/i0.wp.com\/pequod.nesodd1.no\/wp-content\/uploads\/2021\/08\/C0781721-09DA-4753-931E-7CA8883AC120.jpeg.b03644588f932240a6bcc6fedb22cbc1.jpeg?resize=768%2C576&amp;ssl=1 768w, https:\/\/i0.wp.com\/pequod.nesodd1.no\/wp-content\/uploads\/2021\/08\/C0781721-09DA-4753-931E-7CA8883AC120.jpeg.b03644588f932240a6bcc6fedb22cbc1.jpeg?w=1000&amp;ssl=1 1000w\" sizes=\"auto, (max-width: 300px) 100vw, 300px\" \/><\/a>Til \u00e5 v\u00e6re en s\u00e5pass stor gjestehavn i en s\u00e5pass stor by som \u00c5lesund, s\u00e5 er det helt ubegripelig at det ikke finnes noe serviceanlegg her. Det eneste tilbudet er et offentlig toalett innerst ved Brosundet. Det er rett og slett for d\u00e5rlig! Det skal ha v\u00e6rt vaskemaskiner her f\u00f8r, men de s\u00e5 ikke jeg noe til.<\/p>\n<p>Av den grunn har jeg tvilt meg fram til tre anker av fem mulige hvorav det siste kun gis for beliggenheten. Og i motsetning til Haugesund &#8211; som heller ikke har servicebygg &#8211; s\u00e5 gjenspeiler prisen at \u00c5lesund ikke akkurat har det beste tilbudet til b\u00e5tgjester. 175 kroner er ikke ille for \u00e5 ligge s\u00e5 sentralt.<\/p>\n<p>For du ligger jo midt i sm\u00f8r\u00f8yet omtrent uansett hvor du legger deg i denne gjestehavna.<\/p>\n<p>Da jeg ankom var det ganske s\u00e5 fullt, s\u00e5 jeg la meg ved en av flytebryggene ytterst like ved Skateflukaia i det som egentlig heter V\u00e5gen. Det var ledig plass der antakelig p\u00e5 grunn av v\u00e6ret som var meldt framover, ettersom de plassene l\u00e5 veldig utsatt til med tanke p\u00e5 vindretningen.<\/p>\n<p>Det gikk likevel ganske greit den f\u00f8rste natta, men det skulle jo bl\u00e5se kraftig opp dagene framover, s\u00e5 da jeg s\u00e5 b\u00e5de p\u00e5 webkamera og etter \u00e5 ha tatt en tur innover sundet tidlig dagen etter, at det var ledig plass, s\u00e5 kastet jeg loss og la meg helt innerst i \u00c5lesundet, like ved der selve Brosundet starter. En seilb\u00e5t som l\u00e5 der dagen <a href=\"https:\/\/i0.wp.com\/pequod.nesodd1.no\/wp-content\/uploads\/2021\/07\/218235597_10157934424732032_2753444834441318263_n.jpg?ssl=1\"><img data-recalc-dims=\"1\" loading=\"lazy\" decoding=\"async\" data-attachment-id=\"22612\" data-permalink=\"https:\/\/pequod.nesodd1.no\/?attachment_id=22612\" data-orig-file=\"https:\/\/i0.wp.com\/pequod.nesodd1.no\/wp-content\/uploads\/2021\/07\/218235597_10157934424732032_2753444834441318263_n.jpg?fit=960%2C720&amp;ssl=1\" data-orig-size=\"960,720\" data-comments-opened=\"1\" data-image-meta=\"{&quot;aperture&quot;:&quot;0&quot;,&quot;credit&quot;:&quot;&quot;,&quot;camera&quot;:&quot;&quot;,&quot;caption&quot;:&quot;&quot;,&quot;created_timestamp&quot;:&quot;0&quot;,&quot;copyright&quot;:&quot;&quot;,&quot;focal_length&quot;:&quot;0&quot;,&quot;iso&quot;:&quot;0&quot;,&quot;shutter_speed&quot;:&quot;0&quot;,&quot;title&quot;:&quot;&quot;,&quot;orientation&quot;:&quot;0&quot;}\" data-image-title=\"218235597_10157934424732032_2753444834441318263_n\" data-image-description=\"&lt;p&gt;\u00c5lesund, M\u00f8re og Romsdal&lt;\/p&gt;\n\" data-image-caption=\"\" data-medium-file=\"https:\/\/i0.wp.com\/pequod.nesodd1.no\/wp-content\/uploads\/2021\/07\/218235597_10157934424732032_2753444834441318263_n.jpg?fit=300%2C225&amp;ssl=1\" data-large-file=\"https:\/\/i0.wp.com\/pequod.nesodd1.no\/wp-content\/uploads\/2021\/07\/218235597_10157934424732032_2753444834441318263_n.jpg?fit=940%2C705&amp;ssl=1\" class=\"alignleft size-medium wp-image-22612\" src=\"https:\/\/i0.wp.com\/pequod.nesodd1.no\/wp-content\/uploads\/2021\/07\/218235597_10157934424732032_2753444834441318263_n.jpg?resize=300%2C225&#038;ssl=1\" alt=\"\" width=\"300\" height=\"225\" srcset=\"https:\/\/i0.wp.com\/pequod.nesodd1.no\/wp-content\/uploads\/2021\/07\/218235597_10157934424732032_2753444834441318263_n.jpg?resize=300%2C225&amp;ssl=1 300w, https:\/\/i0.wp.com\/pequod.nesodd1.no\/wp-content\/uploads\/2021\/07\/218235597_10157934424732032_2753444834441318263_n.jpg?resize=100%2C75&amp;ssl=1 100w, https:\/\/i0.wp.com\/pequod.nesodd1.no\/wp-content\/uploads\/2021\/07\/218235597_10157934424732032_2753444834441318263_n.jpg?resize=768%2C576&amp;ssl=1 768w, https:\/\/i0.wp.com\/pequod.nesodd1.no\/wp-content\/uploads\/2021\/07\/218235597_10157934424732032_2753444834441318263_n.jpg?w=960&amp;ssl=1 960w\" sizes=\"auto, (max-width: 300px) 100vw, 300px\" \/><\/a>f\u00f8r hadde nemlig forlatt plassen, og da var jeg for en gangs skyld ganske tidlig ute og sikret meg plass.<\/p>\n<p>Der ble jeg liggende i fire dager til, og l\u00e5 der lunt og greit og merket ingenting til at det bl\u00e5ste storm p\u00e5 utsiden.<\/p>\n<p>Jeg anbefaler \u00e5 pr\u00f8ve fish and chips-en til gatekj\u00f8kkenet like ved der jeg l\u00e5 &#8211; den spiste jeg to ganger &#8211; like god begge gangene!<\/p>\n<p>For \u00f8vrig er det kort vei til det meste av butikker, jeg dro stort sett til butikksenteret i Kremmerg\u00e5rden, der det l\u00e5 en Kiwi-butikk i underetasjen. Og det meste av hva du skulle trenge av andre ting.<\/p>\n<p>Det er ogs\u00e5 kort vei til bussterminalen og Jugendmuseet ligger rett over brua der jeg l\u00e5. Planen var \u00e5 ta en tur dit, men det ble med tanken.<\/p>\n<p>Det er ogs\u00e5 mulighet til \u00e5 fylle drivstoff, men jeg valgte \u00e5 fylle p\u00e5 Osholmen, som l\u00e5 litt under i pris.<\/p>\n<figure id=\"attachment_22842\" aria-describedby=\"caption-attachment-22842\" style=\"width: 1000px\" class=\"wp-caption aligncenter\"><a href=\"https:\/\/i0.wp.com\/pequod.nesodd1.no\/wp-content\/uploads\/2021\/08\/618CA531-0D69-4EE1-A2A1-1827962DC21F.jpeg.01f350da981a44b568ad0d49b313936b.jpeg?ssl=1\"><img data-recalc-dims=\"1\" loading=\"lazy\" decoding=\"async\" data-attachment-id=\"22842\" data-permalink=\"https:\/\/pequod.nesodd1.no\/?attachment_id=22842\" data-orig-file=\"https:\/\/i0.wp.com\/pequod.nesodd1.no\/wp-content\/uploads\/2021\/08\/618CA531-0D69-4EE1-A2A1-1827962DC21F.jpeg.01f350da981a44b568ad0d49b313936b.jpeg?fit=1000%2C750&amp;ssl=1\" data-orig-size=\"1000,750\" data-comments-opened=\"1\" data-image-meta=\"{&quot;aperture&quot;:&quot;0&quot;,&quot;credit&quot;:&quot;&quot;,&quot;camera&quot;:&quot;&quot;,&quot;caption&quot;:&quot;&quot;,&quot;created_timestamp&quot;:&quot;0&quot;,&quot;copyright&quot;:&quot;&quot;,&quot;focal_length&quot;:&quot;0&quot;,&quot;iso&quot;:&quot;0&quot;,&quot;shutter_speed&quot;:&quot;0&quot;,&quot;title&quot;:&quot;&quot;,&quot;orientation&quot;:&quot;0&quot;}\" data-image-title=\"618CA531-0D69-4EE1-A2A1-1827962DC21F.jpeg.01f350da981a44b568ad0d49b313936b\" data-image-description=\"&lt;p&gt;\u00c5lesund, Brosundet, M\u00f8re og Romsdal, Aksla&lt;\/p&gt;\n\" data-image-caption=\"&lt;p&gt;\u00c5lesund fra Aksla&lt;\/p&gt;\n\" data-medium-file=\"https:\/\/i0.wp.com\/pequod.nesodd1.no\/wp-content\/uploads\/2021\/08\/618CA531-0D69-4EE1-A2A1-1827962DC21F.jpeg.01f350da981a44b568ad0d49b313936b.jpeg?fit=300%2C225&amp;ssl=1\" data-large-file=\"https:\/\/i0.wp.com\/pequod.nesodd1.no\/wp-content\/uploads\/2021\/08\/618CA531-0D69-4EE1-A2A1-1827962DC21F.jpeg.01f350da981a44b568ad0d49b313936b.jpeg?fit=940%2C705&amp;ssl=1\" class=\"size-full wp-image-22842\" src=\"https:\/\/i0.wp.com\/pequod.nesodd1.no\/wp-content\/uploads\/2021\/08\/618CA531-0D69-4EE1-A2A1-1827962DC21F.jpeg.01f350da981a44b568ad0d49b313936b.jpeg?resize=940%2C705&#038;ssl=1\" alt=\"\" width=\"940\" height=\"705\" srcset=\"https:\/\/i0.wp.com\/pequod.nesodd1.no\/wp-content\/uploads\/2021\/08\/618CA531-0D69-4EE1-A2A1-1827962DC21F.jpeg.01f350da981a44b568ad0d49b313936b.jpeg?w=1000&amp;ssl=1 1000w, https:\/\/i0.wp.com\/pequod.nesodd1.no\/wp-content\/uploads\/2021\/08\/618CA531-0D69-4EE1-A2A1-1827962DC21F.jpeg.01f350da981a44b568ad0d49b313936b.jpeg?resize=300%2C225&amp;ssl=1 300w, https:\/\/i0.wp.com\/pequod.nesodd1.no\/wp-content\/uploads\/2021\/08\/618CA531-0D69-4EE1-A2A1-1827962DC21F.jpeg.01f350da981a44b568ad0d49b313936b.jpeg?resize=100%2C75&amp;ssl=1 100w, https:\/\/i0.wp.com\/pequod.nesodd1.no\/wp-content\/uploads\/2021\/08\/618CA531-0D69-4EE1-A2A1-1827962DC21F.jpeg.01f350da981a44b568ad0d49b313936b.jpeg?resize=768%2C576&amp;ssl=1 768w\" sizes=\"auto, (max-width: 940px) 100vw, 940px\" \/><\/a><figcaption id=\"caption-attachment-22842\" class=\"wp-caption-text\">\u00c5lesund fra Aksla<\/figcaption><\/figure>\n<h3>Related Images:<\/h3>","protected":false},"excerpt":{"rendered":"<p>Vurdering (5 anker er best):&nbsp; Posisjon: 62\u00b028&#8217;16.8&#8243;N 6\u00b09&#8217;9.1&#8243;E Bes\u00f8kt antall ganger: 1&nbsp;Sist bes\u00f8kt: 23-27.08.2021&nbsp; &nbsp;Webkamera &nbsp;Hjemmeside Fasiliteter: Vann, str\u00f8m, gratis WiFi. Kafeer, restauranter og butikker i umiddelbar n\u00e6rhet. Drivstoffylling.&nbsp; Havneavgift (for 29-foter): 175 NOK inkl. str\u00f8m. Betales med Go Marina-appen, automat p\u00e5 brygga eller Vipps. Fort\u00f8yning: For det meste langsides eller baug inn og anker. &hellip;<br \/><a href=\"https:\/\/pequod.nesodd1.no\/?page_id=23469\" class=\"more-link pen_element_default pen_icon_arrow_double\">Les<\/a><\/p>\n","protected":false},"author":1,"featured_media":22839,"parent":5493,"menu_order":0,"comment_status":"closed","ping_status":"closed","template":"","meta":{"_crdt_document":"","ngg_post_thumbnail":0,"jetpack_post_was_ever_published":false,"footnotes":""},"class_list":["post-23469","page","type-page","status-publish","has-post-thumbnail","hentry"],"jetpack_shortlink":"https:\/\/wp.me\/P3Zd9b-66x","jetpack_sharing_enabled":true,"jetpack_likes_enabled":true,"jetpack-related-posts":[],"_links":{"self":[{"href":"https:\/\/pequod.nesodd1.no\/index.php?rest_route=\/wp\/v2\/pages\/23469","targetHints":{"allow":["GET"]}}],"collection":[{"href":"https:\/\/pequod.nesodd1.no\/index.php?rest_route=\/wp\/v2\/pages"}],"about":[{"href":"https:\/\/pequod.nesodd1.no\/index.php?rest_route=\/wp\/v2\/types\/page"}],"author":[{"embeddable":true,"href":"https:\/\/pequod.nesodd1.no\/index.php?rest_route=\/wp\/v2\/users\/1"}],"replies":[{"embeddable":true,"href":"https:\/\/pequod.nesodd1.no\/index.php?rest_route=%2Fwp%2Fv2%2Fcomments&post=23469"}],"version-history":[{"count":11,"href":"https:\/\/pequod.nesodd1.no\/index.php?rest_route=\/wp\/v2\/pages\/23469\/revisions"}],"predecessor-version":[{"id":30179,"href":"https:\/\/pequod.nesodd1.no\/index.php?rest_route=\/wp\/v2\/pages\/23469\/revisions\/30179"}],"up":[{"embeddable":true,"href":"https:\/\/pequod.nesodd1.no\/index.php?rest_route=\/wp\/v2\/pages\/5493"}],"wp:featuredmedia":[{"embeddable":true,"href":"https:\/\/pequod.nesodd1.no\/index.php?rest_route=\/wp\/v2\/media\/22839"}],"wp:attachment":[{"href":"https:\/\/pequod.nesodd1.no\/index.php?rest_route=%2Fwp%2Fv2%2Fmedia&parent=23469"}],"curies":[{"name":"wp","href":"https:\/\/api.w.org\/{rel}","templated":true}]}}