{"id":24245,"date":"2022-05-18T10:49:13","date_gmt":"2022-05-18T08:49:13","guid":{"rendered":"https:\/\/pequod.nesodd1.no\/?page_id=24245"},"modified":"2025-08-05T08:55:40","modified_gmt":"2025-08-05T06:55:40","slug":"logg-2022","status":"publish","type":"page","link":"https:\/\/pequod.nesodd1.no\/?page_id=24245","title":{"rendered":"Logg 2022"},"content":{"rendered":"<h3>Turoversikt 2022<\/h3>\n<p>(Se rubrikkforklaring under tabellen.)<\/p>\n<table border=\"2\">\n<tbody>\n<tr>\n<td style=\"text-align: center;\"><strong>Antall<\/strong><\/td>\n<td style=\"text-align: center;\"><strong>Turer<\/strong><\/td>\n<td><b>Dato<\/b><\/td>\n<td style=\"text-align: center;\"><b>Tid<\/b><\/td>\n<td><b>Rute<\/b><\/td>\n<td><strong>NM<\/strong><\/td>\n<td><strong>MT<\/strong><\/td>\n<td><strong>TF<\/strong><\/td>\n<td><strong>GF<\/strong><\/td>\n<td><b>Temp<\/b><\/td>\n<td><b>M\/S<\/b><\/td>\n<td><b>V\u00e6r<\/b><\/td>\n<\/tr>\n<tr>\n<td><strong>Januar<\/strong><\/td>\n<\/tr>\n<tr>\n<td>&#8211;<\/td>\n<td style=\"text-align: center;\">&#8211;<\/td>\n<td>&#8211;<\/td>\n<td>&#8211;<\/td>\n<td>Ingen turer.<\/td>\n<td>&#8211;<\/td>\n<td>&#8211;<\/td>\n<td>&#8211;<\/td>\n<td>&#8211;<\/td>\n<td style=\"text-align: center;\">&#8211;<\/td>\n<td style=\"text-align: center;\">&#8211;<\/td>\n<td>&#8211;<\/td>\n<\/tr>\n<tr>\n<td><strong>Februar<\/strong><\/td>\n<\/tr>\n<tr>\n<td>&#8211;<\/td>\n<td style=\"text-align: center;\">&#8211;<\/td>\n<td>&#8211;<\/td>\n<td>&#8211;<\/td>\n<td>Ingen turer.<\/td>\n<td>&#8211;<\/td>\n<td>&#8211;<\/td>\n<td>&#8211;<\/td>\n<td>&#8211;<\/td>\n<td style=\"text-align: center;\">&#8211;<\/td>\n<td style=\"text-align: center;\">&#8211;<\/td>\n<td>&#8211;<\/td>\n<\/tr>\n<tr>\n<td><strong>Mars<\/strong><\/td>\n<\/tr>\n<tr>\n<td>&#8211;<\/td>\n<td style=\"text-align: center;\">&#8211;<\/td>\n<td>&#8211;<\/td>\n<td>&#8211;<\/td>\n<td>Ingen turer.<\/td>\n<td>&#8211;<\/td>\n<td>&#8211;<\/td>\n<td>&#8211;<\/td>\n<td>&#8211;<\/td>\n<td style=\"text-align: center;\">&#8211;<\/td>\n<td style=\"text-align: center;\">&#8211;<\/td>\n<td>&#8211;<\/td>\n<\/tr>\n<tr>\n<td><strong>April<\/strong><\/td>\n<\/tr>\n<tr>\n<td>&#8211;<\/td>\n<td style=\"text-align: center;\">&#8211;<\/td>\n<td>&#8211;<\/td>\n<td>&#8211;<\/td>\n<td>Ingen turer.<\/td>\n<td>&#8211;<\/td>\n<td>&#8211;<\/td>\n<td>&#8211;<\/td>\n<td>&#8211;<\/td>\n<td style=\"text-align: center;\">&#8211;<\/td>\n<td style=\"text-align: center;\">&#8211;<\/td>\n<td>&#8211;<\/td>\n<\/tr>\n<tr>\n<td><strong>Mai<\/strong><\/td>\n<\/tr>\n<tr>\n<td>756<\/td>\n<td style=\"text-align: center;\">1<\/td>\n<td>17.05<em>^^*<\/em><\/td>\n<td>12.45 &#8211; 18.45<\/td>\n<td>Oksval &#8211; Oppeg\u00e5rd (tanking) &#8211; Malm\u00f8ya &#8211; Lang\u00f8yene &#8211; Gressholmen &#8211; Bleik\u00f8ya &#8211; Hoved\u00f8ya &#8211; Lind\u00f8ya &#8211; Heggholmen &#8211; Bunnefjorden (lunsj) &#8211; Nesoddtangen (passasjer av) &#8211; Nakkholmen &#8211; Lind\u00f8ya &#8211; Bleik\u00f8ya &#8211; Sjurs\u00f8ya &#8211; Ramberg\u00f8ya &#8211; Bunnefjorden &#8211; Oksval.<\/td>\n<td>18,5<\/td>\n<td>4.10<\/td>\n<td>11,2<\/td>\n<td>6,4<\/td>\n<td style=\"text-align: center;\">18<\/td>\n<td style=\"text-align: center;\">0-1<\/td>\n<td>Bl\u00e5 himmel, sol<\/td>\n<\/tr>\n<tr>\n<td>757<\/td>\n<td style=\"text-align: center;\">2<\/td>\n<td>20.05<\/td>\n<td>14.55 &#8211; 16.45<\/td>\n<td>Oksval &#8211; Nesoddtangen &#8211; Flaskebekk &#8211; Kavringen &#8211; Landsteilene &#8211; S\u00f8ndre Lang\u00e5ra &#8211; B\u00e5tst\u00f8 &#8211; Gr\u00e5\u00f8ya &#8211; \u00c5ros &#8211; S\u00e6tre.<\/td>\n<td>13,3<\/td>\n<td>1.50<\/td>\n<td>9,1<\/td>\n<td>7,5<\/td>\n<td style=\"text-align: center;\">16<\/td>\n<td style=\"text-align: center;\">1-3<\/td>\n<td>Delvis overskyet\/solgl\u00f8tt<\/td>\n<\/tr>\n<tr>\n<td>758<\/td>\n<td style=\"text-align: center;\">3<\/td>\n<td>26.05<\/td>\n<td>13.45 &#8211; 16.45<\/td>\n<td>S\u00e6tre &#8211; Bergholmen &#8211; Storsand &#8211; Hvitsten &#8211; Son (tanking) &#8211; Sauholmsundet &#8211; Mossesundet &#8211; Moss.<\/td>\n<td>18,2<\/td>\n<td>2.40<\/td>\n<td>11,0<\/td>\n<td>7,1<\/td>\n<td style=\"text-align: center;\">17<\/td>\n<td style=\"text-align: center;\">1-2<\/td>\n<td>Delvis overskyet\/solgl\u00f8tt<\/td>\n<\/tr>\n<tr>\n<td>759<\/td>\n<td style=\"text-align: center;\">4<\/td>\n<td>27.05<\/td>\n<td>13.55 &#8211; 16.15<\/td>\n<td>Moss &#8211; Fuglevik &#8211; Larkollen &#8211; Krogstadfjorden &#8211; Rauer &#8211; Tjuvtangen &#8211; Hank\u00f8sundet &#8211; Hank\u00f8\\ (v\/Seilerkroa).<\/td>\n<td>17,8<\/td>\n<td>2.20<\/td>\n<td>11,0<\/td>\n<td>7,7<\/td>\n<td style=\"text-align: center;\">15<\/td>\n<td style=\"text-align: center;\">3-11<\/td>\n<td>Delvis overskyet\/sol<\/td>\n<\/tr>\n<tr>\n<td>760<\/td>\n<td style=\"text-align: center;\">5<\/td>\n<td>29.05<\/td>\n<td>12.00 &#8211; 18.45<\/td>\n<td>Hank\u00f8 &#8211; Nebba &#8211; Sk\u00e5rekrakk &#8211; Str\u00f8mtangen &#8211; Lera &#8211; Stur\u00f8d &#8211; Hutholmsundet &#8211; Gressvik &#8211; V\u00e6rste &#8211; Nyg\u00e5rdsbrygga (pause\/b\u00e5tbes\u00f8k) &#8211; Isegran &#8211; R\u00f8svikrenna &#8211; Kj\u00f8k\u00f8ya &#8211; Belgen &#8211; Rams\u00f8y &#8211; Edholmen (tanking) &#8211; Brattholmen &#8211; Mak\u00f8ysundet &#8211; Furuneset &#8211; Sekken &#8211; Tjurholmen &#8211; Lang\u00f6sundet &#8211; Str\u00f6mstad.<\/td>\n<td>32,7<\/td>\n<td>5.00<\/td>\n<td>9,8<\/td>\n<td>5,9<\/td>\n<td style=\"text-align: center;\">17<\/td>\n<td style=\"text-align: center;\">3-6<\/td>\n<td>Delvis overskyet\/sol<\/td>\n<\/tr>\n<tr>\n<td>761<\/td>\n<td style=\"text-align: center;\">6<\/td>\n<td>31.05<\/td>\n<td>14.05 &#8211; 17.45<\/td>\n<td>Str\u00f6mstad &#8211; Kosterfjorden &#8211; Eken\u00e4s &#8211; Kosterfjorden &#8211; Res\u00f6 &#8211; Havstensund &#8211; Gula Humpen &#8211; Grebbestad &#8211; Tanumsstrand<\/td>\n<td>23,3<\/td>\n<td>3.50<\/td>\n<td>8,7<\/td>\n<td>6,2<\/td>\n<td style=\"text-align: center;\">17<\/td>\n<td style=\"text-align: center;\">2-3<\/td>\n<td>Delvis overskyet\/sol<\/td>\n<\/tr>\n<tr>\n<td><strong>Juni<\/strong><\/td>\n<\/tr>\n<tr>\n<td>762<\/td>\n<td style=\"text-align: center;\">7<\/td>\n<td>02.06<\/td>\n<td>11.00- 13.45<\/td>\n<td>&nbsp;Tanumsstrand &#8211; Otter\u00f6n &#8211; Mus\u00f6n &#8211; Val\u00f6n &#8211; Fj\u00e4llbacka &#8211; Hamburgsund &#8211; Horn\u00f6n &#8211; Humperna &#8211; Alv\u00f6 &#8211; Knivsholmen &#8211; Hunnebostrand.<\/td>\n<td>15,2<\/td>\n<td>2.45<\/td>\n<td>10,0<\/td>\n<td>5,5<\/td>\n<td style=\"text-align: center;\">17<\/td>\n<td style=\"text-align: center;\">3-6<\/td>\n<td>Delvis overskyet\/sol<\/td>\n<\/tr>\n<tr>\n<td>763<\/td>\n<td style=\"text-align: center;\">8<\/td>\n<td>04.06<\/td>\n<td>10.00- 11.20<\/td>\n<td>&nbsp;Hunnebostrand &#8211; Sotekanalen &#8211; Pinan &#8211; Hassel\u00f6sund &#8211; Kungshamn.<\/td>\n<td>3,9<\/td>\n<td>1.20<\/td>\n<td>6,8<\/td>\n<td>2,9<\/td>\n<td style=\"text-align: center;\">18<\/td>\n<td style=\"text-align: center;\">3-4<\/td>\n<td>Bl\u00e5 himmel,sol<\/td>\n<\/tr>\n<tr>\n<td>764<\/td>\n<td style=\"text-align: center;\">9<\/td>\n<td>06.06<\/td>\n<td>15.00- 15.50<\/td>\n<td>Kungshamn &#8211; Tjuvsundsholmen &#8211; V\u00e4sthampholmen &#8211; Kl\u00e5vholmen &#8211; Stallen &#8211; Malm\u00f6n.<\/td>\n<td>4,3<\/td>\n<td>0.50<\/td>\n<td>9,1<\/td>\n<td>4,4<\/td>\n<td style=\"text-align: center;\">23<\/td>\n<td style=\"text-align: center;\">2-4<\/td>\n<td>Overskyet<\/td>\n<\/tr>\n<tr>\n<td>765<\/td>\n<td style=\"text-align: center;\">10<\/td>\n<td>07.06<\/td>\n<td>10.05- 12.00<\/td>\n<td>Malm\u00f6n &#8211; Stora Korn\u00f6 &#8211; Sk\u00e4llholmen &#8211; Stangholmen &#8211; Stor\u00f6n &#8211; Grundsund &#8211; Islandsberg &#8211; Gullholmen\/H\u00e4rman\u00f6.<\/td>\n<td>10,8<\/td>\n<td>1.55<\/td>\n<td>8,1<\/td>\n<td>5,6<\/td>\n<td style=\"text-align: center;\">19<\/td>\n<td style=\"text-align: center;\">1-2<\/td>\n<td>Delvis overskyet\/sol\/regnbyger<\/td>\n<\/tr>\n<tr>\n<td>766<\/td>\n<td style=\"text-align: center;\">11<\/td>\n<td>09.06<\/td>\n<td>10.45- 11.35<\/td>\n<td>Gullholmen &#8211; Str\u00f6mholmen &#8211; R\u00e5\u00f6n &#8211; Sk\u00e4dde &#8211; Stensk\u00e4r &#8211; Bj\u00f6nnsk\u00e4r &#8211; Oxsk\u00e4r &#8211; K\u00e4ring\u00f6n.<\/td>\n<td>4,5<\/td>\n<td>0.50<\/td>\n<td>7,6<\/td>\n<td>5,2<\/td>\n<td style=\"text-align: center;\">17<\/td>\n<td style=\"text-align: center;\">2-3<\/td>\n<td>Delvis overskyet\/sol<\/td>\n<\/tr>\n<tr>\n<td>767<\/td>\n<td style=\"text-align: center;\">12<\/td>\n<td>10.06<\/td>\n<td>06.20- 07.10<\/td>\n<td>K\u00e4ring\u00f6n &#8211; K\u00e4ring\u00f6fjorden &#8211; Br\u00e5t\u00f6 &#8211; Skeppholmen &#8211; Moll\u00f6sund.<\/td>\n<td>4,5<\/td>\n<td>0.50<\/td>\n<td>8,5<\/td>\n<td>5,3<\/td>\n<td style=\"text-align: center;\">14<\/td>\n<td style=\"text-align: center;\">4-5<\/td>\n<td>Overskyet\/regnbyger<\/td>\n<\/tr>\n<tr>\n<td>768<\/td>\n<td style=\"text-align: center;\">13<\/td>\n<td>11.06<\/td>\n<td>07.35- 09.25<\/td>\n<td>Moll\u00f6sund &#8211; Otterholmen &#8211; Kr\u00e5kefjord &#8211; Skaboholmen &#8211; \u00c4ngeviken &#8211; Kyrkosundet &#8211; Krossefjorden &#8211; Toft\u00f6sund &#8211; Sk\u00e4rhamn &#8211; Bokholmsund &#8211; Jomfruh\u00e5let (store) &#8211; Vr\u00e5ngsholmen &#8211; Kl\u00e4desholmen.<\/td>\n<td>9,3<\/td>\n<td>1.50<\/td>\n<td>10,0<\/td>\n<td>5,1<\/td>\n<td style=\"text-align: center;\">17<\/td>\n<td style=\"text-align: center;\">4-5<\/td>\n<td>Overskyet\/sol\/regnbyger<\/td>\n<\/tr>\n<tr>\n<td>769<\/td>\n<td style=\"text-align: center;\">14<\/td>\n<td>14.06<\/td>\n<td>11.40- 12.20<\/td>\n<td>Kl\u00e4desholmen &#8211; B\u00e4cker\u00f6fjorden &#8211; Mossholmen &#8211; \u00c4ngholmen &#8211; Kalvesund\/R\u00f6nn\u00e4ng &#8211; \u00c5stol.<\/td>\n<td>3,4<\/td>\n<td>0.40<\/td>\n<td>10,0<\/td>\n<td>9,2<\/td>\n<td style=\"text-align: center;\">17<\/td>\n<td style=\"text-align: center;\">2-6<\/td>\n<td>Bl\u00e5 himmel\/sol<\/td>\n<\/tr>\n<tr>\n<td>770<\/td>\n<td style=\"text-align: center;\">15<\/td>\n<td>15.06<\/td>\n<td>11.45- 12.15<\/td>\n<td>\u00c5stol &#8211; Marstrandsfjorden &#8211; Marstrands\u00f6n.<\/td>\n<td>3,1<\/td>\n<td>0.30<\/td>\n<td>9,6<\/td>\n<td>5,4<\/td>\n<td style=\"text-align: center;\">18<\/td>\n<td style=\"text-align: center;\">2-7<\/td>\n<td>Bl\u00e5 himmel\/sol<\/td>\n<\/tr>\n<tr>\n<td>771<\/td>\n<td style=\"text-align: center;\">16<\/td>\n<td>16.06<\/td>\n<td>09.45- 11.30<\/td>\n<td>Marstrands\u00f6n &#8211; Hedvigsholmen- Stenen &#8211; Albrektsundskanalen &#8211; Kl\u00e5ver\u00f6n &#8211; Lang\u00f6 &#8211; H\u00f6g\u00f6 &#8211; Rammen &#8211; R\u00f6r\u00f6 &#8211; Hyppeln.<\/td>\n<td>9,0<\/td>\n<td>1.45<\/td>\n<td>8,7<\/td>\n<td>5,3<\/td>\n<td style=\"text-align: center;\">18<\/td>\n<td style=\"text-align: center;\">1-4<\/td>\n<td>Bl\u00e5 himmel\/sol<\/td>\n<\/tr>\n<tr>\n<td>772<\/td>\n<td style=\"text-align: center;\">17<\/td>\n<td>17.06<\/td>\n<td>11.20- 13.30<\/td>\n<td>Hyppeln &#8211; Bur\u00f6 &#8211; Stuv\u00f6 &#8211; Ocker\u00f6 &#8211; Gr\u00f6t\u00f6 &#8211; Danska Liljan &#8211; Varg\u00f6 &#8211; Styrs\u00f6 &#8211; Dons\u00f6.<\/td>\n<td>13,6<\/td>\n<td>2.10<\/td>\n<td>10,3<\/td>\n<td>6,4<\/td>\n<td style=\"text-align: center;\">19<\/td>\n<td style=\"text-align: center;\">1-2<\/td>\n<td>Bl\u00e5 himmel\/sol\/delvis overskyet<\/td>\n<\/tr>\n<tr>\n<td>773<\/td>\n<td style=\"text-align: center;\">18<\/td>\n<td>21.06<\/td>\n<td>11.00- 11.30<\/td>\n<td>Dons\u00f6 &#8211; R\u00e5rholmen &#8211; K\u00e5rholmen &#8211; Vidingen &#8211; Klubbholmen &#8211; Vr\u00e5ng\u00f6.<\/td>\n<td>2,3<\/td>\n<td>0.30<\/td>\n<td>7,4<\/td>\n<td>4,4<\/td>\n<td style=\"text-align: center;\">18<\/td>\n<td style=\"text-align: center;\">2-3<\/td>\n<td>Bl\u00e5 himmel\/sol\/delvis overskyet<\/td>\n<\/tr>\n<tr>\n<td>774<\/td>\n<td style=\"text-align: center;\">19<\/td>\n<td>22.06<\/td>\n<td>07.45- 10.00<\/td>\n<td>Vr\u00e5ng\u00f6 &#8211; Kungs\u00f6 &#8211; Dons\u00f6 &#8211; Stora Knarrholmen &#8211; Asper\u00f6 &#8211; Riv\u00f6fjord &#8211; Stora Porsholmen &#8211; Hjuvik &#8211; Lilla Varholmen &#8211; Kalven &#8211; B\u00e5rholmen &#8211; H\u00e4ls\u00f6 &#8211; K\u00e4ll\u00f6-Knippla.<\/td>\n<td>15,9<\/td>\n<td>2.15<\/td>\n<td>12,5<\/td>\n<td>7,0<\/td>\n<td style=\"text-align: center;\">16<\/td>\n<td style=\"text-align: center;\">2-5<\/td>\n<td>Sol\/delvis overskyet<\/td>\n<\/tr>\n<tr>\n<td>775<\/td>\n<td style=\"text-align: center;\">20<\/td>\n<td>26.06<\/td>\n<td>11.30 &#8211; 13.25<\/td>\n<td>K\u00e4ll\u00f6-Knippla &#8211; Bj\u00f6rk\u00f6 &#8211; Kalvesund &#8211; Hjuvik &#8211; Riv\u00f6fjorden &#8211; \u00c4lvsborgfjorden &#8211; \u00c4lvsborgbroen &#8211; G\u00f6ta \u00c4lv &#8211; Lilla Bommen (G\u00f6teborg).<\/td>\n<td>13,2<\/td>\n<td>1.55<\/td>\n<td>12,2<\/td>\n<td>6,9<\/td>\n<td style=\"text-align: center;\">26<\/td>\n<td style=\"text-align: center;\">2-3<\/td>\n<td>Sol\/delvis overskyet\/regnskurer<\/td>\n<\/tr>\n<tr>\n<td>776<\/td>\n<td style=\"text-align: center;\">21<\/td>\n<td>29.06<\/td>\n<td>11.35 &#8211; 19.20<\/td>\n<td>G\u00f6teborg &#8211; Riv\u00f6fjorden &#8211;&nbsp; Hjuvik &#8211; Kalven -B\u00e5rholmen &#8211; S\u00e4lungarna (s\u00e5 sel!) &#8211; Albrektsundskanalen &#8211; Marstrand &#8211; Marstrandsfjorden -Skapholmen &#8211; Jomfruh\u00e5let &#8211; Sk\u00e4rhamn &#8211; Kyrkosund &#8211; Moll\u00f6sund &#8211; Gullholmen &#8211; Lysekil &#8211; Stora Korn\u00f6 &#8211; Malm\u00f6n.<\/td>\n<td>53,4<\/td>\n<td>7.45<\/td>\n<td>12,9<\/td>\n<td>6,9<\/td>\n<td style=\"text-align: center;\">28<\/td>\n<td style=\"text-align: center;\">0-1<\/td>\n<td>Sol\/bl\u00e5 himmel<\/td>\n<\/tr>\n<tr>\n<td>777<\/td>\n<td style=\"text-align: center;\">22<\/td>\n<td>30.06<\/td>\n<td>14.05 &#8211; 19.05<\/td>\n<td>Malm\u00f6n &#8211; Tullboden &#8211; Ke\u00f6 &#8211; Fisket\u00e5ngen &#8211; Kungshamn &#8211; Sotekanalen &#8211; S\u00f6\u00f6 &#8211; Humparna &#8211; Hamburgsund &#8211; Val\u00f6n &#8211; Vallvik &#8211; Tanumstrand &#8211; Gliskilen &#8211; Munksund &#8211; Gr\u00f6nemad.<\/td>\n<td>26,7<\/td>\n<td>5.00<\/td>\n<td>10,5<\/td>\n<td>5,3<\/td>\n<td style=\"text-align: center;\">29<\/td>\n<td style=\"text-align: center;\">0-1<\/td>\n<td>Sol\/bl\u00e5 himmel<\/td>\n<\/tr>\n<tr>\n<td><strong>Juli<\/strong><\/td>\n<\/tr>\n<tr>\n<td>778<\/td>\n<td style=\"text-align: center;\">23<\/td>\n<td>01.07<\/td>\n<td>11.00 &#8211; 14.10<\/td>\n<td>Gr\u00f6nemad &#8211; Gula Humpen &#8211; Havstensund &#8211; Res\u00f6 &#8211; R\u00e5ss\u00f6hamn &#8211; Nappstadsundet &#8211; Brattebergsundet &#8211; Styrs\u00f6 &#8211; Str\u00f6mstad.<\/td>\n<td>18,8<\/td>\n<td>3.10<\/td>\n<td>8,7<\/td>\n<td>5,9<\/td>\n<td style=\"text-align: center;\">27<\/td>\n<td style=\"text-align: center;\">0-2<\/td>\n<td>Sol\/delvis overskyet<\/td>\n<\/tr>\n<tr>\n<td><strong>August<\/strong><\/td>\n<\/tr>\n<tr>\n<td>&#8211;<\/td>\n<td style=\"text-align: center;\">&#8211;<\/td>\n<td>&#8211;<\/td>\n<td>&#8211;<\/td>\n<td>Ingen turer. B\u00e5t p\u00e5 land.<\/td>\n<td>&#8211;<\/td>\n<td>&#8211;<\/td>\n<td>&#8211;<\/td>\n<td>&#8211;<\/td>\n<td style=\"text-align: center;\">&#8211;<\/td>\n<td style=\"text-align: center;\">&#8211;<\/td>\n<td>&#8211;<\/td>\n<\/tr>\n<tr>\n<td><strong>September<\/strong><\/td>\n<\/tr>\n<tr>\n<td>779<\/td>\n<td style=\"text-align: center;\">24<\/td>\n<td>18.09<em>^^*<\/em><\/td>\n<td>17.15 &#8211; 17.25<\/td>\n<td>N\u00f8kledypet &#8211; \u00d8sterelva &#8211; Isegran -Vesterelva.<\/td>\n<td>0,9<\/td>\n<td>0.15<\/td>\n<td>6,8<\/td>\n<td>4,7<\/td>\n<td style=\"text-align: center;\">16<\/td>\n<td style=\"text-align: center;\">0<\/td>\n<td>Sol\/delvis overskyet<\/td>\n<\/tr>\n<tr>\n<td>780<\/td>\n<td style=\"text-align: center;\">25<\/td>\n<td>20.09<\/td>\n<td>11.15 &#8211; 20.50<\/td>\n<td>Vesterelva &#8211; Lera &#8211; Str\u00f8mtangen &#8211; Engelsviken (landhugg\/tanking) &#8211; Larkollen &#8211; Moss &#8211; Oscarsborg &#8211; Fagerstrand &#8211; Fjellstrand &#8211; Fyrsteilene &#8211; Ildjernet &#8211; Nesoddtangen &#8211; Oksval.<\/td>\n<td>53,2<\/td>\n<td>7.40<\/td>\n<td>8.9<\/td>\n<td>6,7<\/td>\n<td style=\"text-align: center;\">18<\/td>\n<td style=\"text-align: center;\">1-2<\/td>\n<td>Sol\/delvis overskyet<\/td>\n<\/tr>\n<tr>\n<td>781<\/td>\n<td style=\"text-align: center;\">26<\/td>\n<td>21.09<\/td>\n<td>18.35 &#8211; 19.35<\/td>\n<td>Oksval &#8211; Huseberg\u00f8ya &#8211; Lang\u00f8yene &#8211; Gressholmen &#8211; Heggholmen &#8211; Oksval.<\/td>\n<td>5,4<\/td>\n<td>1.0<\/td>\n<td>8.0<\/td>\n<td>5,7<\/td>\n<td style=\"text-align: center;\">13<\/td>\n<td style=\"text-align: center;\">0-1<\/td>\n<td>Sol\/bl\u00e5 himmel<\/td>\n<\/tr>\n<tr>\n<td>782<\/td>\n<td style=\"text-align: center;\">27<\/td>\n<td>22.09<\/td>\n<td>17.15 &#8211; 18.55<\/td>\n<td>Oksval &#8211; Nakkholmen &#8211; Dyna fyr &#8211; Tjuvholmen &#8211; Vippetangen &#8211; Bj\u00f8rvika &#8211; Bleik\u00f8ya &#8211; Gressholmen &#8211; Ramberg\u00f8ya &#8211; Oksval.<\/td>\n<td>8,9<\/td>\n<td>1.40<\/td>\n<td>9,8<\/td>\n<td>5,4<\/td>\n<td style=\"text-align: center;\">14<\/td>\n<td style=\"text-align: center;\">2-4<\/td>\n<td>Overskyet<\/td>\n<\/tr>\n<tr>\n<td>783<\/td>\n<td style=\"text-align: center;\">28<\/td>\n<td>24.09<\/td>\n<td>17.30 &#8211; 19.20<\/td>\n<td>Oksval &#8211; Nesoddtangen &#8211; Vassholmene &#8211; Snar\u00f8ysundet &#8211; Holsa &#8211; Bor\u00f8ya &#8211; Store Ostsund &#8211; Bj\u00f8rnen &#8211; Flaskebekk &#8211; Nesoddtangen &#8211; Oksval.<\/td>\n<td>10,2<\/td>\n<td>1.50<\/td>\n<td>9,1<\/td>\n<td>5,7<\/td>\n<td style=\"text-align: center;\">13<\/td>\n<td style=\"text-align: center;\">1-3<\/td>\n<td>Delvis overskyet<\/td>\n<\/tr>\n<tr>\n<td>784<\/td>\n<td style=\"text-align: center;\">29<\/td>\n<td>25.09<\/td>\n<td>13.15 &#8211; 17.00<\/td>\n<td>Oksval &#8211; Nesoddtangen &#8211; Flaskebekk &#8211; Kavringen &#8211; Landsteilene &#8211; Fjellstrand &#8211; S\u00f8ndre Lang\u00e5ra &#8211; Vollen &#8211; Bj\u00f8rk\u00f8ya &#8211; Konglungen &#8211; Middagsbukta &#8211; Bj\u00f8rnen &#8211; Vassholmene &#8211; Geitholmen &#8211; Dyna fyr &#8211; Nakkholmen &#8211; Oksval.<\/td>\n<td>22.0<\/td>\n<td>3.45<\/td>\n<td>8,3<\/td>\n<td>5,9<\/td>\n<td style=\"text-align: center;\">14<\/td>\n<td style=\"text-align: center;\">1-5<\/td>\n<td>Sol\/bl\u00e5 himmel\/delvis overskyet<\/td>\n<\/tr>\n<tr>\n<td>785<\/td>\n<td style=\"text-align: center;\">30<\/td>\n<td>30.09<\/td>\n<td>15.10 &#8211; 17.00<\/td>\n<td>Oksval &#8211; Hellviktangen &#8211; Skj\u00e6lholmene &#8211; Malm\u00f8ya &#8211; Ulv\u00f8ya &#8211; Padda &#8211; Orm\u00f8ya &#8211; Gr\u00f8nsund &#8211; Bleik\u00f8ysundet &#8211; Sjurs\u00f8ya &#8211; Bleik\u00f8ya &#8211; Gressholmen &#8211; Heggholmen &#8211; Oksval.<\/td>\n<td>8.8<\/td>\n<td>1.50<\/td>\n<td>9,9<\/td>\n<td>4,9<\/td>\n<td style=\"text-align: center;\">14<\/td>\n<td style=\"text-align: center;\">0-3<\/td>\n<td>Sol\/bl\u00e5 himmel\/delvis overskyet<\/td>\n<\/tr>\n<tr>\n<td><strong>Oktober<\/strong><\/td>\n<\/tr>\n<tr>\n<td>786<\/td>\n<td style=\"text-align: center;\">31<\/td>\n<td>02.10*<\/td>\n<td>17.30 &#8211; 20.30<\/td>\n<td>Oksval &#8211; Nakholmen &#8211; Tjuvholmen (passasjer p\u00e5) &#8211; Vippetangen &#8211; Bj\u00f8rvika &#8211; Bleik\u00f8ya &#8211; Gressholmen &#8211; Malm\u00f8ykalven &#8211; Malm\u00f8ya &#8211; Ulv\u00f8ya &#8211; Gr\u00f8nsund &#8211; Sjurs\u00f8ya &#8211; Bleik\u00f8ysundet &#8211; Hoved\u00f8ya &#8211; Tjuvholmen (passasjer av) &#8211; Nakholmen &#8211; Oksval.<\/td>\n<td>13,6<\/td>\n<td>3.00<\/td>\n<td>9,2<\/td>\n<td>4,5<\/td>\n<td style=\"text-align: center;\">15<\/td>\n<td style=\"text-align: center;\">0-1<\/td>\n<td>Sol\/delvis overskyet<\/td>\n<\/tr>\n<tr>\n<td>787<\/td>\n<td style=\"text-align: center;\">32<\/td>\n<td>03.10<\/td>\n<td>15.25 &#8211; 17.45<\/td>\n<td>Oksval &#8211; Nesoddtangen &#8211; Ildjernet &#8211; Landsteilene (landhugg) &#8211; Kavringen &#8211; Flaskebekk &#8211; Nesoddtangen &#8211; Oksval.<\/td>\n<td>9,1<\/td>\n<td>2.20<\/td>\n<td>8,6<\/td>\n<td>4,9<\/td>\n<td style=\"text-align: center;\">16<\/td>\n<td style=\"text-align: center;\">1-2<\/td>\n<td>Sol\/bl\u00e5 himmel<\/td>\n<\/tr>\n<tr>\n<td><strong>November<\/strong><\/td>\n<\/tr>\n<tr>\n<td>788<\/td>\n<td style=\"text-align: center;\">33<\/td>\n<td>30.11<\/td>\n<td>12.15 &#8211; 15.45<\/td>\n<td>Oksval &#8211; Nesoddtangen &#8211; Kavringen (tanking) &#8211; Landsteilene &#8211; Fjellstrand &#8211; Fagerstrand -Oscarsborg &#8211; Son.<\/td>\n<td>23,4<\/td>\n<td>3.15<\/td>\n<td>9,3<\/td>\n<td>6,4<\/td>\n<td style=\"text-align: center;\">5<\/td>\n<td style=\"text-align: center;\">0-1<\/td>\n<td>Overskyet<\/td>\n<\/tr>\n<tr>\n<td><strong>Desember<\/strong><\/td>\n<\/tr>\n<tr>\n<td>789<\/td>\n<td style=\"text-align: center;\">34<\/td>\n<td>1.12<\/td>\n<td>09.00-14.50<\/td>\n<td>Son &#8211; Moss &#8211; Larkollen &#8211; Hvaler &#8211; Vikertangen &#8211; Sekken &#8211; Lang\u00e5rrennan &#8211; Str\u00f6mstad.<\/td>\n<td>42,6<\/td>\n<td>5.50<\/td>\n<td>10,1<\/td>\n<td>7,3<\/td>\n<td style=\"text-align: center;\">4<\/td>\n<td style=\"text-align: center;\">0-6<\/td>\n<td>Overskyet<\/td>\n<\/tr>\n<tr>\n<td>790<\/td>\n<td style=\"text-align: center;\">35<\/td>\n<td>4.12<\/td>\n<td>11.30-17.25<\/td>\n<td>Str\u00f6mstad &#8211; Lang\u00f6rennan &#8211; Sekken &#8211; Brattholmen &#8211; Mefjorden &#8211; Damholmene &#8211; L\u00f8peren &#8211; Asmal\u00f8y (Libauen)(landhugg) &#8211; L\u00f8peren &#8211; Kj\u00f8k\u00f8ya &#8211; \u00d8sterelva &#8211; Vesterelva (Nyg\u00e5rdsbrygga).<\/td>\n<td>23,9<\/td>\n<td>4.20<\/td>\n<td>9,1<\/td>\n<td>5,4<\/td>\n<td style=\"text-align: center;\">3<\/td>\n<td style=\"text-align: center;\">2-6<\/td>\n<td>Overskyet<\/td>\n<\/tr>\n<tr>\n<td>791<\/td>\n<td style=\"text-align: center;\">36<\/td>\n<td>5.12<\/td>\n<td>09.45-17.10<\/td>\n<td>Vesterelva (Nyg\u00e5rdsbrygga) &#8211; Lera &#8211; Str\u00f8mtangen &#8211; Rauer &#8211; Krogstadfjorden &#8211; Larkollen &#8211; Moss &#8211; Drt\u00f8bak &#8211; Fagerstrand &#8211; Fyrsteilene &#8211; Ildjernet &#8211; Nesoddtangen &#8211; Oksval.<\/td>\n<td>53,3<\/td>\n<td>7.25<\/td>\n<td>9,2<\/td>\n<td>7,2<\/td>\n<td style=\"text-align: center;\">0 &#8211; -3<\/td>\n<td style=\"text-align: center;\">0-3<\/td>\n<td>Sol\/overskyet<\/td>\n<\/tr>\n<\/tbody>\n<\/table>\n<p><em><strong>Rubrikkforklaring:<\/strong> Antall=Totalt antall turer med Bergtatt I og Bergtatt II. Turer=Antall turer i \u00e5r. Dato=Dato for turen. Tid= Tidspunkt for turen inkl. tid i land. Rute=Hvor turen gikk i hovedtrekk. NM=Nautiske mil tilbakelagt. MT=Antall effektive motortimer, alts\u00e5 hvor mye motoren var i drift. Dette kan da v\u00e6re et mindre timeantall enn selve turen totalt hvis jeg for eksempel har stoppet for \u00e5 slappe av, tanke eller hatt et kort landhugg. TF=Toppfart. GF=Gjennomsnittfart. Temp=Temperaturen. M\/S=Vindstyrke (omtrentlig). V\u00e6r=V\u00e6ret i stikkordsform. OBS: NM, MT, TF og GF innf\u00f8rt fra 2017. Temperatur fra 2016. M\/S fra 2018. Jeg jobber med \u00e5 beregne NM og MT fra tidligere \u00e5r.<\/em><\/p>\n<p><em><strong>Tegnforklaring (bak dato):<\/strong> *Sunniva (1996) var med! **Victoria (1999) var med! ***Robin (1997) var med! ^*Turist\/er var med ^^*Venner\/andre var med! &lt;3*Rederinnen var med. Datoer uten tegn bak var aleneturer. P\u00e5 noen av turene med tegn kan passasjerene har v\u00e6rt med kun delvis, for eksempel g\u00e5tt i land underveis.&nbsp;<\/em><\/p>\n<p><strong>Definisjon av turer:<\/strong> Her regner jeg i utgangspunktet tur\/retur hjemmehavna som \u00e9n tur, selv om jeg g\u00e5r i land en eller flere steder i l\u00f8pet av turen. Unntaket er langturer med overnatting, da regner jeg hver etappe fram til det stedet hvor jeg overnatter som \u00e9n tur, samt hvis jeg er i land i flere timer f\u00f8r jeg fortsetter. Jeg loggf\u00f8rer hver tur jeg tar med b\u00e5ten, men det kommer n\u00f8dvendigvis ikke turrapporter eller bilder fra alle turene!<\/p>\n<p>&nbsp;<br \/>\n<a href=\"https:\/\/pequod.nesodd1.no\/?page_id=21188\">Logg for 2021<\/a><br \/>\n<a href=\"https:\/\/pequod.nesodd1.no\/?page_id=16757\">Logg for 2020<\/a><br \/>\n<a href=\"https:\/\/pequod.nesodd1.no\/?page_id=15287\">Logg for 2019<\/a><br \/>\n<a href=\"https:\/\/pequod.nesodd1.no\/?page_id=13323\">Logg for 2018<\/a><br \/>\n<a href=\"https:\/\/pequod.nesodd1.no\/?page_id=11171\">Logg for 2017<\/a><br \/>\n<a href=\"https:\/\/pequod.nesodd1.no\/?page_id=7709\">Logg for 2016<\/a><br \/>\n<a href=\"https:\/\/pequod.nesodd1.no\/?page_id=6492\">Logg for 2015.<\/a><br \/>\n<a href=\"https:\/\/pequod.nesodd1.no\/?page_id=1972\">Logg for 2014.<\/a><br \/>\n<a href=\"https:\/\/pequod.nesodd1.no\/?page_id=1968\">Logg for 2013.<\/a><\/p>\n<h3>Related Images:<\/h3>","protected":false},"excerpt":{"rendered":"<p>Turoversikt 2022 (Se rubrikkforklaring under tabellen.) Antall Turer Dato Tid Rute NM MT TF GF Temp M\/S V\u00e6r Januar &#8211; &#8211; &#8211; &#8211; Ingen turer. &#8211; &#8211; &#8211; &#8211; &#8211; &#8211; &#8211; Februar &#8211; &#8211; &#8211; &#8211; Ingen turer. &#8211; &#8211; &#8211; &#8211; &#8211; &#8211; &#8211; Mars &#8211; &#8211; &#8211; &#8211; Ingen turer. &#8211; &#8211; &hellip;<br \/><a href=\"https:\/\/pequod.nesodd1.no\/?page_id=24245\" class=\"more-link pen_element_default pen_icon_arrow_double\">Les<\/a><\/p>\n","protected":false},"author":1,"featured_media":0,"parent":8091,"menu_order":0,"comment_status":"closed","ping_status":"closed","template":"","meta":{"_crdt_document":"","ngg_post_thumbnail":0,"jetpack_post_was_ever_published":false,"footnotes":""},"class_list":["post-24245","page","type-page","status-publish","hentry"],"jetpack_shortlink":"https:\/\/wp.me\/P3Zd9b-6j3","jetpack_sharing_enabled":true,"jetpack_likes_enabled":true,"jetpack-related-posts":[],"_links":{"self":[{"href":"https:\/\/pequod.nesodd1.no\/index.php?rest_route=\/wp\/v2\/pages\/24245","targetHints":{"allow":["GET"]}}],"collection":[{"href":"https:\/\/pequod.nesodd1.no\/index.php?rest_route=\/wp\/v2\/pages"}],"about":[{"href":"https:\/\/pequod.nesodd1.no\/index.php?rest_route=\/wp\/v2\/types\/page"}],"author":[{"embeddable":true,"href":"https:\/\/pequod.nesodd1.no\/index.php?rest_route=\/wp\/v2\/users\/1"}],"replies":[{"embeddable":true,"href":"https:\/\/pequod.nesodd1.no\/index.php?rest_route=%2Fwp%2Fv2%2Fcomments&post=24245"}],"version-history":[{"count":44,"href":"https:\/\/pequod.nesodd1.no\/index.php?rest_route=\/wp\/v2\/pages\/24245\/revisions"}],"predecessor-version":[{"id":30564,"href":"https:\/\/pequod.nesodd1.no\/index.php?rest_route=\/wp\/v2\/pages\/24245\/revisions\/30564"}],"up":[{"embeddable":true,"href":"https:\/\/pequod.nesodd1.no\/index.php?rest_route=\/wp\/v2\/pages\/8091"}],"wp:attachment":[{"href":"https:\/\/pequod.nesodd1.no\/index.php?rest_route=%2Fwp%2Fv2%2Fmedia&parent=24245"}],"curies":[{"name":"wp","href":"https:\/\/api.w.org\/{rel}","templated":true}]}}