{"id":7572,"date":"2015-11-11T10:42:57","date_gmt":"2015-11-11T09:42:57","guid":{"rendered":"https:\/\/pequod.nesodd1.no\/?page_id=7572"},"modified":"2023-01-27T12:07:11","modified_gmt":"2023-01-27T11:07:11","slug":"skjaerhalden-gjestehavn","status":"publish","type":"page","link":"https:\/\/pequod.nesodd1.no\/?page_id=7572","title":{"rendered":"Skj\u00e6rhalden gjestehavn"},"content":{"rendered":"<p><strong>Vurdering (5 anker er best): <a href=\"https:\/\/i0.wp.com\/pequod.nesodd1.no\/wp-content\/uploads\/2019\/10\/klistremerker-anker-og-tau-design.jpg.jpg?ssl=1\"><img data-recalc-dims=\"1\" loading=\"lazy\" decoding=\"async\" data-attachment-id=\"16489\" data-permalink=\"https:\/\/pequod.nesodd1.no\/?attachment_id=16489\" data-orig-file=\"https:\/\/i0.wp.com\/pequod.nesodd1.no\/wp-content\/uploads\/2019\/10\/klistremerker-anker-og-tau-design.jpg.jpg?fit=25%2C25&amp;ssl=1\" data-orig-size=\"25,25\" data-comments-opened=\"1\" data-image-meta=\"{&quot;aperture&quot;:&quot;0&quot;,&quot;credit&quot;:&quot;tribalium81&quot;,&quot;camera&quot;:&quot;&quot;,&quot;caption&quot;:&quot;&quot;,&quot;created_timestamp&quot;:&quot;0&quot;,&quot;copyright&quot;:&quot;tribalium81&quot;,&quot;focal_length&quot;:&quot;0&quot;,&quot;iso&quot;:&quot;0&quot;,&quot;shutter_speed&quot;:&quot;0&quot;,&quot;title&quot;:&quot;anchor and rope design&quot;,&quot;orientation&quot;:&quot;1&quot;}\" data-image-title=\"anchor and rope design\" data-image-description=\"\" data-image-caption=\"\" data-large-file=\"https:\/\/i0.wp.com\/pequod.nesodd1.no\/wp-content\/uploads\/2019\/10\/klistremerker-anker-og-tau-design.jpg.jpg?fit=25%2C25&amp;ssl=1\" class=\"alignnone size-full wp-image-16489\" src=\"https:\/\/i0.wp.com\/pequod.nesodd1.no\/wp-content\/uploads\/2019\/10\/klistremerker-anker-og-tau-design.jpg.jpg?resize=25%2C25&#038;ssl=1\" alt=\"\" width=\"25\" height=\"25\"><\/a><a href=\"https:\/\/i0.wp.com\/pequod.nesodd1.no\/wp-content\/uploads\/2019\/10\/klistremerker-anker-og-tau-design.jpg.jpg?ssl=1\"><img data-recalc-dims=\"1\" loading=\"lazy\" decoding=\"async\" data-attachment-id=\"16489\" data-permalink=\"https:\/\/pequod.nesodd1.no\/?attachment_id=16489\" data-orig-file=\"https:\/\/i0.wp.com\/pequod.nesodd1.no\/wp-content\/uploads\/2019\/10\/klistremerker-anker-og-tau-design.jpg.jpg?fit=25%2C25&amp;ssl=1\" data-orig-size=\"25,25\" data-comments-opened=\"1\" data-image-meta=\"{&quot;aperture&quot;:&quot;0&quot;,&quot;credit&quot;:&quot;tribalium81&quot;,&quot;camera&quot;:&quot;&quot;,&quot;caption&quot;:&quot;&quot;,&quot;created_timestamp&quot;:&quot;0&quot;,&quot;copyright&quot;:&quot;tribalium81&quot;,&quot;focal_length&quot;:&quot;0&quot;,&quot;iso&quot;:&quot;0&quot;,&quot;shutter_speed&quot;:&quot;0&quot;,&quot;title&quot;:&quot;anchor and rope design&quot;,&quot;orientation&quot;:&quot;1&quot;}\" data-image-title=\"anchor and rope design\" data-image-description=\"\" data-image-caption=\"\" data-large-file=\"https:\/\/i0.wp.com\/pequod.nesodd1.no\/wp-content\/uploads\/2019\/10\/klistremerker-anker-og-tau-design.jpg.jpg?fit=25%2C25&amp;ssl=1\" class=\"alignnone size-full wp-image-16489\" src=\"https:\/\/i0.wp.com\/pequod.nesodd1.no\/wp-content\/uploads\/2019\/10\/klistremerker-anker-og-tau-design.jpg.jpg?resize=25%2C25&#038;ssl=1\" alt=\"\" width=\"25\" height=\"25\"><\/a><\/strong><br \/>\n<strong>Posisjon:<\/strong> N 59.01.40 E 11.02.30<br \/>\n<b>Bes\u00f8kt antall ganger:<\/b>&nbsp;3&nbsp;<b>Sist bes\u00f8kt:<\/b> 04.08.2016 Webkamera: <a href=\"https:\/\/assets1.webcam.io\/w\/PV1O39\/latest_hd.jpg\" target=\"_blank\" rel=\"noopener noreferrer\">1<\/a> <a href=\"https:\/\/www.hvalergjestehavn.no\/\" target=\"_blank\" rel=\"noopener noreferrer\">Hjemmeside<\/a><br \/>\n<b>Fasiliteter:<\/b> Servicebygg med dusj, toaletter, vaskemaskiner. Str\u00f8m og vann. Butikker og restauranter s\u00e5 og si p\u00e5 bryggekanten. B\u00e5tutstyrsbutikk. Drivstoff.<br \/>\n<b>Havneavgift (for 24-foter): <\/b>300 kr. Det synes jeg var litt i overkant, er vel bare Aker Brygge som sl\u00e5r dem&#8230; P\u00e5 mitt f\u00f8rste bes\u00f8k i 2014 betalte jeg 70 kr i dagavgift.<br \/>\n<b>Tilrettelagt for funksjonshemmede:&nbsp;<\/b>Ja. Men kanskje litt langt \u00e5 g\u00e5 til dusj og toalett.<\/p>\n<p><a href=\"https:\/\/i0.wp.com\/pequod.nesodd1.no\/wp-content\/uploads\/2015\/11\/image43.jpg\"><img data-recalc-dims=\"1\" loading=\"lazy\" decoding=\"async\" data-attachment-id=\"7581\" data-permalink=\"https:\/\/pequod.nesodd1.no\/?attachment_id=7581\" data-orig-file=\"https:\/\/i0.wp.com\/pequod.nesodd1.no\/wp-content\/uploads\/2015\/11\/image43.jpg?fit=800%2C600&amp;ssl=1\" data-orig-size=\"800,600\" data-comments-opened=\"1\" data-image-meta=\"{&quot;aperture&quot;:&quot;0&quot;,&quot;credit&quot;:&quot;&quot;,&quot;camera&quot;:&quot;&quot;,&quot;caption&quot;:&quot;&quot;,&quot;created_timestamp&quot;:&quot;0&quot;,&quot;copyright&quot;:&quot;&quot;,&quot;focal_length&quot;:&quot;0&quot;,&quot;iso&quot;:&quot;0&quot;,&quot;shutter_speed&quot;:&quot;0&quot;,&quot;title&quot;:&quot;&quot;,&quot;orientation&quot;:&quot;1&quot;}\" data-image-title=\"image\" data-image-description=\"&lt;p&gt;Skj\u00e6rhalden&lt;\/p&gt;\n\" data-image-caption=\"\" data-large-file=\"https:\/\/i0.wp.com\/pequod.nesodd1.no\/wp-content\/uploads\/2015\/11\/image43.jpg?fit=800%2C600&amp;ssl=1\" class=\"size-medium wp-image-7581 alignleft\" src=\"https:\/\/i0.wp.com\/pequod.nesodd1.no\/wp-content\/uploads\/2015\/11\/image43-300x225.jpg?resize=300%2C225\" alt=\"image\" width=\"300\" height=\"225\" srcset=\"https:\/\/i0.wp.com\/pequod.nesodd1.no\/wp-content\/uploads\/2015\/11\/image43.jpg?resize=300%2C225&amp;ssl=1 300w, https:\/\/i0.wp.com\/pequod.nesodd1.no\/wp-content\/uploads\/2015\/11\/image43.jpg?w=800&amp;ssl=1 800w\" sizes=\"auto, (max-width: 300px) 100vw, 300px\" \/><\/a>Har v\u00e6rt innom Skj\u00e6rhalden flere ganger n\u00e5, og selv om det er pent der synes jeg det fremdeles er dyrt \u00e5 ligge der for en s\u00e5pass liten b\u00e5t som min.<\/p>\n<p>Stor gjestehavn med masse plass. Fort\u00f8yning i b\u00e5ser og longside. Ligger noe utsatt til p\u00e5 utsiden av bryggene.<\/p>\n<p>Litt langt \u00e5 g\u00e5 til landjorda og servicebygget hvis du legger til i utkanten av gjestehavna! Bes\u00f8kte toalettet der, og det var rent og pent. Og dusjene er fine.<\/p>\n<p>Skj\u00e6rhalden fikk i 2015 veldig mye pepper p\u00e5 sosiale medier for kraftig pris\u00f8kning og stive priser samt sure havneverter. Prisene er jeg enig i er stive, men har bare m\u00f8tt blide havneverter s\u00e5 langt.<\/p>\n<p>Da jeg toppet tanken her f\u00f8r overfarten til Sverige i 2016 hadde de en ung jente ved drivstoffp\u00e5fyllingen som tok imot tamper og hjalp til. Men dieselprisen er stiv, anbefaler \u00e5 tanke andre steder.<\/p>\n<p>Har ikke v\u00e6rt der etterp\u00e5.<\/p>\n<p>Det er n\u00e5 mulig \u00e5 forh\u00e5ndsbestille plass der, men kun via deres egen nettside. Man m\u00e5 imidlertid betale 200 kroner ekstra hvis man skal forh\u00e5ndsbestille! Ikke s\u00e6rlig aktuelt med andre ord&#8230; Til og med Dockspot tar ikke s\u00e5 mye i gebyr!<\/p>\n<p>&nbsp;<\/p>\n<p>&nbsp;<\/p>\n<p>&nbsp;<\/p>\n<p>&nbsp;<\/p>\n<h3>Related Images:<\/h3>","protected":false},"excerpt":{"rendered":"<p>Vurdering (5 anker er best): Posisjon: N 59.01.40 E 11.02.30 Bes\u00f8kt antall ganger:&nbsp;3&nbsp;Sist bes\u00f8kt: 04.08.2016 Webkamera: 1 Hjemmeside Fasiliteter: Servicebygg med dusj, toaletter, vaskemaskiner. Str\u00f8m og vann. Butikker og restauranter s\u00e5 og si p\u00e5 bryggekanten. B\u00e5tutstyrsbutikk. Drivstoff. Havneavgift (for 24-foter): 300 kr. Det synes jeg var litt i overkant, er vel bare Aker Brygge som &hellip;<br \/><a href=\"https:\/\/pequod.nesodd1.no\/?page_id=7572\" class=\"more-link pen_element_default pen_icon_arrow_double\">Les<\/a><\/p>\n","protected":false},"author":1,"featured_media":9525,"parent":5493,"menu_order":0,"comment_status":"closed","ping_status":"closed","template":"","meta":{"_crdt_document":"","ngg_post_thumbnail":0,"jetpack_post_was_ever_published":false,"footnotes":""},"class_list":["post-7572","page","type-page","status-publish","has-post-thumbnail","hentry"],"jetpack_shortlink":"https:\/\/wp.me\/P3Zd9b-1Y8","jetpack_sharing_enabled":true,"jetpack_likes_enabled":true,"jetpack-related-posts":[],"_links":{"self":[{"href":"https:\/\/pequod.nesodd1.no\/index.php?rest_route=\/wp\/v2\/pages\/7572","targetHints":{"allow":["GET"]}}],"collection":[{"href":"https:\/\/pequod.nesodd1.no\/index.php?rest_route=\/wp\/v2\/pages"}],"about":[{"href":"https:\/\/pequod.nesodd1.no\/index.php?rest_route=\/wp\/v2\/types\/page"}],"author":[{"embeddable":true,"href":"https:\/\/pequod.nesodd1.no\/index.php?rest_route=\/wp\/v2\/users\/1"}],"replies":[{"embeddable":true,"href":"https:\/\/pequod.nesodd1.no\/index.php?rest_route=%2Fwp%2Fv2%2Fcomments&post=7572"}],"version-history":[{"count":14,"href":"https:\/\/pequod.nesodd1.no\/index.php?rest_route=\/wp\/v2\/pages\/7572\/revisions"}],"predecessor-version":[{"id":26051,"href":"https:\/\/pequod.nesodd1.no\/index.php?rest_route=\/wp\/v2\/pages\/7572\/revisions\/26051"}],"up":[{"embeddable":true,"href":"https:\/\/pequod.nesodd1.no\/index.php?rest_route=\/wp\/v2\/pages\/5493"}],"wp:featuredmedia":[{"embeddable":true,"href":"https:\/\/pequod.nesodd1.no\/index.php?rest_route=\/wp\/v2\/media\/9525"}],"wp:attachment":[{"href":"https:\/\/pequod.nesodd1.no\/index.php?rest_route=%2Fwp%2Fv2%2Fmedia&parent=7572"}],"curies":[{"name":"wp","href":"https:\/\/api.w.org\/{rel}","templated":true}]}}