{"id":8544,"date":"2016-04-09T02:58:36","date_gmt":"2016-04-09T00:58:36","guid":{"rendered":"https:\/\/pequod.nesodd1.no\/?page_id=8544"},"modified":"2016-04-09T02:58:36","modified_gmt":"2016-04-09T00:58:36","slug":"tur-til-saetre-12-07-2015","status":"publish","type":"page","link":"https:\/\/pequod.nesodd1.no\/?page_id=8544","title":{"rendered":"Tur til S\u00e6tre 12.07. 2015"},"content":{"rendered":"<p>Min f\u00f8rste tur til S\u00e6tre i Hurum for \u00e5 plukke opp eldstedattera og kj\u00e6resten hennes for \u00e5 sette dem av p\u00e5 Fagerstrand. Tok bare bilder av f\u00f8rste del.<\/p>\n<p>Dette var for\u00f8vrig min f\u00f8rste b\u00e5ttur hvor jeg nesten klarte meg helt uten hjelp. Jeg fikk hjelp til \u00e5 l\u00f8sne fort\u00f8yningene i b\u00e5thavna da jeg skulle dra og da jeg kom tilbake.<\/p>\n<p>&nbsp;<\/p>\n<p>&nbsp;<\/p>\n\n            <!-- Blueimp gallery -->\n            <div id=\"blueimp-gallery-8543\" class=\"blueimp-gallery blueimp-gallery-controls\">\n                <div class=\"slides\"><\/div>\n                <h3 class=\"title\"><\/h3>\n                <a class=\"prev\">\u2039<\/a>\n                <a class=\"next\">\u203a<\/a>\n                <a class=\"close\">\u00d7<\/a>\n                <a class=\"play-pause\"><\/a>\n                <ol class=\"indicator\"><\/ol>\n                <div class=\"modal fade\">\n                    <div class=\"modal-dialog\">\n                        <div class=\"modal-content\">\n                            <div class=\"modal-header\">\n                                <button type=\"button\" class=\"close\" aria-hidden=\"true\">\u00d7<\/button>\n                                <h4 class=\"modal-title\"><\/h4>\n                            <\/div>\n                            <div class=\"modal-body next\"><\/div>\n                            <div class=\"modal-footer\">\n                                <button type=\"button\" class=\"btn btn-default pull-left prev\">\n                                    <i class=\"glyphicon glyphicon-chevron-left\"><\/i>\n                                    Previous                                <\/button>\n                                <button type=\"button\" class=\"btn btn-primary next\">\n                                    Next                                    <i class=\"glyphicon glyphicon-chevron-right\"><\/i>\n                                <\/button>\n                            <\/div>\n                        <\/div>\n                    <\/div>\n                <\/div>\n            <\/div>\n\n            <script data-jetpack-boost=\"ignore\" type=\"text\/javascript\">\n            jQuery(function() {\n                jQuery.extend(blueimp.Gallery.prototype.options, {\n                    useBootstrapModal: false,\n                    hidePageScrollbars: false,\n                    container: \"#blueimp-gallery-8543\",\n                });\n            });\n            <\/script>\n\n            \n<h3>Related Images:<\/h3>","protected":false},"excerpt":{"rendered":"<p>Min f\u00f8rste tur til S\u00e6tre i Hurum for \u00e5 plukke opp eldstedattera og kj\u00e6resten hennes for \u00e5 sette dem av p\u00e5 Fagerstrand. Tok bare bilder av f\u00f8rste del. Dette var for\u00f8vrig min f\u00f8rste b\u00e5ttur hvor jeg nesten klarte meg helt uten hjelp. Jeg fikk hjelp til \u00e5 l\u00f8sne fort\u00f8yningene i b\u00e5thavna da jeg skulle dra &hellip;<br \/><a href=\"https:\/\/pequod.nesodd1.no\/?p=8543\" class=\"more-link pen_element_default pen_icon_arrow_double\">Les<\/a><\/p>\n","protected":false},"author":1,"featured_media":0,"parent":8418,"menu_order":0,"comment_status":"closed","ping_status":"closed","template":"","meta":{"_crdt_document":"","ngg_post_thumbnail":0,"jetpack_post_was_ever_published":false,"footnotes":""},"class_list":["post-8544","page","type-page","status-publish","hentry"],"jetpack_shortlink":"https:\/\/wp.me\/P3Zd9b-2dO","jetpack_sharing_enabled":true,"jetpack_likes_enabled":true,"jetpack-related-posts":[],"_links":{"self":[{"href":"https:\/\/pequod.nesodd1.no\/index.php?rest_route=\/wp\/v2\/pages\/8544","targetHints":{"allow":["GET"]}}],"collection":[{"href":"https:\/\/pequod.nesodd1.no\/index.php?rest_route=\/wp\/v2\/pages"}],"about":[{"href":"https:\/\/pequod.nesodd1.no\/index.php?rest_route=\/wp\/v2\/types\/page"}],"author":[{"embeddable":true,"href":"https:\/\/pequod.nesodd1.no\/index.php?rest_route=\/wp\/v2\/users\/1"}],"replies":[{"embeddable":true,"href":"https:\/\/pequod.nesodd1.no\/index.php?rest_route=%2Fwp%2Fv2%2Fcomments&post=8544"}],"version-history":[{"count":1,"href":"https:\/\/pequod.nesodd1.no\/index.php?rest_route=\/wp\/v2\/pages\/8544\/revisions"}],"predecessor-version":[{"id":8545,"href":"https:\/\/pequod.nesodd1.no\/index.php?rest_route=\/wp\/v2\/pages\/8544\/revisions\/8545"}],"up":[{"embeddable":true,"href":"https:\/\/pequod.nesodd1.no\/index.php?rest_route=\/wp\/v2\/pages\/8418"}],"wp:attachment":[{"href":"https:\/\/pequod.nesodd1.no\/index.php?rest_route=%2Fwp%2Fv2%2Fmedia&parent=8544"}],"curies":[{"name":"wp","href":"https:\/\/api.w.org\/{rel}","templated":true}]}}